{"id":1032,"date":"2025-08-21T15:07:48","date_gmt":"2025-08-21T18:07:48","guid":{"rendered":"https:\/\/projetos.ufpr.br\/atlaspetroignea\/?page_id=1032"},"modified":"2025-08-21T15:52:49","modified_gmt":"2025-08-21T18:52:49","slug":"arranjo-coronado","status":"publish","type":"page","link":"https:\/\/projetos.ufpr.br\/atlaspetroignea\/arranjo-coronado\/","title":{"rendered":"Arranjo Coronado"},"content":{"rendered":"\n<p class=\"wp-block-paragraph\">Arranjo <em><strong>Coronado <\/strong><\/em><\/p>\n\n\n\n<p class=\"wp-block-paragraph\">O que chamamos de <em><strong>trama<\/strong><\/em> ou&nbsp;<em><strong>arranjo<\/strong><\/em>&nbsp;cristalino das rochas \u00edgneas, refere-se \u00e0 disposi\u00e7\u00e3o espacial dos minerais que est\u00e3o constituindo aquela rocha magm\u00e1tica. O arranjo pode ser gen\u00e9rico, quando refente a uma arquitetura geral da rocha. Podendo ser particular, quando est\u00e1 envolvendo rela\u00e7\u00f5es espaciais caracter\u00edsticas entre alguns minerais espec\u00edficos.<\/p>\n\n\n\n<p class=\"wp-block-paragraph\">O <strong>arranjo <\/strong>denominado <strong>coronado<\/strong> apresenta-se cristais envoltos por an\u00e9is ou coroas de outra esp\u00e9cie mineral, dada pela rea\u00e7\u00e3o entre um mineral e o l\u00edquido magm\u00e1tico coexistente para a forma\u00e7\u00e3o de um novo mineral. (ocorrendo geralmente em ultram\u00e1ficas).<\/p>\n\n\n\n<p class=\"wp-block-paragraph\">Este arranjo <strong>coronado<\/strong> (ou <strong>arranjo coron\u00edtica<\/strong>) \u00e9 um tipo de textura mineral\u00f3gica em que <strong>minerais reacionais ou novos crescem em torno de um mineral preexistente<\/strong>, formando uma \u201ccoroa\u201d ou &#8220;aure\u00f3la&#8221; ao redor dele. Essa estrutura geralmente se forma como <strong>resultado de rea\u00e7\u00f5es qu\u00edmicas entre minerais em contato durante mudan\u00e7as de press\u00e3o, temperatura ou composi\u00e7\u00e3o qu\u00edmica<\/strong>.<\/p>\n\n\n\n<p class=\"wp-block-paragraph\"><strong>Philpotts &amp; Ague (2009)<\/strong><\/p>\n\n\n\n<p class=\"wp-block-paragraph\">\u201cTexturas coron\u00edticas consistem em minerais reacionais que formam aure\u00f3las conc\u00eantricas ao redor de minerais originais, resultantes de rea\u00e7\u00f5es de subsolidifica\u00e7\u00e3o ou metamorfismo de alto grau.\u201d<\/p>\n\n\n\n<p class=\"wp-block-paragraph\"><strong>Winter (2010)<\/strong><\/p>\n\n\n\n<p class=\"wp-block-paragraph\">\u201cCoronas s\u00e3o estruturas desenvolvidas por rea\u00e7\u00f5es qu\u00edmicas entre fases minerais imisc\u00edveis ou inst\u00e1veis sob novas condi\u00e7\u00f5es P-T, formando novos minerais em bordas conc\u00eantricas.\u201d<\/p>\n","protected":false},"excerpt":{"rendered":"<p>Arranjo Coronado O que chamamos de trama ou&nbsp;arranjo&nbsp;cristalino das rochas \u00edgneas, refere-se \u00e0 disposi\u00e7\u00e3o espacial dos minerais que est\u00e3o constituindo aquela rocha magm\u00e1tica. O arranjo pode ser gen\u00e9rico, quando refente a uma arquitetura geral da rocha. Podendo ser particular, quando est\u00e1 envolvendo rela\u00e7\u00f5es espaciais caracter\u00edsticas entre alguns minerais espec\u00edficos. O arranjo denominado coronado apresenta-se cristais [&hellip;]<\/p>\n","protected":false},"author":45,"featured_media":0,"parent":0,"menu_order":0,"comment_status":"closed","ping_status":"closed","template":"","meta":{"footnotes":""},"class_list":["post-1032","page","type-page","status-publish","hentry"],"_links":{"self":[{"href":"https:\/\/projetos.ufpr.br\/atlaspetroignea\/wp-json\/wp\/v2\/pages\/1032","targetHints":{"allow":["GET"]}}],"collection":[{"href":"https:\/\/projetos.ufpr.br\/atlaspetroignea\/wp-json\/wp\/v2\/pages"}],"about":[{"href":"https:\/\/projetos.ufpr.br\/atlaspetroignea\/wp-json\/wp\/v2\/types\/page"}],"author":[{"embeddable":true,"href":"https:\/\/projetos.ufpr.br\/atlaspetroignea\/wp-json\/wp\/v2\/users\/45"}],"replies":[{"embeddable":true,"href":"https:\/\/projetos.ufpr.br\/atlaspetroignea\/wp-json\/wp\/v2\/comments?post=1032"}],"version-history":[{"count":4,"href":"https:\/\/projetos.ufpr.br\/atlaspetroignea\/wp-json\/wp\/v2\/pages\/1032\/revisions"}],"predecessor-version":[{"id":1080,"href":"https:\/\/projetos.ufpr.br\/atlaspetroignea\/wp-json\/wp\/v2\/pages\/1032\/revisions\/1080"}],"wp:attachment":[{"href":"https:\/\/projetos.ufpr.br\/atlaspetroignea\/wp-json\/wp\/v2\/media?parent=1032"}],"curies":[{"name":"wp","href":"https:\/\/api.w.org\/{rel}","templated":true}]}}

<p class="wp-block-paragraph">Arranjo <em><strong>Coronado </strong></em></p>



<p class="wp-block-paragraph">O que chamamos de <em><strong>trama</strong></em> ou&nbsp;<em><strong>arranjo</strong></em>&nbsp;cristalino das rochas ígneas, refere-se à disposição espacial dos minerais que estão constituindo aquela rocha magmática. O arranjo pode ser genérico, quando refente a uma arquitetura geral da rocha. Podendo ser particular, quando está envolvendo relações espaciais características entre alguns minerais específicos.</p>



<p class="wp-block-paragraph">O <strong>arranjo </strong>denominado <strong>coronado</strong> apresenta-se cristais envoltos por anéis ou coroas de outra espécie mineral, dada pela reação entre um mineral e o líquido magmático coexistente para a formação de um novo mineral. (ocorrendo geralmente em ultramáficas).</p>



<p class="wp-block-paragraph">Este arranjo <strong>coronado</strong> (ou <strong>arranjo coronítica</strong>) é um tipo de textura mineralógica em que <strong>minerais reacionais ou novos crescem em torno de um mineral preexistente</strong>, formando uma “coroa” ou &#8220;aureóla&#8221; ao redor dele. Essa estrutura geralmente se forma como <strong>resultado de reações químicas entre minerais em contato durante mudanças de pressão, temperatura ou composição química</strong>.</p>



<p class="wp-block-paragraph"><strong>Philpotts &amp; Ague (2009)</strong></p>



<p class="wp-block-paragraph">“Texturas coroníticas consistem em minerais reacionais que formam aureólas concêntricas ao redor de minerais originais, resultantes de reações de subsolidificação ou metamorfismo de alto grau.”</p>



<p class="wp-block-paragraph"><strong>Winter (2010)</strong></p>



<p class="wp-block-paragraph">“Coronas são estruturas desenvolvidas por reações químicas entre fases minerais imiscíveis ou instáveis sob novas condições P-T, formando novos minerais em bordas concêntricas.”</p>

<p>Arranjo Coronado O que chamamos de trama ou&nbsp;arranjo&nbsp;cristalino das rochas ígneas, refere-se à disposição espacial dos minerais que estão constituindo aquela rocha magmática. O arranjo pode ser genérico, quando refente a uma arquitetura geral da rocha. Podendo ser particular, quando está envolvendo relações espaciais características entre alguns minerais específicos. O arranjo denominado coronado apresenta-se cristais [&hellip;]</p>
