{"id":1073,"date":"2025-08-21T15:49:12","date_gmt":"2025-08-21T18:49:12","guid":{"rendered":"https:\/\/projetos.ufpr.br\/atlaspetroignea\/?page_id=1073"},"modified":"2025-08-21T15:49:12","modified_gmt":"2025-08-21T18:49:12","slug":"arranjo-traquitico","status":"publish","type":"page","link":"https:\/\/projetos.ufpr.br\/atlaspetroignea\/arranjo-traquitico\/","title":{"rendered":"Arranjo Traqu\u00edtico"},"content":{"rendered":"\n<p class=\"wp-block-paragraph\">Arranjo <em><strong>Traqu\u00edtico <\/strong><\/em><\/p>\n\n\n\n<p class=\"wp-block-paragraph\">O que chamamos de <em><strong>trama<\/strong><\/em> ou<em><strong> arranjo<\/strong><\/em> cristalino das rochas \u00edgneas, refere-se \u00e0 disposi\u00e7\u00e3o espacial dos minerais que est\u00e3o constituindo aquela rocha magm\u00e1tica. O arranjo pode ser gen\u00e9rico, quando refente a uma arquitetura geral da rocha. Podendo ser particular, quando est\u00e1 envolvendo rela\u00e7\u00f5es espaciais caracter\u00edsticas entre alguns minerais espec\u00edficos.<\/p>\n\n\n\n<p class=\"wp-block-paragraph\">O <strong>arranjo traqu\u00edtico<\/strong>  refere-se \u00e0 <strong>orienta\u00e7\u00e3o paralela ou subparalela de feldspatos<\/strong>, especialmente <strong>fenocristais <\/strong>, em uma matriz fina ou v\u00edtrea. Essa orienta\u00e7\u00e3o ocorre durante o fluxo do magma, ainda em estado parcialmente fundido, criando um alinhamento preferencial dos cristais<\/p>\n\n\n\n<p class=\"wp-block-paragraph\">No livro <strong>Petrologia \u00edgnea de Sial (1984)<\/strong>, apresenta este arranjo como alinhamento de feldspatos alcalinos em traquitos. <\/p>\n\n\n\n<p class=\"wp-block-paragraph\"><strong>MacKenzie et al. (1982)<\/strong><\/p>\n\n\n\n<p class=\"wp-block-paragraph\">\u201cA textura traqu\u00edtica \u00e9 caracterizada pelo alinhamento dos minerais alongados, como feldspatos, em uma matriz fina, refletindo o fluxo do magma durante ou ap\u00f3s a cristaliza\u00e7\u00e3o inicial.\u201d]<\/p>\n\n\n\n<p class=\"wp-block-paragraph\"><strong>Best (2003)<\/strong><\/p>\n\n\n\n<p class=\"wp-block-paragraph\">\u201cTraqu\u00edtica \u00e9 uma textura resultante do fluxo magm\u00e1tico, que orienta cristais tabulares de feldspato em uma dire\u00e7\u00e3o comum, conferindo uma apar\u00eancia foliada \u00e0 rocha.\u201d<\/p>\n\n\n\n<p class=\"wp-block-paragraph\"><strong>Winter (2010)<\/strong><\/p>\n\n\n\n<p class=\"wp-block-paragraph\">\u201cA textura traqu\u00edtica reflete um arranjo estrutural preferencial de fenocristais em resposta ao movimento viscoso do magma.\u201d<\/p>\n\n\n\n<p class=\"wp-block-paragraph\"><\/p>\n","protected":false},"excerpt":{"rendered":"<p>Arranjo Traqu\u00edtico O que chamamos de trama ou arranjo cristalino das rochas \u00edgneas, refere-se \u00e0 disposi\u00e7\u00e3o espacial dos minerais que est\u00e3o constituindo aquela rocha magm\u00e1tica. O arranjo pode ser gen\u00e9rico, quando refente a uma arquitetura geral da rocha. Podendo ser particular, quando est\u00e1 envolvendo rela\u00e7\u00f5es espaciais caracter\u00edsticas entre alguns minerais espec\u00edficos. O arranjo traqu\u00edtico refere-se [&hellip;]<\/p>\n","protected":false},"author":45,"featured_media":0,"parent":0,"menu_order":0,"comment_status":"closed","ping_status":"closed","template":"","meta":{"footnotes":""},"class_list":["post-1073","page","type-page","status-publish","hentry"],"_links":{"self":[{"href":"https:\/\/projetos.ufpr.br\/atlaspetroignea\/wp-json\/wp\/v2\/pages\/1073","targetHints":{"allow":["GET"]}}],"collection":[{"href":"https:\/\/projetos.ufpr.br\/atlaspetroignea\/wp-json\/wp\/v2\/pages"}],"about":[{"href":"https:\/\/projetos.ufpr.br\/atlaspetroignea\/wp-json\/wp\/v2\/types\/page"}],"author":[{"embeddable":true,"href":"https:\/\/projetos.ufpr.br\/atlaspetroignea\/wp-json\/wp\/v2\/users\/45"}],"replies":[{"embeddable":true,"href":"https:\/\/projetos.ufpr.br\/atlaspetroignea\/wp-json\/wp\/v2\/comments?post=1073"}],"version-history":[{"count":1,"href":"https:\/\/projetos.ufpr.br\/atlaspetroignea\/wp-json\/wp\/v2\/pages\/1073\/revisions"}],"predecessor-version":[{"id":1076,"href":"https:\/\/projetos.ufpr.br\/atlaspetroignea\/wp-json\/wp\/v2\/pages\/1073\/revisions\/1076"}],"wp:attachment":[{"href":"https:\/\/projetos.ufpr.br\/atlaspetroignea\/wp-json\/wp\/v2\/media?parent=1073"}],"curies":[{"name":"wp","href":"https:\/\/api.w.org\/{rel}","templated":true}]}}

Arranjo Traquítico

<p class="wp-block-paragraph">Arranjo <em><strong>Traquítico </strong></em></p>



<p class="wp-block-paragraph">O que chamamos de <em><strong>trama</strong></em> ou<em><strong> arranjo</strong></em> cristalino das rochas ígneas, refere-se à disposição espacial dos minerais que estão constituindo aquela rocha magmática. O arranjo pode ser genérico, quando refente a uma arquitetura geral da rocha. Podendo ser particular, quando está envolvendo relações espaciais características entre alguns minerais específicos.</p>



<p class="wp-block-paragraph">O <strong>arranjo traquítico</strong>  refere-se à <strong>orientação paralela ou subparalela de feldspatos</strong>, especialmente <strong>fenocristais </strong>, em uma matriz fina ou vítrea. Essa orientação ocorre durante o fluxo do magma, ainda em estado parcialmente fundido, criando um alinhamento preferencial dos cristais</p>



<p class="wp-block-paragraph">No livro <strong>Petrologia ígnea de Sial (1984)</strong>, apresenta este arranjo como alinhamento de feldspatos alcalinos em traquitos. </p>



<p class="wp-block-paragraph"><strong>MacKenzie et al. (1982)</strong></p>



<p class="wp-block-paragraph">“A textura traquítica é caracterizada pelo alinhamento dos minerais alongados, como feldspatos, em uma matriz fina, refletindo o fluxo do magma durante ou após a cristalização inicial.”]</p>



<p class="wp-block-paragraph"><strong>Best (2003)</strong></p>



<p class="wp-block-paragraph">“Traquítica é uma textura resultante do fluxo magmático, que orienta cristais tabulares de feldspato em uma direção comum, conferindo uma aparência foliada à rocha.”</p>



<p class="wp-block-paragraph"><strong>Winter (2010)</strong></p>



<p class="wp-block-paragraph">“A textura traquítica reflete um arranjo estrutural preferencial de fenocristais em resposta ao movimento viscoso do magma.”</p>



<p class="wp-block-paragraph"></p>

<p>Arranjo Traquítico O que chamamos de trama ou arranjo cristalino das rochas ígneas, refere-se à disposição espacial dos minerais que estão constituindo aquela rocha magmática. O arranjo pode ser genérico, quando refente a uma arquitetura geral da rocha. Podendo ser particular, quando está envolvendo relações espaciais características entre alguns minerais específicos. O arranjo traquítico refere-se [&hellip;]</p>
