{"id":1088,"date":"2025-08-21T16:14:00","date_gmt":"2025-08-21T19:14:00","guid":{"rendered":"https:\/\/projetos.ufpr.br\/atlaspetroignea\/?page_id=1088"},"modified":"2025-08-21T16:14:00","modified_gmt":"2025-08-21T19:14:00","slug":"arranjo-granofirico","status":"publish","type":"page","link":"https:\/\/projetos.ufpr.br\/atlaspetroignea\/arranjo-granofirico\/","title":{"rendered":"Arranjo Granof\u00edrico"},"content":{"rendered":"\n<p class=\"wp-block-paragraph\">Arranjo<strong> <\/strong><em><strong>Granof\u00edrico<\/strong> <\/em><\/p>\n\n\n\n<p class=\"wp-block-paragraph\">O que chamamos de\u00a0<em><strong>trama<\/strong><\/em>\u00a0ou<em><strong>\u00a0arranjo<\/strong><\/em>\u00a0cristalino das rochas \u00edgneas, refere-se \u00e0 disposi\u00e7\u00e3o espacial dos minerais que est\u00e3o constituindo aquela rocha magm\u00e1tica. O arranjo pode ser gen\u00e9rico, quando refente a uma arquitetura geral da rocha. Podendo ser particular, quando est\u00e1 envolvendo rela\u00e7\u00f5es espaciais caracter\u00edsticas entre alguns minerais espec\u00edficos.<\/p>\n\n\n\n<p class=\"wp-block-paragraph\">A <strong>textura granof\u00edrica<\/strong> \u00e9 um tipo espec\u00edfico de intercrescimento entre <strong>quartzo<\/strong> e <strong>feldspato alcalino<\/strong>, muito semelhante \u00e0 textura gr\u00e1fica, mas em <strong>escala muito mais fina<\/strong>, formando uma rede interpenetrante.<\/p>\n\n\n\n<p class=\"wp-block-paragraph\">\u00c9 um arranjo de cristaliza\u00e7\u00e3o r\u00e1pida onde os minerais de quartzo e feldspato n\u00e3o tem tempo suficiente para formar cristais independentes assim ir\u00e3o formar um crescimento intersticial com formas esqueletais intrincadas.<strong> &#8220;Introdu\u00e7\u00e3o a Petrologia \u00edgnea e metam\u00f3rfica&#8221; &#8211; Winter <\/strong><\/p>\n\n\n\n<p class=\"wp-block-paragraph\">No livro <strong>Petrologia \u00cdgnea de Sial (1984)<\/strong>, ele tr\u00e1s a defini\u00e7\u00e3o como intercrescimento de quartzo e feldspato finos dando origem a estruturas cogumeliformes. <\/p>\n\n\n\n<h4 class=\"wp-block-heading\"><strong>Philpotts &amp; Ague (2009)<\/strong><\/h4>\n\n\n\n<p class=\"wp-block-paragraph\">No livro<em><strong> Principles of Igneous and Metamorphic Petrology<\/strong><\/em> &#8211; \u201cTextura granof\u00edrica \u00e9 um intercrescimento fino de quartzo e feldspato alcalino, onde o quartzo forma uma rede intersticial dentro do feldspato, geralmente originada por cristaliza\u00e7\u00e3o simult\u00e2nea de um l\u00edquido residual rico em s\u00edlica.\u201d<\/p>\n\n\n\n<p class=\"wp-block-paragraph\"><strong>Best (2003)<\/strong><\/p>\n\n\n\n<p class=\"wp-block-paragraph\">No Livro<em><strong> <\/strong><\/em><strong>Igneous and Metamorphic Petrology<\/strong> &#8211; \u201cIntercrescimentos granof\u00edricos se formam durante cristaliza\u00e7\u00e3o r\u00e1pida, mas simult\u00e2nea, de quartzo e feldspato em sistemas ricos em s\u00edlica, frequentemente nas partes superiores dos pl\u00fatons.\u201d<\/p>\n\n\n\n<p class=\"wp-block-paragraph\"><\/p>\n\n\n\n<p class=\"wp-block-paragraph\"><\/p>\n","protected":false},"excerpt":{"rendered":"<p>Arranjo Granof\u00edrico O que chamamos de\u00a0trama\u00a0ou\u00a0arranjo\u00a0cristalino das rochas \u00edgneas, refere-se \u00e0 disposi\u00e7\u00e3o espacial dos minerais que est\u00e3o constituindo aquela rocha magm\u00e1tica. O arranjo pode ser gen\u00e9rico, quando refente a uma arquitetura geral da rocha. Podendo ser particular, quando est\u00e1 envolvendo rela\u00e7\u00f5es espaciais caracter\u00edsticas entre alguns minerais espec\u00edficos. A textura granof\u00edrica \u00e9 um tipo espec\u00edfico de [&hellip;]<\/p>\n","protected":false},"author":45,"featured_media":0,"parent":0,"menu_order":0,"comment_status":"closed","ping_status":"closed","template":"","meta":{"footnotes":""},"class_list":["post-1088","page","type-page","status-publish","hentry"],"_links":{"self":[{"href":"https:\/\/projetos.ufpr.br\/atlaspetroignea\/wp-json\/wp\/v2\/pages\/1088","targetHints":{"allow":["GET"]}}],"collection":[{"href":"https:\/\/projetos.ufpr.br\/atlaspetroignea\/wp-json\/wp\/v2\/pages"}],"about":[{"href":"https:\/\/projetos.ufpr.br\/atlaspetroignea\/wp-json\/wp\/v2\/types\/page"}],"author":[{"embeddable":true,"href":"https:\/\/projetos.ufpr.br\/atlaspetroignea\/wp-json\/wp\/v2\/users\/45"}],"replies":[{"embeddable":true,"href":"https:\/\/projetos.ufpr.br\/atlaspetroignea\/wp-json\/wp\/v2\/comments?post=1088"}],"version-history":[{"count":1,"href":"https:\/\/projetos.ufpr.br\/atlaspetroignea\/wp-json\/wp\/v2\/pages\/1088\/revisions"}],"predecessor-version":[{"id":1091,"href":"https:\/\/projetos.ufpr.br\/atlaspetroignea\/wp-json\/wp\/v2\/pages\/1088\/revisions\/1091"}],"wp:attachment":[{"href":"https:\/\/projetos.ufpr.br\/atlaspetroignea\/wp-json\/wp\/v2\/media?parent=1088"}],"curies":[{"name":"wp","href":"https:\/\/api.w.org\/{rel}","templated":true}]}}

Arranjo Granofírico

<p class="wp-block-paragraph">Arranjo<strong> </strong><em><strong>Granofírico</strong> </em></p>



<p class="wp-block-paragraph">O que chamamos de <em><strong>trama</strong></em> ou<em><strong> arranjo</strong></em> cristalino das rochas ígneas, refere-se à disposição espacial dos minerais que estão constituindo aquela rocha magmática. O arranjo pode ser genérico, quando refente a uma arquitetura geral da rocha. Podendo ser particular, quando está envolvendo relações espaciais características entre alguns minerais específicos.</p>



<p class="wp-block-paragraph">A <strong>textura granofírica</strong> é um tipo específico de intercrescimento entre <strong>quartzo</strong> e <strong>feldspato alcalino</strong>, muito semelhante à textura gráfica, mas em <strong>escala muito mais fina</strong>, formando uma rede interpenetrante.</p>



<p class="wp-block-paragraph">É um arranjo de cristalização rápida onde os minerais de quartzo e feldspato não tem tempo suficiente para formar cristais independentes assim irão formar um crescimento intersticial com formas esqueletais intrincadas.<strong> &#8220;Introdução a Petrologia ígnea e metamórfica&#8221; &#8211; Winter </strong></p>



<p class="wp-block-paragraph">No livro <strong>Petrologia Ígnea de Sial (1984)</strong>, ele trás a definição como intercrescimento de quartzo e feldspato finos dando origem a estruturas cogumeliformes. </p>



<h4 class="wp-block-heading"><strong>Philpotts &amp; Ague (2009)</strong></h4>



<p class="wp-block-paragraph">No livro<em><strong> Principles of Igneous and Metamorphic Petrology</strong></em> &#8211; “Textura granofírica é um intercrescimento fino de quartzo e feldspato alcalino, onde o quartzo forma uma rede intersticial dentro do feldspato, geralmente originada por cristalização simultânea de um líquido residual rico em sílica.”</p>



<p class="wp-block-paragraph"><strong>Best (2003)</strong></p>



<p class="wp-block-paragraph">No Livro<em><strong> </strong></em><strong>Igneous and Metamorphic Petrology</strong> &#8211; “Intercrescimentos granofíricos se formam durante cristalização rápida, mas simultânea, de quartzo e feldspato em sistemas ricos em sílica, frequentemente nas partes superiores dos plútons.”</p>



<p class="wp-block-paragraph"></p>



<p class="wp-block-paragraph"></p>

<p>Arranjo Granofírico O que chamamos de trama ou arranjo cristalino das rochas ígneas, refere-se à disposição espacial dos minerais que estão constituindo aquela rocha magmática. O arranjo pode ser genérico, quando refente a uma arquitetura geral da rocha. Podendo ser particular, quando está envolvendo relações espaciais características entre alguns minerais específicos. A textura granofírica é um tipo específico de [&hellip;]</p>
