{"id":1147,"date":"2025-09-23T09:18:25","date_gmt":"2025-09-23T12:18:25","guid":{"rendered":"https:\/\/projetos.ufpr.br\/atlaspetroignea\/?page_id=1147"},"modified":"2025-09-23T09:18:25","modified_gmt":"2025-09-23T12:18:25","slug":"analcita-e-quartzo","status":"publish","type":"page","link":"https:\/\/projetos.ufpr.br\/atlaspetroignea\/analcita-e-quartzo\/","title":{"rendered":"Analcita e Quartzo"},"content":{"rendered":"\n<p class=\"wp-block-paragraph\">A\u00a0<em>analcita<\/em>\u00a0\u00e9 um tectossilicato, que pertence ao grupo das ze\u00f3litas, com composi\u00e7\u00e3o qu\u00edmica Na(AlSi2O6)H2O, um silicato hidratado de alum\u00ednio e s\u00f3dio. Comumente \u00e9 um mineral secund\u00e1rio, encontra-se depositada nas cavidades de rochas \u00edgneas, especialmente basaltos.\u00a0 Sua cristalografia de acordo com Dana (1969), \u00e9 isom\u00e9trico, hexaocta\u00e9drica. Ocorre como massas compactas, famndo tamb\u00e9m agregados granulares e densos. Suas propriedades f\u00edsicas apresentam densidade 2,27. Brilho v\u00edtreo, sendo incolor, cinzento, rosado, esverdeado, amarelado ou branca, transparente a transl\u00facida. Apresenta sinal \u00f3ptico biaxial.<\/p>\n\n\n\n<p class=\"wp-block-paragraph\">O\u00a0\u00a0<em>quartzo<\/em>\u00a0ocorre como um constituinte importe das rochas \u00edgneas, as quais possuem excesso de s\u00edlica. Um mineral muito resistente aos ataques qu\u00edmicos e f\u00edsicos. Sendo o segundo mineral mais abundante da crosta terrestre. Tendo a sua cristalografia hexagonal -R, trigonal, trapezo\u00e9drica, de caordo com Dana (1969). Seus cristais s\u00e3o prism\u00e1ticos com algumas faces do prisma estriadas horizontalmente, terminados de rombo\u00e9dricos positivos e negativos. Podendo apresentar-se desde a forma cristalina com granula\u00e7\u00e3o grossa e fina, at\u00e9 criptocristalina, dando origem a muitas variedades de nomes, apresenta-se em muitas cores as quais v\u00e3o sendo nomeadas diferentemente. Suas propriedades f\u00edsicas apresentam fraturas conc\u00f3ides, brilho v\u00edtreo, gorduroso, esplendente. Normalmente \u00e9 incolor, mas por conter muitas impurezas, encontrado em diversas cores. Possuindo propriedades piezel\u00e9tricas e pirel\u00e9tricas acentuadas. Sua simples composi\u00e7\u00e3o SiO2, para suas varia\u00e7\u00e3o de cores, h\u00e1 presen\u00e7a de tra\u00e7os como: l\u00edtio, s\u00f3dio, pot\u00e1ssio, alum\u00ednio, ferro f\u00e9rrico, mangan\u00eas bivalente e tit\u00e2nio. Com densidade de 2,65.<\/p>\n\n\n\n<p class=\"wp-block-paragraph\"><\/p>\n\n\n\n<figure class=\"wp-block-image\"><img loading=\"lazy\" decoding=\"async\" width=\"2560\" height=\"1707\" src=\"https:\/\/projetos.ufpr.br\/atlaspetroignea\/wp-content\/uploads\/sites\/16\/2025\/09\/IMG_2407-scaled.jpg\" alt=\"\" class=\"wp-image-1150\" srcset=\"https:\/\/projetos.ufpr.br\/atlaspetroignea\/wp-content\/uploads\/sites\/16\/2025\/09\/IMG_2407-scaled.jpg 2560w, https:\/\/projetos.ufpr.br\/atlaspetroignea\/wp-content\/uploads\/sites\/16\/2025\/09\/IMG_2407-300x200.jpg 300w, https:\/\/projetos.ufpr.br\/atlaspetroignea\/wp-content\/uploads\/sites\/16\/2025\/09\/IMG_2407-1024x683.jpg 1024w, https:\/\/projetos.ufpr.br\/atlaspetroignea\/wp-content\/uploads\/sites\/16\/2025\/09\/IMG_2407-768x512.jpg 768w, https:\/\/projetos.ufpr.br\/atlaspetroignea\/wp-content\/uploads\/sites\/16\/2025\/09\/IMG_2407-1536x1024.jpg 1536w, https:\/\/projetos.ufpr.br\/atlaspetroignea\/wp-content\/uploads\/sites\/16\/2025\/09\/IMG_2407-2048x1365.jpg 2048w, https:\/\/projetos.ufpr.br\/atlaspetroignea\/wp-content\/uploads\/sites\/16\/2025\/09\/IMG_2407-147x98.jpg 147w, https:\/\/projetos.ufpr.br\/atlaspetroignea\/wp-content\/uploads\/sites\/16\/2025\/09\/IMG_2407-75x50.jpg 75w\" sizes=\"auto, (max-width: 2560px) 100vw, 2560px\" \/><figcaption class=\"wp-element-caption\">IMG_2407<\/figcaption><\/figure>\n\n\n\n<figure class=\"wp-block-image size-large is-style-default\"><img loading=\"lazy\" decoding=\"async\" width=\"1024\" height=\"683\" src=\"https:\/\/projetos.ufpr.br\/atlaspetroignea\/wp-content\/uploads\/sites\/16\/2025\/09\/IMG_2406-1024x683.jpg\" alt=\"\" class=\"wp-image-1151\" srcset=\"https:\/\/projetos.ufpr.br\/atlaspetroignea\/wp-content\/uploads\/sites\/16\/2025\/09\/IMG_2406-1024x683.jpg 1024w, https:\/\/projetos.ufpr.br\/atlaspetroignea\/wp-content\/uploads\/sites\/16\/2025\/09\/IMG_2406-300x200.jpg 300w, https:\/\/projetos.ufpr.br\/atlaspetroignea\/wp-content\/uploads\/sites\/16\/2025\/09\/IMG_2406-768x512.jpg 768w, https:\/\/projetos.ufpr.br\/atlaspetroignea\/wp-content\/uploads\/sites\/16\/2025\/09\/IMG_2406-1536x1024.jpg 1536w, https:\/\/projetos.ufpr.br\/atlaspetroignea\/wp-content\/uploads\/sites\/16\/2025\/09\/IMG_2406-2048x1365.jpg 2048w, https:\/\/projetos.ufpr.br\/atlaspetroignea\/wp-content\/uploads\/sites\/16\/2025\/09\/IMG_2406-147x98.jpg 147w, https:\/\/projetos.ufpr.br\/atlaspetroignea\/wp-content\/uploads\/sites\/16\/2025\/09\/IMG_2406-75x50.jpg 75w\" sizes=\"auto, (max-width: 1024px) 100vw, 1024px\" \/><figcaption class=\"wp-element-caption\">Amostra de minerais secund\u00e1rios em basalto\n <\/figcaption><\/figure>\n\n\n\n<p class=\"wp-block-paragraph\"><\/p>\n","protected":false},"excerpt":{"rendered":"<p>A\u00a0analcita\u00a0\u00e9 um tectossilicato, que pertence ao grupo das ze\u00f3litas, com composi\u00e7\u00e3o qu\u00edmica Na(AlSi2O6)H2O, um silicato hidratado de alum\u00ednio e s\u00f3dio. Comumente \u00e9 um mineral secund\u00e1rio, encontra-se depositada nas cavidades de rochas \u00edgneas, especialmente basaltos.\u00a0 Sua cristalografia de acordo com Dana (1969), \u00e9 isom\u00e9trico, hexaocta\u00e9drica. Ocorre como massas compactas, famndo tamb\u00e9m agregados granulares e densos. Suas [&hellip;]<\/p>\n","protected":false},"author":45,"featured_media":0,"parent":0,"menu_order":0,"comment_status":"closed","ping_status":"closed","template":"","meta":{"footnotes":""},"class_list":["post-1147","page","type-page","status-publish","hentry"],"_links":{"self":[{"href":"https:\/\/projetos.ufpr.br\/atlaspetroignea\/wp-json\/wp\/v2\/pages\/1147","targetHints":{"allow":["GET"]}}],"collection":[{"href":"https:\/\/projetos.ufpr.br\/atlaspetroignea\/wp-json\/wp\/v2\/pages"}],"about":[{"href":"https:\/\/projetos.ufpr.br\/atlaspetroignea\/wp-json\/wp\/v2\/types\/page"}],"author":[{"embeddable":true,"href":"https:\/\/projetos.ufpr.br\/atlaspetroignea\/wp-json\/wp\/v2\/users\/45"}],"replies":[{"embeddable":true,"href":"https:\/\/projetos.ufpr.br\/atlaspetroignea\/wp-json\/wp\/v2\/comments?post=1147"}],"version-history":[{"count":1,"href":"https:\/\/projetos.ufpr.br\/atlaspetroignea\/wp-json\/wp\/v2\/pages\/1147\/revisions"}],"predecessor-version":[{"id":1154,"href":"https:\/\/projetos.ufpr.br\/atlaspetroignea\/wp-json\/wp\/v2\/pages\/1147\/revisions\/1154"}],"wp:attachment":[{"href":"https:\/\/projetos.ufpr.br\/atlaspetroignea\/wp-json\/wp\/v2\/media?parent=1147"}],"curies":[{"name":"wp","href":"https:\/\/api.w.org\/{rel}","templated":true}]}}

<p class="wp-block-paragraph">A <em>analcita</em> é um tectossilicato, que pertence ao grupo das zeólitas, com composição química Na(AlSi2O6)H2O, um silicato hidratado de alumínio e sódio. Comumente é um mineral secundário, encontra-se depositada nas cavidades de rochas ígneas, especialmente basaltos.  Sua cristalografia de acordo com Dana (1969), é isométrico, hexaoctaédrica. Ocorre como massas compactas, famndo também agregados granulares e densos. Suas propriedades físicas apresentam densidade 2,27. Brilho vítreo, sendo incolor, cinzento, rosado, esverdeado, amarelado ou branca, transparente a translúcida. Apresenta sinal óptico biaxial.</p>



<p class="wp-block-paragraph">O  <em>quartzo</em> ocorre como um constituinte importe das rochas ígneas, as quais possuem excesso de sílica. Um mineral muito resistente aos ataques químicos e físicos. Sendo o segundo mineral mais abundante da crosta terrestre. Tendo a sua cristalografia hexagonal -R, trigonal, trapezoédrica, de caordo com Dana (1969). Seus cristais são prismáticos com algumas faces do prisma estriadas horizontalmente, terminados de romboédricos positivos e negativos. Podendo apresentar-se desde a forma cristalina com granulação grossa e fina, até criptocristalina, dando origem a muitas variedades de nomes, apresenta-se em muitas cores as quais vão sendo nomeadas diferentemente. Suas propriedades físicas apresentam fraturas concóides, brilho vítreo, gorduroso, esplendente. Normalmente é incolor, mas por conter muitas impurezas, encontrado em diversas cores. Possuindo propriedades piezelétricas e pirelétricas acentuadas. Sua simples composição SiO2, para suas variação de cores, há presença de traços como: lítio, sódio, potássio, alumínio, ferro férrico, manganês bivalente e titânio. Com densidade de 2,65.</p>



<p class="wp-block-paragraph"></p>



<figure class="wp-block-image"><img loading="lazy" decoding="async" width="2560" height="1707" src="https://projetos.ufpr.br/atlaspetroignea/wp-content/uploads/sites/16/2025/09/IMG_2407-scaled.jpg" alt="" class="wp-image-1150" srcset="https://projetos.ufpr.br/atlaspetroignea/wp-content/uploads/sites/16/2025/09/IMG_2407-scaled.jpg 2560w, https://projetos.ufpr.br/atlaspetroignea/wp-content/uploads/sites/16/2025/09/IMG_2407-300x200.jpg 300w, https://projetos.ufpr.br/atlaspetroignea/wp-content/uploads/sites/16/2025/09/IMG_2407-1024x683.jpg 1024w, https://projetos.ufpr.br/atlaspetroignea/wp-content/uploads/sites/16/2025/09/IMG_2407-768x512.jpg 768w, https://projetos.ufpr.br/atlaspetroignea/wp-content/uploads/sites/16/2025/09/IMG_2407-1536x1024.jpg 1536w, https://projetos.ufpr.br/atlaspetroignea/wp-content/uploads/sites/16/2025/09/IMG_2407-2048x1365.jpg 2048w, https://projetos.ufpr.br/atlaspetroignea/wp-content/uploads/sites/16/2025/09/IMG_2407-147x98.jpg 147w, https://projetos.ufpr.br/atlaspetroignea/wp-content/uploads/sites/16/2025/09/IMG_2407-75x50.jpg 75w" sizes="auto, (max-width: 2560px) 100vw, 2560px" /><figcaption class="wp-element-caption">IMG_2407</figcaption></figure>



<figure class="wp-block-image size-large is-style-default"><img loading="lazy" decoding="async" width="1024" height="683" src="https://projetos.ufpr.br/atlaspetroignea/wp-content/uploads/sites/16/2025/09/IMG_2406-1024x683.jpg" alt="" class="wp-image-1151" srcset="https://projetos.ufpr.br/atlaspetroignea/wp-content/uploads/sites/16/2025/09/IMG_2406-1024x683.jpg 1024w, https://projetos.ufpr.br/atlaspetroignea/wp-content/uploads/sites/16/2025/09/IMG_2406-300x200.jpg 300w, https://projetos.ufpr.br/atlaspetroignea/wp-content/uploads/sites/16/2025/09/IMG_2406-768x512.jpg 768w, https://projetos.ufpr.br/atlaspetroignea/wp-content/uploads/sites/16/2025/09/IMG_2406-1536x1024.jpg 1536w, https://projetos.ufpr.br/atlaspetroignea/wp-content/uploads/sites/16/2025/09/IMG_2406-2048x1365.jpg 2048w, https://projetos.ufpr.br/atlaspetroignea/wp-content/uploads/sites/16/2025/09/IMG_2406-147x98.jpg 147w, https://projetos.ufpr.br/atlaspetroignea/wp-content/uploads/sites/16/2025/09/IMG_2406-75x50.jpg 75w" sizes="auto, (max-width: 1024px) 100vw, 1024px" /><figcaption class="wp-element-caption">Amostra de minerais secundários em basalto
 </figcaption></figure>



<p class="wp-block-paragraph"></p>

<p>A analcita é um tectossilicato, que pertence ao grupo das zeólitas, com composição química Na(AlSi2O6)H2O, um silicato hidratado de alumínio e sódio. Comumente é um mineral secundário, encontra-se depositada nas cavidades de rochas ígneas, especialmente basaltos.  Sua cristalografia de acordo com Dana (1969), é isométrico, hexaoctaédrica. Ocorre como massas compactas, famndo também agregados granulares e densos. Suas [&hellip;]</p>
