{"id":279,"date":"2024-11-28T15:28:06","date_gmt":"2024-11-28T18:28:06","guid":{"rendered":"https:\/\/projetos.ufpr.br\/atlaspetroignea\/?page_id=279"},"modified":"2025-08-08T09:52:14","modified_gmt":"2025-08-08T12:52:14","slug":"arranjo-feltro","status":"publish","type":"page","link":"https:\/\/projetos.ufpr.br\/atlaspetroignea\/arranjo-feltro\/","title":{"rendered":"Arranjo Feltro"},"content":{"rendered":"\n<p class=\"has-text-align-left wp-block-paragraph\">O que chamamos de<em>&nbsp;trama<\/em>&nbsp;ou&nbsp;<em>&nbsp;arranjo cristalino&nbsp;<\/em>das rochas \u00edgneas<em>,<\/em>&nbsp;refere-se \u00e0 disposi\u00e7\u00e3o espacial dos minerais que est\u00e3o constituindo aquela rocha magm\u00e1tica.&nbsp;O arranjo pode ser gen\u00e9rico, quando refente a uma arquitetura geral da rocha. Podendo ser particular, quando est\u00e1 envolvendo rela\u00e7\u00f5es espaciais caracter\u00edsticas entre alguns minerais espec\u00edficos.<\/p>\n\n\n\n<p class=\"has-text-align-left wp-block-paragraph\">Arranjo de&nbsp;&nbsp;<em>feltro<\/em>&nbsp;\u00e9 composto por diminutas ripas alongadas em uma distribui\u00e7\u00e3o desordenada. O <strong>arranjo feltro<\/strong> \u00e9 uma <strong>textura microl\u00edtica<\/strong> (com cristais muito pequenos, vis\u00edveis apenas em microsc\u00f3pio) <strong>caracter\u00edstica de rochas vulc\u00e2nicas<\/strong> \u2014 principalmente de composi\u00e7\u00e3o <strong>f\u00e9lsica<\/strong> (ricas em s\u00edlica, como o <strong>riolito<\/strong> ou o <strong>traquito<\/strong>).<\/p>\n\n\n\n<p class=\"has-text-align-left wp-block-paragraph\">\u00c9 marcada pela presen\u00e7a de <strong>microlitos alongados de feldspato<\/strong> dispostos de forma desordenada,  embutidos em uma <strong>massa v\u00edtrea ou criptocristalina<\/strong>. Essa orienta\u00e7\u00e3o reflete o <strong>fluxo da lava<\/strong> durante o resfriamento e solidifica\u00e7\u00e3o.<\/p>\n\n\n\n<p class=\"has-text-align-left wp-block-paragraph\">No livro&nbsp;<em>Atlas of igneous rocks and their textures<\/em>&nbsp;de W.S.Mackenzie, C.H.Donaldson and C.Guilford (1992) diz que a trama&nbsp;<em>feltro<\/em>&nbsp;\u00e9 dado por feldspatos dispostos aleatoriamente.&nbsp;<\/p>\n\n\n\n<p class=\"has-text-align-left wp-block-paragraph\">Eberhard Wernick (2004) enquandra a trama&nbsp;<em>feltro&nbsp;<\/em>na textura&nbsp;<em>intersticiais.&nbsp;<\/em>Essa textura \u00e9 caracterizada por uma rede mais ou menos fechada, formada por cristais retangulares e ripiformes de feldspato, cujos os interst\u00edcios s\u00e3o ocupados por cristais de forma\u00e7\u00e3o mais tardia. Decrevendo o&nbsp;<em>feltro<\/em>&nbsp;que caracteriza rochas subvulc\u00e2nicas e vulc\u00e2nicas, ricas em feldspatos. Diz que as numerosas e diminutas ripas de sanidina formam uma fina e cerrada malha, assemelhando-se \u00e0 trama de um tecido grosseiro, irregular e os interst\u00edcios ocupados por uma matriz densa.<\/p>\n\n\n\n<p class=\"wp-block-paragraph\"><strong>Winter (2010) \u2013 <em>Principles of Igneous and Metamorphic Petrology<\/em><\/strong><\/p>\n\n\n\n<p class=\"wp-block-paragraph\">&#8220;Textura traqu\u00edtica \u00e9 uma textura vulc\u00e2nica caracterizada pela orienta\u00e7\u00e3o preferencial de microlitos tabulares de feldspato, conferindo \u00e0 rocha uma apar\u00eancia riscada.&#8221;<\/p>\n\n\n\n<p class=\"wp-block-paragraph\"><strong>Johannsen (1939) \u2013 <em>A Descriptive Petrography of the Igneous Rocks<\/em><\/strong><\/p>\n\n\n\n<p class=\"wp-block-paragraph\">&#8220;Uma textura feltro consiste em pequenos feldspatos em forma de l\u00e2minas dispostos mais ou menos paralelamente, lembrando feltro ao microsc\u00f3pio.&#8221;<\/p>\n\n\n\n<p class=\"wp-block-paragraph\"><strong>Streckeisen (1976)<\/strong><\/p>\n\n\n\n<p class=\"wp-block-paragraph\">&#8220;A textura traqu\u00edtica ou do tipo feltro \u00e9 t\u00edpica de rochas vulc\u00e2nicas, particularmente aquelas ricas em feldspato alcalino, onde os microlitos s\u00e3o orientados pelo fluxo da lava.&#8221;<\/p>\n\n\n\n<p class=\"wp-block-paragraph\">Ocorrendo em: <\/p>\n\n\n\n<ul class=\"wp-block-list\">\n<li>Andesitos;<\/li>\n\n\n\n<li>Dacitos; <\/li>\n\n\n\n<li>Riolitos; <\/li>\n\n\n\n<li>Traquitos; <\/li>\n<\/ul>\n\n\n\n<p class=\"wp-block-paragraph\">Ambientes: Vulc\u00e2nico (extrusivo), com resfriamento r\u00e1pido e fluxo de lava. <\/p>\n","protected":false},"excerpt":{"rendered":"<p>O que chamamos de&nbsp;trama&nbsp;ou&nbsp;&nbsp;arranjo cristalino&nbsp;das rochas \u00edgneas,&nbsp;refere-se \u00e0 disposi\u00e7\u00e3o espacial dos minerais que est\u00e3o constituindo aquela rocha magm\u00e1tica.&nbsp;O arranjo pode ser gen\u00e9rico, quando refente a uma arquitetura geral da rocha. Podendo ser particular, quando est\u00e1 envolvendo rela\u00e7\u00f5es espaciais caracter\u00edsticas entre alguns minerais espec\u00edficos. Arranjo de&nbsp;&nbsp;feltro&nbsp;\u00e9 composto por diminutas ripas alongadas em uma distribui\u00e7\u00e3o desordenada. O [&hellip;]<\/p>\n","protected":false},"author":45,"featured_media":0,"parent":0,"menu_order":0,"comment_status":"closed","ping_status":"closed","template":"","meta":{"footnotes":""},"class_list":["post-279","page","type-page","status-publish","hentry"],"_links":{"self":[{"href":"https:\/\/projetos.ufpr.br\/atlaspetroignea\/wp-json\/wp\/v2\/pages\/279","targetHints":{"allow":["GET"]}}],"collection":[{"href":"https:\/\/projetos.ufpr.br\/atlaspetroignea\/wp-json\/wp\/v2\/pages"}],"about":[{"href":"https:\/\/projetos.ufpr.br\/atlaspetroignea\/wp-json\/wp\/v2\/types\/page"}],"author":[{"embeddable":true,"href":"https:\/\/projetos.ufpr.br\/atlaspetroignea\/wp-json\/wp\/v2\/users\/45"}],"replies":[{"embeddable":true,"href":"https:\/\/projetos.ufpr.br\/atlaspetroignea\/wp-json\/wp\/v2\/comments?post=279"}],"version-history":[{"count":7,"href":"https:\/\/projetos.ufpr.br\/atlaspetroignea\/wp-json\/wp\/v2\/pages\/279\/revisions"}],"predecessor-version":[{"id":982,"href":"https:\/\/projetos.ufpr.br\/atlaspetroignea\/wp-json\/wp\/v2\/pages\/279\/revisions\/982"}],"wp:attachment":[{"href":"https:\/\/projetos.ufpr.br\/atlaspetroignea\/wp-json\/wp\/v2\/media?parent=279"}],"curies":[{"name":"wp","href":"https:\/\/api.w.org\/{rel}","templated":true}]}}

<p class="has-text-align-left wp-block-paragraph">O que chamamos de<em>&nbsp;trama</em>&nbsp;ou&nbsp;<em>&nbsp;arranjo cristalino&nbsp;</em>das rochas ígneas<em>,</em>&nbsp;refere-se à disposição espacial dos minerais que estão constituindo aquela rocha magmática.&nbsp;O arranjo pode ser genérico, quando refente a uma arquitetura geral da rocha. Podendo ser particular, quando está envolvendo relações espaciais características entre alguns minerais específicos.</p>



<p class="has-text-align-left wp-block-paragraph">Arranjo de&nbsp;&nbsp;<em>feltro</em>&nbsp;é composto por diminutas ripas alongadas em uma distribuição desordenada. O <strong>arranjo feltro</strong> é uma <strong>textura microlítica</strong> (com cristais muito pequenos, visíveis apenas em microscópio) <strong>característica de rochas vulcânicas</strong> — principalmente de composição <strong>félsica</strong> (ricas em sílica, como o <strong>riolito</strong> ou o <strong>traquito</strong>).</p>



<p class="has-text-align-left wp-block-paragraph">É marcada pela presença de <strong>microlitos alongados de feldspato</strong> dispostos de forma desordenada,  embutidos em uma <strong>massa vítrea ou criptocristalina</strong>. Essa orientação reflete o <strong>fluxo da lava</strong> durante o resfriamento e solidificação.</p>



<p class="has-text-align-left wp-block-paragraph">No livro&nbsp;<em>Atlas of igneous rocks and their textures</em>&nbsp;de W.S.Mackenzie, C.H.Donaldson and C.Guilford (1992) diz que a trama&nbsp;<em>feltro</em>&nbsp;é dado por feldspatos dispostos aleatoriamente.&nbsp;</p>



<p class="has-text-align-left wp-block-paragraph">Eberhard Wernick (2004) enquandra a trama&nbsp;<em>feltro&nbsp;</em>na textura&nbsp;<em>intersticiais.&nbsp;</em>Essa textura é caracterizada por uma rede mais ou menos fechada, formada por cristais retangulares e ripiformes de feldspato, cujos os interstícios são ocupados por cristais de formação mais tardia. Decrevendo o&nbsp;<em>feltro</em>&nbsp;que caracteriza rochas subvulcânicas e vulcânicas, ricas em feldspatos. Diz que as numerosas e diminutas ripas de sanidina formam uma fina e cerrada malha, assemelhando-se à trama de um tecido grosseiro, irregular e os interstícios ocupados por uma matriz densa.</p>



<p class="wp-block-paragraph"><strong>Winter (2010) – <em>Principles of Igneous and Metamorphic Petrology</em></strong></p>



<p class="wp-block-paragraph">&#8220;Textura traquítica é uma textura vulcânica caracterizada pela orientação preferencial de microlitos tabulares de feldspato, conferindo à rocha uma aparência riscada.&#8221;</p>



<p class="wp-block-paragraph"><strong>Johannsen (1939) – <em>A Descriptive Petrography of the Igneous Rocks</em></strong></p>



<p class="wp-block-paragraph">&#8220;Uma textura feltro consiste em pequenos feldspatos em forma de lâminas dispostos mais ou menos paralelamente, lembrando feltro ao microscópio.&#8221;</p>



<p class="wp-block-paragraph"><strong>Streckeisen (1976)</strong></p>



<p class="wp-block-paragraph">&#8220;A textura traquítica ou do tipo feltro é típica de rochas vulcânicas, particularmente aquelas ricas em feldspato alcalino, onde os microlitos são orientados pelo fluxo da lava.&#8221;</p>



<p class="wp-block-paragraph">Ocorrendo em: </p>



<ul class="wp-block-list">
<li>Andesitos;</li>



<li>Dacitos; </li>



<li>Riolitos; </li>



<li>Traquitos; </li>
</ul>



<p class="wp-block-paragraph">Ambientes: Vulcânico (extrusivo), com resfriamento rápido e fluxo de lava. </p>

<p>O que chamamos de&nbsp;trama&nbsp;ou&nbsp;&nbsp;arranjo cristalino&nbsp;das rochas ígneas,&nbsp;refere-se à disposição espacial dos minerais que estão constituindo aquela rocha magmática.&nbsp;O arranjo pode ser genérico, quando refente a uma arquitetura geral da rocha. Podendo ser particular, quando está envolvendo relações espaciais características entre alguns minerais específicos. Arranjo de&nbsp;&nbsp;feltro&nbsp;é composto por diminutas ripas alongadas em uma distribuição desordenada. O [&hellip;]</p>
