{"id":28,"date":"2024-10-03T15:50:57","date_gmt":"2024-10-03T18:50:57","guid":{"rendered":"https:\/\/projetos.ufpr.br\/atlaspetroignea\/equipe\/"},"modified":"2025-08-21T14:16:43","modified_gmt":"2025-08-21T17:16:43","slug":"equipe","status":"publish","type":"page","link":"https:\/\/projetos.ufpr.br\/atlaspetroignea\/equipe\/","title":{"rendered":"Equipe"},"content":{"rendered":"\n<p class=\"wp-block-paragraph\">A elabora\u00e7\u00e3o deste Atlas de Rochas \u00cdgneas foi realizada por uma equipe formada pelo orientador e alunos de gradua\u00e7\u00e3o em geologia, unidos pelo objetivo de oferecer um material did\u00e1tico, claro e tecnicamente preciso. Cada membro contribuiu com sua experi\u00eancia adquirida durante o curso, com an\u00e1lises petrogr\u00e1ficas e classifica\u00e7\u00f5es de rochas, garantindo a qualidade cient\u00edfica e visual deste atlas. Nosso prop\u00f3sito \u00e9 apoiar estudantes, professores e profissionais da geoci\u00eancia no reconhecimento e compreens\u00e3o das rochas \u00edgneas em contexto acad\u00eamico e de campo.<\/p>\n\n\n\n<p class=\"wp-block-paragraph\"><\/p>\n\n\n\n<p class=\"wp-block-paragraph\"><\/p>\n\n\n\n<figure class=\"wp-block-image aligncenter size-large is-resized\"><img loading=\"lazy\" decoding=\"async\" width=\"576\" height=\"1024\" src=\"https:\/\/projetos.ufpr.br\/atlaspetroignea\/wp-content\/uploads\/sites\/16\/2025\/08\/WhatsApp-Image-2025-08-21-at-13.26.59-576x1024.jpeg\" alt=\"\" class=\"wp-image-1021\" style=\"width:175px;height:auto\" srcset=\"https:\/\/projetos.ufpr.br\/atlaspetroignea\/wp-content\/uploads\/sites\/16\/2025\/08\/WhatsApp-Image-2025-08-21-at-13.26.59-576x1024.jpeg 576w, https:\/\/projetos.ufpr.br\/atlaspetroignea\/wp-content\/uploads\/sites\/16\/2025\/08\/WhatsApp-Image-2025-08-21-at-13.26.59-169x300.jpeg 169w, https:\/\/projetos.ufpr.br\/atlaspetroignea\/wp-content\/uploads\/sites\/16\/2025\/08\/WhatsApp-Image-2025-08-21-at-13.26.59-768x1366.jpeg 768w, https:\/\/projetos.ufpr.br\/atlaspetroignea\/wp-content\/uploads\/sites\/16\/2025\/08\/WhatsApp-Image-2025-08-21-at-13.26.59-864x1536.jpeg 864w, https:\/\/projetos.ufpr.br\/atlaspetroignea\/wp-content\/uploads\/sites\/16\/2025\/08\/WhatsApp-Image-2025-08-21-at-13.26.59-55x98.jpeg 55w, https:\/\/projetos.ufpr.br\/atlaspetroignea\/wp-content\/uploads\/sites\/16\/2025\/08\/WhatsApp-Image-2025-08-21-at-13.26.59-32x57.jpeg 32w, https:\/\/projetos.ufpr.br\/atlaspetroignea\/wp-content\/uploads\/sites\/16\/2025\/08\/WhatsApp-Image-2025-08-21-at-13.26.59.jpeg 899w\" sizes=\"auto, (max-width: 576px) 100vw, 576px\" \/><\/figure>\n\n\n\n<p class=\"has-text-align-center wp-block-paragraph\">Coordenador do projeto prof. Dr. F\u00e1bio Braz Machado<\/p>\n\n\n\n<figure class=\"wp-block-image aligncenter size-large is-resized\"><img loading=\"lazy\" decoding=\"async\" width=\"768\" height=\"1024\" src=\"https:\/\/projetos.ufpr.br\/atlaspetroignea\/wp-content\/uploads\/sites\/16\/2025\/08\/WhatsApp-Image-2025-08-21-at-14.09.28-768x1024.jpeg\" alt=\"\" class=\"wp-image-1022\" style=\"width:179px;height:auto\" srcset=\"https:\/\/projetos.ufpr.br\/atlaspetroignea\/wp-content\/uploads\/sites\/16\/2025\/08\/WhatsApp-Image-2025-08-21-at-14.09.28-768x1024.jpeg 768w, https:\/\/projetos.ufpr.br\/atlaspetroignea\/wp-content\/uploads\/sites\/16\/2025\/08\/WhatsApp-Image-2025-08-21-at-14.09.28-225x300.jpeg 225w, https:\/\/projetos.ufpr.br\/atlaspetroignea\/wp-content\/uploads\/sites\/16\/2025\/08\/WhatsApp-Image-2025-08-21-at-14.09.28-1152x1536.jpeg 1152w, https:\/\/projetos.ufpr.br\/atlaspetroignea\/wp-content\/uploads\/sites\/16\/2025\/08\/WhatsApp-Image-2025-08-21-at-14.09.28-74x98.jpeg 74w, https:\/\/projetos.ufpr.br\/atlaspetroignea\/wp-content\/uploads\/sites\/16\/2025\/08\/WhatsApp-Image-2025-08-21-at-14.09.28-43x57.jpeg 43w, https:\/\/projetos.ufpr.br\/atlaspetroignea\/wp-content\/uploads\/sites\/16\/2025\/08\/WhatsApp-Image-2025-08-21-at-14.09.28.jpeg 1200w\" sizes=\"auto, (max-width: 768px) 100vw, 768px\" \/><\/figure>\n\n\n\n<p class=\"has-text-align-center wp-block-paragraph\">Aluna de gradua\u00e7\u00e3o em geologia Larissa Naira Tibes de Souza<\/p>\n\n\n\n<figure class=\"wp-block-image aligncenter size-large is-resized\"><img loading=\"lazy\" decoding=\"async\" width=\"576\" height=\"1024\" src=\"https:\/\/projetos.ufpr.br\/atlaspetroignea\/wp-content\/uploads\/sites\/16\/2025\/08\/WhatsApp-Image-2025-08-21-at-14.14.30-576x1024.jpeg\" alt=\"\" class=\"wp-image-1024\" style=\"width:183px;height:auto\" srcset=\"https:\/\/projetos.ufpr.br\/atlaspetroignea\/wp-content\/uploads\/sites\/16\/2025\/08\/WhatsApp-Image-2025-08-21-at-14.14.30-576x1024.jpeg 576w, https:\/\/projetos.ufpr.br\/atlaspetroignea\/wp-content\/uploads\/sites\/16\/2025\/08\/WhatsApp-Image-2025-08-21-at-14.14.30-169x300.jpeg 169w, https:\/\/projetos.ufpr.br\/atlaspetroignea\/wp-content\/uploads\/sites\/16\/2025\/08\/WhatsApp-Image-2025-08-21-at-14.14.30-55x98.jpeg 55w, https:\/\/projetos.ufpr.br\/atlaspetroignea\/wp-content\/uploads\/sites\/16\/2025\/08\/WhatsApp-Image-2025-08-21-at-14.14.30-32x57.jpeg 32w, https:\/\/projetos.ufpr.br\/atlaspetroignea\/wp-content\/uploads\/sites\/16\/2025\/08\/WhatsApp-Image-2025-08-21-at-14.14.30.jpeg 720w\" sizes=\"auto, (max-width: 576px) 100vw, 576px\" \/><\/figure>\n\n\n\n<p class=\"has-text-align-center wp-block-paragraph\">Aluna de gradua\u00e7\u00e3o em geologia Maria Luiza Rodrigues Trevizan<\/p>\n","protected":false},"excerpt":{"rendered":"<p>A elabora\u00e7\u00e3o deste Atlas de Rochas \u00cdgneas foi realizada por uma equipe formada pelo orientador e alunos de gradua\u00e7\u00e3o em geologia, unidos pelo objetivo de oferecer um material did\u00e1tico, claro e tecnicamente preciso. Cada membro contribuiu com sua experi\u00eancia adquirida durante o curso, com an\u00e1lises petrogr\u00e1ficas e classifica\u00e7\u00f5es de rochas, garantindo a qualidade cient\u00edfica e [&hellip;]<\/p>\n","protected":false},"author":12,"featured_media":0,"parent":0,"menu_order":0,"comment_status":"closed","ping_status":"closed","template":"page.php","meta":{"footnotes":""},"class_list":["post-28","page","type-page","status-publish","hentry"],"_links":{"self":[{"href":"https:\/\/projetos.ufpr.br\/atlaspetroignea\/wp-json\/wp\/v2\/pages\/28","targetHints":{"allow":["GET"]}}],"collection":[{"href":"https:\/\/projetos.ufpr.br\/atlaspetroignea\/wp-json\/wp\/v2\/pages"}],"about":[{"href":"https:\/\/projetos.ufpr.br\/atlaspetroignea\/wp-json\/wp\/v2\/types\/page"}],"author":[{"embeddable":true,"href":"https:\/\/projetos.ufpr.br\/atlaspetroignea\/wp-json\/wp\/v2\/users\/12"}],"replies":[{"embeddable":true,"href":"https:\/\/projetos.ufpr.br\/atlaspetroignea\/wp-json\/wp\/v2\/comments?post=28"}],"version-history":[{"count":5,"href":"https:\/\/projetos.ufpr.br\/atlaspetroignea\/wp-json\/wp\/v2\/pages\/28\/revisions"}],"predecessor-version":[{"id":1025,"href":"https:\/\/projetos.ufpr.br\/atlaspetroignea\/wp-json\/wp\/v2\/pages\/28\/revisions\/1025"}],"wp:attachment":[{"href":"https:\/\/projetos.ufpr.br\/atlaspetroignea\/wp-json\/wp\/v2\/media?parent=28"}],"curies":[{"name":"wp","href":"https:\/\/api.w.org\/{rel}","templated":true}]}}

<p class="wp-block-paragraph">A elaboração deste Atlas de Rochas Ígneas foi realizada por uma equipe formada pelo orientador e alunos de graduação em geologia, unidos pelo objetivo de oferecer um material didático, claro e tecnicamente preciso. Cada membro contribuiu com sua experiência adquirida durante o curso, com análises petrográficas e classificações de rochas, garantindo a qualidade científica e visual deste atlas. Nosso propósito é apoiar estudantes, professores e profissionais da geociência no reconhecimento e compreensão das rochas ígneas em contexto acadêmico e de campo.</p>



<p class="wp-block-paragraph"></p>



<p class="wp-block-paragraph"></p>



<figure class="wp-block-image aligncenter size-large is-resized"><img loading="lazy" decoding="async" width="576" height="1024" src="https://projetos.ufpr.br/atlaspetroignea/wp-content/uploads/sites/16/2025/08/WhatsApp-Image-2025-08-21-at-13.26.59-576x1024.jpeg" alt="" class="wp-image-1021" style="width:175px;height:auto" srcset="https://projetos.ufpr.br/atlaspetroignea/wp-content/uploads/sites/16/2025/08/WhatsApp-Image-2025-08-21-at-13.26.59-576x1024.jpeg 576w, https://projetos.ufpr.br/atlaspetroignea/wp-content/uploads/sites/16/2025/08/WhatsApp-Image-2025-08-21-at-13.26.59-169x300.jpeg 169w, https://projetos.ufpr.br/atlaspetroignea/wp-content/uploads/sites/16/2025/08/WhatsApp-Image-2025-08-21-at-13.26.59-768x1366.jpeg 768w, https://projetos.ufpr.br/atlaspetroignea/wp-content/uploads/sites/16/2025/08/WhatsApp-Image-2025-08-21-at-13.26.59-864x1536.jpeg 864w, https://projetos.ufpr.br/atlaspetroignea/wp-content/uploads/sites/16/2025/08/WhatsApp-Image-2025-08-21-at-13.26.59-55x98.jpeg 55w, https://projetos.ufpr.br/atlaspetroignea/wp-content/uploads/sites/16/2025/08/WhatsApp-Image-2025-08-21-at-13.26.59-32x57.jpeg 32w, https://projetos.ufpr.br/atlaspetroignea/wp-content/uploads/sites/16/2025/08/WhatsApp-Image-2025-08-21-at-13.26.59.jpeg 899w" sizes="auto, (max-width: 576px) 100vw, 576px" /></figure>



<p class="has-text-align-center wp-block-paragraph">Coordenador do projeto prof. Dr. Fábio Braz Machado</p>



<figure class="wp-block-image aligncenter size-large is-resized"><img loading="lazy" decoding="async" width="768" height="1024" src="https://projetos.ufpr.br/atlaspetroignea/wp-content/uploads/sites/16/2025/08/WhatsApp-Image-2025-08-21-at-14.09.28-768x1024.jpeg" alt="" class="wp-image-1022" style="width:179px;height:auto" srcset="https://projetos.ufpr.br/atlaspetroignea/wp-content/uploads/sites/16/2025/08/WhatsApp-Image-2025-08-21-at-14.09.28-768x1024.jpeg 768w, https://projetos.ufpr.br/atlaspetroignea/wp-content/uploads/sites/16/2025/08/WhatsApp-Image-2025-08-21-at-14.09.28-225x300.jpeg 225w, https://projetos.ufpr.br/atlaspetroignea/wp-content/uploads/sites/16/2025/08/WhatsApp-Image-2025-08-21-at-14.09.28-1152x1536.jpeg 1152w, https://projetos.ufpr.br/atlaspetroignea/wp-content/uploads/sites/16/2025/08/WhatsApp-Image-2025-08-21-at-14.09.28-74x98.jpeg 74w, https://projetos.ufpr.br/atlaspetroignea/wp-content/uploads/sites/16/2025/08/WhatsApp-Image-2025-08-21-at-14.09.28-43x57.jpeg 43w, https://projetos.ufpr.br/atlaspetroignea/wp-content/uploads/sites/16/2025/08/WhatsApp-Image-2025-08-21-at-14.09.28.jpeg 1200w" sizes="auto, (max-width: 768px) 100vw, 768px" /></figure>



<p class="has-text-align-center wp-block-paragraph">Aluna de graduação em geologia Larissa Naira Tibes de Souza</p>



<figure class="wp-block-image aligncenter size-large is-resized"><img loading="lazy" decoding="async" width="576" height="1024" src="https://projetos.ufpr.br/atlaspetroignea/wp-content/uploads/sites/16/2025/08/WhatsApp-Image-2025-08-21-at-14.14.30-576x1024.jpeg" alt="" class="wp-image-1024" style="width:183px;height:auto" srcset="https://projetos.ufpr.br/atlaspetroignea/wp-content/uploads/sites/16/2025/08/WhatsApp-Image-2025-08-21-at-14.14.30-576x1024.jpeg 576w, https://projetos.ufpr.br/atlaspetroignea/wp-content/uploads/sites/16/2025/08/WhatsApp-Image-2025-08-21-at-14.14.30-169x300.jpeg 169w, https://projetos.ufpr.br/atlaspetroignea/wp-content/uploads/sites/16/2025/08/WhatsApp-Image-2025-08-21-at-14.14.30-55x98.jpeg 55w, https://projetos.ufpr.br/atlaspetroignea/wp-content/uploads/sites/16/2025/08/WhatsApp-Image-2025-08-21-at-14.14.30-32x57.jpeg 32w, https://projetos.ufpr.br/atlaspetroignea/wp-content/uploads/sites/16/2025/08/WhatsApp-Image-2025-08-21-at-14.14.30.jpeg 720w" sizes="auto, (max-width: 576px) 100vw, 576px" /></figure>



<p class="has-text-align-center wp-block-paragraph">Aluna de graduação em geologia Maria Luiza Rodrigues Trevizan</p>

<p>A elaboração deste Atlas de Rochas Ígneas foi realizada por uma equipe formada pelo orientador e alunos de graduação em geologia, unidos pelo objetivo de oferecer um material didático, claro e tecnicamente preciso. Cada membro contribuiu com sua experiência adquirida durante o curso, com análises petrográficas e classificações de rochas, garantindo a qualidade científica e [&hellip;]</p>
