{"id":287,"date":"2024-11-28T15:34:03","date_gmt":"2024-11-28T18:34:03","guid":{"rendered":"https:\/\/projetos.ufpr.br\/atlaspetroignea\/?page_id=287"},"modified":"2025-08-14T12:03:49","modified_gmt":"2025-08-14T15:03:49","slug":"arranjo-hialofitico","status":"publish","type":"page","link":"https:\/\/projetos.ufpr.br\/atlaspetroignea\/arranjo-hialofitico\/","title":{"rendered":"Arranjo Hialof\u00edtico"},"content":{"rendered":"\n<p class=\"wp-block-paragraph\">Arranjo<em> Hialof\u00edtico <\/em><\/p>\n\n\n\n<p class=\"wp-block-paragraph\">O que chamamos de trama ou arranjo cristalino das rochas \u00edgneas, refere-se \u00e0 disposi\u00e7\u00e3o espacial dos minerais que est\u00e3o constituindo aquela rocha magm\u00e1tica. O arranjo pode ser gen\u00e9rico, quando refente a uma arquitetura geral da rocha. Podendo ser particular, quando est\u00e1 envolvendo rela\u00e7\u00f5es espaciais caracter\u00edsticas entre alguns minerais espec\u00edficos.<\/p>\n\n\n\n<p class=\"wp-block-paragraph\">Arranjo <em>hialof\u00edtico<\/em> \u00e9 composta por cristais de augita e plagiocl\u00e1sio em uma matriz v\u00edtrea. Sendo muito comum os plagiocl\u00e1sios apresentarem termina\u00e7\u00f5es em cauda de andorinha.<\/p>\n\n\n\n<h4 class=\"wp-block-heading\">Blatt, H.; Tracy, R. J.; Owens, B. E. &#8211; Petrology: Igneous, Sedimentary, and Metamorphic<\/h4>\n\n\n\n<p class=\"wp-block-paragraph\">&#8220;Nos tr\u00e1s que a  textura hialof\u00edtica \u00e9 caracterizada pela presen\u00e7a de uma matriz v\u00edtrea envolvendo micr\u00f3litos ou microfenocristais de minerais como plagiocl\u00e1sio e pirox\u00eanio. Ocorre em rochas \u00edgneas vulc\u00e2nicas com r\u00e1pido resfriamento, onde n\u00e3o houve tempo suficiente para cristaliza\u00e7\u00e3o completa.<\/p>\n\n\n\n<h4 class=\"wp-block-heading\">Winter, J. D. &#8211; Principles of Igneous and Metamorphic Petrology<\/h4>\n\n\n\n<p class=\"wp-block-paragraph\">&#8220;A textura hialof\u00edtica \u00e9 t\u00edpica de basaltos jovens, composta por pequenos cristais de plagiocl\u00e1sio rodeados por vidro vulc\u00e2nico. \u00c9 uma evid\u00eancia petrogr\u00e1fica de r\u00e1pida perda de temperatura do magma.&#8221;<\/p>\n\n\n\n<p class=\"wp-block-paragraph\"><\/p>\n","protected":false},"excerpt":{"rendered":"<p>Arranjo Hialof\u00edtico O que chamamos de trama ou arranjo cristalino das rochas \u00edgneas, refere-se \u00e0 disposi\u00e7\u00e3o espacial dos minerais que est\u00e3o constituindo aquela rocha magm\u00e1tica. O arranjo pode ser gen\u00e9rico, quando refente a uma arquitetura geral da rocha. Podendo ser particular, quando est\u00e1 envolvendo rela\u00e7\u00f5es espaciais caracter\u00edsticas entre alguns minerais espec\u00edficos. Arranjo hialof\u00edtico \u00e9 composta [&hellip;]<\/p>\n","protected":false},"author":45,"featured_media":0,"parent":0,"menu_order":0,"comment_status":"closed","ping_status":"closed","template":"","meta":{"footnotes":""},"class_list":["post-287","page","type-page","status-publish","hentry"],"_links":{"self":[{"href":"https:\/\/projetos.ufpr.br\/atlaspetroignea\/wp-json\/wp\/v2\/pages\/287","targetHints":{"allow":["GET"]}}],"collection":[{"href":"https:\/\/projetos.ufpr.br\/atlaspetroignea\/wp-json\/wp\/v2\/pages"}],"about":[{"href":"https:\/\/projetos.ufpr.br\/atlaspetroignea\/wp-json\/wp\/v2\/types\/page"}],"author":[{"embeddable":true,"href":"https:\/\/projetos.ufpr.br\/atlaspetroignea\/wp-json\/wp\/v2\/users\/45"}],"replies":[{"embeddable":true,"href":"https:\/\/projetos.ufpr.br\/atlaspetroignea\/wp-json\/wp\/v2\/comments?post=287"}],"version-history":[{"count":6,"href":"https:\/\/projetos.ufpr.br\/atlaspetroignea\/wp-json\/wp\/v2\/pages\/287\/revisions"}],"predecessor-version":[{"id":995,"href":"https:\/\/projetos.ufpr.br\/atlaspetroignea\/wp-json\/wp\/v2\/pages\/287\/revisions\/995"}],"wp:attachment":[{"href":"https:\/\/projetos.ufpr.br\/atlaspetroignea\/wp-json\/wp\/v2\/media?parent=287"}],"curies":[{"name":"wp","href":"https:\/\/api.w.org\/{rel}","templated":true}]}}

Arranjo Hialofítico

<p class="wp-block-paragraph">Arranjo<em> Hialofítico </em></p>



<p class="wp-block-paragraph">O que chamamos de trama ou arranjo cristalino das rochas ígneas, refere-se à disposição espacial dos minerais que estão constituindo aquela rocha magmática. O arranjo pode ser genérico, quando refente a uma arquitetura geral da rocha. Podendo ser particular, quando está envolvendo relações espaciais características entre alguns minerais específicos.</p>



<p class="wp-block-paragraph">Arranjo <em>hialofítico</em> é composta por cristais de augita e plagioclásio em uma matriz vítrea. Sendo muito comum os plagioclásios apresentarem terminações em cauda de andorinha.</p>



<h4 class="wp-block-heading">Blatt, H.; Tracy, R. J.; Owens, B. E. &#8211; Petrology: Igneous, Sedimentary, and Metamorphic</h4>



<p class="wp-block-paragraph">&#8220;Nos trás que a  textura hialofítica é caracterizada pela presença de uma matriz vítrea envolvendo micrólitos ou microfenocristais de minerais como plagioclásio e piroxênio. Ocorre em rochas ígneas vulcânicas com rápido resfriamento, onde não houve tempo suficiente para cristalização completa.</p>



<h4 class="wp-block-heading">Winter, J. D. &#8211; Principles of Igneous and Metamorphic Petrology</h4>



<p class="wp-block-paragraph">&#8220;A textura hialofítica é típica de basaltos jovens, composta por pequenos cristais de plagioclásio rodeados por vidro vulcânico. É uma evidência petrográfica de rápida perda de temperatura do magma.&#8221;</p>



<p class="wp-block-paragraph"></p>

<p>Arranjo Hialofítico O que chamamos de trama ou arranjo cristalino das rochas ígneas, refere-se à disposição espacial dos minerais que estão constituindo aquela rocha magmática. O arranjo pode ser genérico, quando refente a uma arquitetura geral da rocha. Podendo ser particular, quando está envolvendo relações espaciais características entre alguns minerais específicos. Arranjo hialofítico é composta [&hellip;]</p>
