{"id":301,"date":"2024-11-28T15:38:45","date_gmt":"2024-11-28T18:38:45","guid":{"rendered":"https:\/\/projetos.ufpr.br\/atlaspetroignea\/?page_id=301"},"modified":"2025-08-07T12:43:33","modified_gmt":"2025-08-07T15:43:33","slug":"arranjo-seriado","status":"publish","type":"page","link":"https:\/\/projetos.ufpr.br\/atlaspetroignea\/arranjo-seriado\/","title":{"rendered":"Arranjo Seriado"},"content":{"rendered":"\n<p class=\"wp-block-paragraph\">Arranjo <em><strong>Seriado<\/strong><\/em><\/p>\n\n\n\n<p class=\"wp-block-paragraph\">O que chamamos de trama ou arranjo cristalino das rochas \u00edgneas, refere-se \u00e0 disposi\u00e7\u00e3o espacial dos minerais que est\u00e3o constituindo aquela rocha magm\u00e1tica. O arranjo pode ser gen\u00e9rico, quando refente a uma arquitetura geral da rocha. Podendo ser particular, quando est\u00e1 envolvendo rela\u00e7\u00f5es espaciais caracter\u00edsticas entre alguns minerais espec\u00edficos.<\/p>\n\n\n\n<p class=\"wp-block-paragraph\">Arranjo seriado nos mostra uma s\u00e9rie de fenocristais, com uma variedade de tamanhos, mergulhados em uma matriz fina ou microcristalina. <\/p>\n\n\n\n<p class=\"wp-block-paragraph\">No livro Atlas of igneous rocks and their textures de W.S.Mackenzie, C.H.Donaldson and C.Guilford (1992) dizem que o arranjo seriado acaba envolvendo uma faixa cont\u00ednua de tamanho dos cristais, sendo os principais minerais.<\/p>\n\n\n\n<p class=\"wp-block-paragraph\">G.W.Tyrrell descreveu em seu livro introduccion al estudio de la ciencia de las rocas (primeira ed. 1960) que o arranjo seriado faz parte das texturas inequigranulares. E que este arranjo \u00e9 composto por cristais de tamanhos que variando gradualmente de menor para o maior. Geralmente dois tamanhos dominantes e pouco ou nenhum de tamanho intermedi\u00e1rio.<\/p>\n","protected":false},"excerpt":{"rendered":"<p>Arranjo Seriado O que chamamos de trama ou arranjo cristalino das rochas \u00edgneas, refere-se \u00e0 disposi\u00e7\u00e3o espacial dos minerais que est\u00e3o constituindo aquela rocha magm\u00e1tica. O arranjo pode ser gen\u00e9rico, quando refente a uma arquitetura geral da rocha. Podendo ser particular, quando est\u00e1 envolvendo rela\u00e7\u00f5es espaciais caracter\u00edsticas entre alguns minerais espec\u00edficos. Arranjo seriado nos mostra [&hellip;]<\/p>\n","protected":false},"author":45,"featured_media":0,"parent":0,"menu_order":0,"comment_status":"closed","ping_status":"closed","template":"","meta":{"footnotes":""},"class_list":["post-301","page","type-page","status-publish","hentry"],"_links":{"self":[{"href":"https:\/\/projetos.ufpr.br\/atlaspetroignea\/wp-json\/wp\/v2\/pages\/301","targetHints":{"allow":["GET"]}}],"collection":[{"href":"https:\/\/projetos.ufpr.br\/atlaspetroignea\/wp-json\/wp\/v2\/pages"}],"about":[{"href":"https:\/\/projetos.ufpr.br\/atlaspetroignea\/wp-json\/wp\/v2\/types\/page"}],"author":[{"embeddable":true,"href":"https:\/\/projetos.ufpr.br\/atlaspetroignea\/wp-json\/wp\/v2\/users\/45"}],"replies":[{"embeddable":true,"href":"https:\/\/projetos.ufpr.br\/atlaspetroignea\/wp-json\/wp\/v2\/comments?post=301"}],"version-history":[{"count":4,"href":"https:\/\/projetos.ufpr.br\/atlaspetroignea\/wp-json\/wp\/v2\/pages\/301\/revisions"}],"predecessor-version":[{"id":855,"href":"https:\/\/projetos.ufpr.br\/atlaspetroignea\/wp-json\/wp\/v2\/pages\/301\/revisions\/855"}],"wp:attachment":[{"href":"https:\/\/projetos.ufpr.br\/atlaspetroignea\/wp-json\/wp\/v2\/media?parent=301"}],"curies":[{"name":"wp","href":"https:\/\/api.w.org\/{rel}","templated":true}]}}

<p class="wp-block-paragraph">Arranjo <em><strong>Seriado</strong></em></p>



<p class="wp-block-paragraph">O que chamamos de trama ou arranjo cristalino das rochas ígneas, refere-se à disposição espacial dos minerais que estão constituindo aquela rocha magmática. O arranjo pode ser genérico, quando refente a uma arquitetura geral da rocha. Podendo ser particular, quando está envolvendo relações espaciais características entre alguns minerais específicos.</p>



<p class="wp-block-paragraph">Arranjo seriado nos mostra uma série de fenocristais, com uma variedade de tamanhos, mergulhados em uma matriz fina ou microcristalina. </p>



<p class="wp-block-paragraph">No livro Atlas of igneous rocks and their textures de W.S.Mackenzie, C.H.Donaldson and C.Guilford (1992) dizem que o arranjo seriado acaba envolvendo uma faixa contínua de tamanho dos cristais, sendo os principais minerais.</p>



<p class="wp-block-paragraph">G.W.Tyrrell descreveu em seu livro introduccion al estudio de la ciencia de las rocas (primeira ed. 1960) que o arranjo seriado faz parte das texturas inequigranulares. E que este arranjo é composto por cristais de tamanhos que variando gradualmente de menor para o maior. Geralmente dois tamanhos dominantes e pouco ou nenhum de tamanho intermediário.</p>

<p>Arranjo Seriado O que chamamos de trama ou arranjo cristalino das rochas ígneas, refere-se à disposição espacial dos minerais que estão constituindo aquela rocha magmática. O arranjo pode ser genérico, quando refente a uma arquitetura geral da rocha. Podendo ser particular, quando está envolvendo relações espaciais características entre alguns minerais específicos. Arranjo seriado nos mostra [&hellip;]</p>
