{"id":923,"date":"2025-08-07T15:26:03","date_gmt":"2025-08-07T18:26:03","guid":{"rendered":"https:\/\/projetos.ufpr.br\/atlaspetroignea\/?page_id=923"},"modified":"2025-08-07T16:30:36","modified_gmt":"2025-08-07T19:30:36","slug":"arranjo-calcamento","status":"publish","type":"page","link":"https:\/\/projetos.ufpr.br\/atlaspetroignea\/arranjo-calcamento\/","title":{"rendered":"Arranjo Cal\u00e7amento"},"content":{"rendered":"\n<p class=\"wp-block-paragraph\">Arranjo <em><strong>Cal\u00e7amento <\/strong><\/em><\/p>\n\n\n\n<p class=\"wp-block-paragraph\">O que chamamos de trama ou <em>arranjo<\/em> cristalino das rochas \u00edgneas, refere-se \u00e0 disposi\u00e7\u00e3o espacial dos minerais que est\u00e3o constituindo aquela rocha magm\u00e1tica. O arranjo pode ser gen\u00e9rico, quando refente a uma arquitetura geral da rocha. Podendo ser particular, quando est\u00e1 envolvendo rela\u00e7\u00f5es espaciais caracter\u00edsticas entre alguns minerais espec\u00edficos.<\/p>\n\n\n\n<p class=\"wp-block-paragraph\">O arranjo <em><strong>cal\u00e7amento<\/strong><\/em> pode ser observado tanto em amostras de campo (aspecto macrosc\u00f3pico) quanto em l\u00e2minas delgadas ao microsc\u00f3pio (aspecto microsc\u00f3pico). Esse arranjo \u00e9 um dos crit\u00e9rios usados para descrever a <strong>textura<\/strong> das rochas \u00edgneas.<\/p>\n\n\n\n<p class=\"wp-block-paragraph\">Este <em>arranjo<\/em> \u00e9 uma varia\u00e7\u00e3o da trama <strong>granular<\/strong>, sendo comum em peridotitos e piroxenitos onde ocorre justaposi\u00e7\u00e3o de cristais mais o menos equidimensionais com formas poligonais, com contato tr\u00edplice. <\/p>\n\n\n\n<p class=\"wp-block-paragraph\"><\/p>\n","protected":false},"excerpt":{"rendered":"<p>Arranjo Cal\u00e7amento O que chamamos de trama ou arranjo cristalino das rochas \u00edgneas, refere-se \u00e0 disposi\u00e7\u00e3o espacial dos minerais que est\u00e3o constituindo aquela rocha magm\u00e1tica. O arranjo pode ser gen\u00e9rico, quando refente a uma arquitetura geral da rocha. Podendo ser particular, quando est\u00e1 envolvendo rela\u00e7\u00f5es espaciais caracter\u00edsticas entre alguns minerais espec\u00edficos. O arranjo cal\u00e7amento pode [&hellip;]<\/p>\n","protected":false},"author":45,"featured_media":0,"parent":0,"menu_order":0,"comment_status":"closed","ping_status":"closed","template":"","meta":{"footnotes":""},"class_list":["post-923","page","type-page","status-publish","hentry"],"_links":{"self":[{"href":"https:\/\/projetos.ufpr.br\/atlaspetroignea\/wp-json\/wp\/v2\/pages\/923","targetHints":{"allow":["GET"]}}],"collection":[{"href":"https:\/\/projetos.ufpr.br\/atlaspetroignea\/wp-json\/wp\/v2\/pages"}],"about":[{"href":"https:\/\/projetos.ufpr.br\/atlaspetroignea\/wp-json\/wp\/v2\/types\/page"}],"author":[{"embeddable":true,"href":"https:\/\/projetos.ufpr.br\/atlaspetroignea\/wp-json\/wp\/v2\/users\/45"}],"replies":[{"embeddable":true,"href":"https:\/\/projetos.ufpr.br\/atlaspetroignea\/wp-json\/wp\/v2\/comments?post=923"}],"version-history":[{"count":3,"href":"https:\/\/projetos.ufpr.br\/atlaspetroignea\/wp-json\/wp\/v2\/pages\/923\/revisions"}],"predecessor-version":[{"id":946,"href":"https:\/\/projetos.ufpr.br\/atlaspetroignea\/wp-json\/wp\/v2\/pages\/923\/revisions\/946"}],"wp:attachment":[{"href":"https:\/\/projetos.ufpr.br\/atlaspetroignea\/wp-json\/wp\/v2\/media?parent=923"}],"curies":[{"name":"wp","href":"https:\/\/api.w.org\/{rel}","templated":true}]}}

Arranjo Calçamento

<p class="wp-block-paragraph">Arranjo <em><strong>Calçamento </strong></em></p>



<p class="wp-block-paragraph">O que chamamos de trama ou <em>arranjo</em> cristalino das rochas ígneas, refere-se à disposição espacial dos minerais que estão constituindo aquela rocha magmática. O arranjo pode ser genérico, quando refente a uma arquitetura geral da rocha. Podendo ser particular, quando está envolvendo relações espaciais características entre alguns minerais específicos.</p>



<p class="wp-block-paragraph">O arranjo <em><strong>calçamento</strong></em> pode ser observado tanto em amostras de campo (aspecto macroscópico) quanto em lâminas delgadas ao microscópio (aspecto microscópico). Esse arranjo é um dos critérios usados para descrever a <strong>textura</strong> das rochas ígneas.</p>



<p class="wp-block-paragraph">Este <em>arranjo</em> é uma variação da trama <strong>granular</strong>, sendo comum em peridotitos e piroxenitos onde ocorre justaposição de cristais mais o menos equidimensionais com formas poligonais, com contato tríplice. </p>



<p class="wp-block-paragraph"></p>

<p>Arranjo Calçamento O que chamamos de trama ou arranjo cristalino das rochas ígneas, refere-se à disposição espacial dos minerais que estão constituindo aquela rocha magmática. O arranjo pode ser genérico, quando refente a uma arquitetura geral da rocha. Podendo ser particular, quando está envolvendo relações espaciais características entre alguns minerais específicos. O arranjo calçamento pode [&hellip;]</p>
