{"id":956,"date":"2025-08-07T16:47:43","date_gmt":"2025-08-07T19:47:43","guid":{"rendered":"https:\/\/projetos.ufpr.br\/atlaspetroignea\/?page_id=956"},"modified":"2025-08-07T16:47:43","modified_gmt":"2025-08-07T19:47:43","slug":"arranjo-granular","status":"publish","type":"page","link":"https:\/\/projetos.ufpr.br\/atlaspetroignea\/arranjo-granular\/","title":{"rendered":"Arranjo Granular"},"content":{"rendered":"\n<p class=\"wp-block-paragraph\">Arranjo <em>Granular <\/em><\/p>\n\n\n\n<p class=\"wp-block-paragraph\">O que chamamos de <em>trama<\/em> ou&nbsp;<em>arranjo<\/em>&nbsp;cristalino das rochas \u00edgneas, refere-se \u00e0 disposi\u00e7\u00e3o espacial dos minerais que est\u00e3o constituindo aquela rocha magm\u00e1tica. O arranjo pode ser gen\u00e9rico, quando refente a uma arquitetura geral da rocha. Podendo ser particular, quando est\u00e1 envolvendo rela\u00e7\u00f5es espaciais caracter\u00edsticas entre alguns minerais espec\u00edficos.<\/p>\n\n\n\n<p class=\"wp-block-paragraph\">Este arranjo tem predom\u00ednio de minerais aproximadamente equidimensionais. <\/p>\n\n\n\n<p class=\"wp-block-paragraph\">Alguns tipos s\u00e3o:<\/p>\n\n\n\n<ul class=\"wp-block-list\">\n<li><a href=\"https:\/\/projetos.ufpr.br\/atlaspetroignea\/arranjo-calcamento\/\" data-type=\"page\" data-id=\"923\">Cal\u00e7amento<\/a>;<\/li>\n\n\n\n<li><a href=\"https:\/\/projetos.ufpr.br\/atlaspetroignea\/arranjo-intergranular\/\" data-type=\"page\" data-id=\"291\">Intergranular<\/a>;<\/li>\n\n\n\n<li><a href=\"https:\/\/projetos.ufpr.br\/atlaspetroignea\/arranjo-ofitico\/\" data-type=\"page\" data-id=\"296\">Of\u00edtico<\/a>;<\/li>\n\n\n\n<li><a href=\"https:\/\/projetos.ufpr.br\/atlaspetroignea\/arranjo-subofitico\/\" data-type=\"page\" data-id=\"307\">Subof\u00edtico<\/a>;<\/li>\n\n\n\n<li>Profir\u00edtica; <\/li>\n\n\n\n<li>Vitrof\u00edrica;<\/li>\n\n\n\n<li>Ves\u00edcular; <\/li>\n<\/ul>\n","protected":false},"excerpt":{"rendered":"<p>Arranjo Granular O que chamamos de trama ou&nbsp;arranjo&nbsp;cristalino das rochas \u00edgneas, refere-se \u00e0 disposi\u00e7\u00e3o espacial dos minerais que est\u00e3o constituindo aquela rocha magm\u00e1tica. O arranjo pode ser gen\u00e9rico, quando refente a uma arquitetura geral da rocha. Podendo ser particular, quando est\u00e1 envolvendo rela\u00e7\u00f5es espaciais caracter\u00edsticas entre alguns minerais espec\u00edficos. Este arranjo tem predom\u00ednio de minerais [&hellip;]<\/p>\n","protected":false},"author":45,"featured_media":0,"parent":0,"menu_order":0,"comment_status":"closed","ping_status":"closed","template":"","meta":{"footnotes":""},"class_list":["post-956","page","type-page","status-publish","hentry"],"_links":{"self":[{"href":"https:\/\/projetos.ufpr.br\/atlaspetroignea\/wp-json\/wp\/v2\/pages\/956","targetHints":{"allow":["GET"]}}],"collection":[{"href":"https:\/\/projetos.ufpr.br\/atlaspetroignea\/wp-json\/wp\/v2\/pages"}],"about":[{"href":"https:\/\/projetos.ufpr.br\/atlaspetroignea\/wp-json\/wp\/v2\/types\/page"}],"author":[{"embeddable":true,"href":"https:\/\/projetos.ufpr.br\/atlaspetroignea\/wp-json\/wp\/v2\/users\/45"}],"replies":[{"embeddable":true,"href":"https:\/\/projetos.ufpr.br\/atlaspetroignea\/wp-json\/wp\/v2\/comments?post=956"}],"version-history":[{"count":1,"href":"https:\/\/projetos.ufpr.br\/atlaspetroignea\/wp-json\/wp\/v2\/pages\/956\/revisions"}],"predecessor-version":[{"id":959,"href":"https:\/\/projetos.ufpr.br\/atlaspetroignea\/wp-json\/wp\/v2\/pages\/956\/revisions\/959"}],"wp:attachment":[{"href":"https:\/\/projetos.ufpr.br\/atlaspetroignea\/wp-json\/wp\/v2\/media?parent=956"}],"curies":[{"name":"wp","href":"https:\/\/api.w.org\/{rel}","templated":true}]}}

<p class="wp-block-paragraph">Arranjo <em>Granular </em></p>



<p class="wp-block-paragraph">O que chamamos de <em>trama</em> ou&nbsp;<em>arranjo</em>&nbsp;cristalino das rochas ígneas, refere-se à disposição espacial dos minerais que estão constituindo aquela rocha magmática. O arranjo pode ser genérico, quando refente a uma arquitetura geral da rocha. Podendo ser particular, quando está envolvendo relações espaciais características entre alguns minerais específicos.</p>



<p class="wp-block-paragraph">Este arranjo tem predomínio de minerais aproximadamente equidimensionais. </p>



<p class="wp-block-paragraph">Alguns tipos são:</p>



<ul class="wp-block-list">
<li><a href="https://projetos.ufpr.br/atlaspetroignea/arranjo-calcamento/" data-type="page" data-id="923">Calçamento</a>;</li>



<li><a href="https://projetos.ufpr.br/atlaspetroignea/arranjo-intergranular/" data-type="page" data-id="291">Intergranular</a>;</li>



<li><a href="https://projetos.ufpr.br/atlaspetroignea/arranjo-ofitico/" data-type="page" data-id="296">Ofítico</a>;</li>



<li><a href="https://projetos.ufpr.br/atlaspetroignea/arranjo-subofitico/" data-type="page" data-id="307">Subofítico</a>;</li>



<li>Profirítica; </li>



<li>Vitrofírica;</li>



<li>Vesícular; </li>
</ul>

<p>Arranjo Granular O que chamamos de trama ou&nbsp;arranjo&nbsp;cristalino das rochas ígneas, refere-se à disposição espacial dos minerais que estão constituindo aquela rocha magmática. O arranjo pode ser genérico, quando refente a uma arquitetura geral da rocha. Podendo ser particular, quando está envolvendo relações espaciais características entre alguns minerais específicos. Este arranjo tem predomínio de minerais [&hellip;]</p>
