{"id":964,"date":"2025-08-07T17:02:52","date_gmt":"2025-08-07T20:02:52","guid":{"rendered":"https:\/\/projetos.ufpr.br\/atlaspetroignea\/?page_id=964"},"modified":"2025-08-07T17:02:52","modified_gmt":"2025-08-07T20:02:52","slug":"arranjo-cataclatico","status":"publish","type":"page","link":"https:\/\/projetos.ufpr.br\/atlaspetroignea\/arranjo-cataclatico\/","title":{"rendered":"Arranjo Catacl\u00e1tico"},"content":{"rendered":"\n<p class=\"wp-block-paragraph\">Arranjo <em><strong>Catacl\u00e1tico<\/strong> <\/em><\/p>\n\n\n\n<p class=\"wp-block-paragraph\">O que chamamos de trama ou\u00a0<em>arranjo<\/em>\u00a0cristalino das rochas \u00edgneas, refere-se \u00e0 disposi\u00e7\u00e3o espacial dos minerais que est\u00e3o constituindo aquela rocha magm\u00e1tica. O arranjo pode ser gen\u00e9rico, quando refente a uma arquitetura geral da rocha. Podendo ser particular, quando est\u00e1 envolvendo rela\u00e7\u00f5es espaciais caracter\u00edsticas entre alguns minerais espec\u00edficos.<\/p>\n\n\n\n<p class=\"wp-block-paragraph\">O arranjo catacl\u00e1stico resulta da intensa <strong>fragmenta\u00e7\u00e3o<\/strong>, tritura\u00e7\u00e3o  e <strong>microgranula\u00e7\u00e3o dos minerais<\/strong> de rochas pr\u00e9-existentes por a\u00e7\u00e3o de esfor\u00e7os din\u00e2micos. Ou seja, geralmente causadas por tens\u00f5es tect\u00f4nicas intensas.<\/p>\n\n\n\n<p class=\"wp-block-paragraph\">Tamb\u00e9m presente em rochas metam\u00f3rficas, mas no caso das rochas \u00edgneas, este arranjo ocorre <strong>posteriormente a solidifica\u00e7\u00e3o<\/strong> sendo um tipo de <strong>deforma\u00e7\u00e3o p\u00f3s-formacional<\/strong>, e pode afetar tanto rochas intrusivas quanto extrusivas.<\/p>\n\n\n\n<p class=\"wp-block-paragraph\"><strong>Best (2003) \u2013 <em>Igneous and Metamorphic Petrology<\/em><\/strong><br>Define <strong>cataclasia<\/strong> como &#8220;um processo de deforma\u00e7\u00e3o mec\u00e2nica onde cristais maiores s\u00e3o fraturados, triturados ou rotacionados dentro de uma matriz finamente mo\u00edda, sem necessariamente passar por recristaliza\u00e7\u00e3o.&#8221;<\/p>\n\n\n\n<p class=\"wp-block-paragraph\"><strong>Shelley (1993) \u2013 <em>Igneous and Metamorphic Rocks under the Microscope<\/em><\/strong><br>Aponta que \u201ctexturas <strong>catacl\u00e1sticas<\/strong> s\u00e3o especialmente vis\u00edveis ao microsc\u00f3pio em rochas \u00edgneas deformadas, onde minerais como feldspatos e quartzo mostram fraturas, deslocamentos e bordas irregulares.\u201d<\/p>\n\n\n\n<p class=\"wp-block-paragraph\"><strong>Philpotts &amp; Ague (2009) \u2013 <em>Principles of Igneous and Metamorphic Petrology<\/em><\/strong><br>Observam que texturas <strong>catacl\u00e1sticas<\/strong> \u201cregistram deforma\u00e7\u00e3o fr\u00e1gil em temperaturas inferiores \u00e0s condi\u00e7\u00f5es de recristaliza\u00e7\u00e3o metam\u00f3rfica, preservando evid\u00eancias de estresse tect\u00f4nico posterior \u00e0 cristaliza\u00e7\u00e3o magm\u00e1tica.\u201d<\/p>\n\n\n\n<p class=\"wp-block-paragraph\"><\/p>\n","protected":false},"excerpt":{"rendered":"<p>Arranjo Catacl\u00e1tico O que chamamos de trama ou\u00a0arranjo\u00a0cristalino das rochas \u00edgneas, refere-se \u00e0 disposi\u00e7\u00e3o espacial dos minerais que est\u00e3o constituindo aquela rocha magm\u00e1tica. O arranjo pode ser gen\u00e9rico, quando refente a uma arquitetura geral da rocha. Podendo ser particular, quando est\u00e1 envolvendo rela\u00e7\u00f5es espaciais caracter\u00edsticas entre alguns minerais espec\u00edficos. O arranjo catacl\u00e1stico resulta da intensa [&hellip;]<\/p>\n","protected":false},"author":45,"featured_media":0,"parent":0,"menu_order":0,"comment_status":"closed","ping_status":"closed","template":"","meta":{"footnotes":""},"class_list":["post-964","page","type-page","status-publish","hentry"],"_links":{"self":[{"href":"https:\/\/projetos.ufpr.br\/atlaspetroignea\/wp-json\/wp\/v2\/pages\/964","targetHints":{"allow":["GET"]}}],"collection":[{"href":"https:\/\/projetos.ufpr.br\/atlaspetroignea\/wp-json\/wp\/v2\/pages"}],"about":[{"href":"https:\/\/projetos.ufpr.br\/atlaspetroignea\/wp-json\/wp\/v2\/types\/page"}],"author":[{"embeddable":true,"href":"https:\/\/projetos.ufpr.br\/atlaspetroignea\/wp-json\/wp\/v2\/users\/45"}],"replies":[{"embeddable":true,"href":"https:\/\/projetos.ufpr.br\/atlaspetroignea\/wp-json\/wp\/v2\/comments?post=964"}],"version-history":[{"count":1,"href":"https:\/\/projetos.ufpr.br\/atlaspetroignea\/wp-json\/wp\/v2\/pages\/964\/revisions"}],"predecessor-version":[{"id":965,"href":"https:\/\/projetos.ufpr.br\/atlaspetroignea\/wp-json\/wp\/v2\/pages\/964\/revisions\/965"}],"wp:attachment":[{"href":"https:\/\/projetos.ufpr.br\/atlaspetroignea\/wp-json\/wp\/v2\/media?parent=964"}],"curies":[{"name":"wp","href":"https:\/\/api.w.org\/{rel}","templated":true}]}}

Arranjo Cataclático

<p class="wp-block-paragraph">Arranjo <em><strong>Cataclático</strong> </em></p>



<p class="wp-block-paragraph">O que chamamos de trama ou <em>arranjo</em> cristalino das rochas ígneas, refere-se à disposição espacial dos minerais que estão constituindo aquela rocha magmática. O arranjo pode ser genérico, quando refente a uma arquitetura geral da rocha. Podendo ser particular, quando está envolvendo relações espaciais características entre alguns minerais específicos.</p>



<p class="wp-block-paragraph">O arranjo cataclástico resulta da intensa <strong>fragmentação</strong>, trituração  e <strong>microgranulação dos minerais</strong> de rochas pré-existentes por ação de esforços dinâmicos. Ou seja, geralmente causadas por tensões tectônicas intensas.</p>



<p class="wp-block-paragraph">Também presente em rochas metamórficas, mas no caso das rochas ígneas, este arranjo ocorre <strong>posteriormente a solidificação</strong> sendo um tipo de <strong>deformação pós-formacional</strong>, e pode afetar tanto rochas intrusivas quanto extrusivas.</p>



<p class="wp-block-paragraph"><strong>Best (2003) – <em>Igneous and Metamorphic Petrology</em></strong><br>Define <strong>cataclasia</strong> como &#8220;um processo de deformação mecânica onde cristais maiores são fraturados, triturados ou rotacionados dentro de uma matriz finamente moída, sem necessariamente passar por recristalização.&#8221;</p>



<p class="wp-block-paragraph"><strong>Shelley (1993) – <em>Igneous and Metamorphic Rocks under the Microscope</em></strong><br>Aponta que “texturas <strong>cataclásticas</strong> são especialmente visíveis ao microscópio em rochas ígneas deformadas, onde minerais como feldspatos e quartzo mostram fraturas, deslocamentos e bordas irregulares.”</p>



<p class="wp-block-paragraph"><strong>Philpotts &amp; Ague (2009) – <em>Principles of Igneous and Metamorphic Petrology</em></strong><br>Observam que texturas <strong>cataclásticas</strong> “registram deformação frágil em temperaturas inferiores às condições de recristalização metamórfica, preservando evidências de estresse tectônico posterior à cristalização magmática.”</p>



<p class="wp-block-paragraph"></p>

<p>Arranjo Cataclático O que chamamos de trama ou arranjo cristalino das rochas ígneas, refere-se à disposição espacial dos minerais que estão constituindo aquela rocha magmática. O arranjo pode ser genérico, quando refente a uma arquitetura geral da rocha. Podendo ser particular, quando está envolvendo relações espaciais características entre alguns minerais específicos. O arranjo cataclástico resulta da intensa [&hellip;]</p>
