{"id":26,"date":"2026-06-23T16:06:30","date_gmt":"2026-06-23T19:06:30","guid":{"rendered":"https:\/\/projetos.ufpr.br\/consolidaee\/sobre-o-projeto\/"},"modified":"2026-07-07T20:12:00","modified_gmt":"2026-07-07T23:12:00","slug":"sobre-o-projeto","status":"publish","type":"page","link":"https:\/\/projetos.ufpr.br\/consolidaee\/sobre-o-projeto\/","title":{"rendered":"Sobre o Projeto"},"content":{"rendered":"\n<p class=\"wp-block-paragraph\">A iniciativa do ConsolidaEE \u00e9 de aproveitar os conhecimentos adquiridos em disciplinas, programas de pesquisa, voluntariado acad\u00eamico ou monitoria criando a\u00e7\u00f5es pr\u00e1ticas que consolidem os conhecimentos e que possam atingir o p\u00fablico geral como forma de compartilhamento de conhecimento, curiosidade e inspira\u00e7\u00e3o da comunidade. A proposta do projeto \u00e9 ser abrangente e flex\u00edvel, permitindo que os pr\u00f3prios discentes possam ter iniciativas de a\u00e7\u00f5es e sugest\u00e3o de orientador.<\/p>\n\n\n\n<h2 class=\"wp-block-heading\">Objetivos<\/h2>\n\n\n\n<ul class=\"wp-block-list\">\n<li>Estimular a participa\u00e7\u00e3o ativa e o protagonismo dos alunos na defini\u00e7\u00e3o de a\u00e7\u00f5es.<\/li>\n\n\n\n<li>Proporcionar experi\u00eancias que conectem teoria e pr\u00e1tica e sejam disponibilizadas para comunidade interna e externa por meio de conte\u00fados digitais ou escritos.<\/li>\n\n\n\n<li>Fortalecer a rela\u00e7\u00e3o entre universidade e comunidade, promovendo aprendizado significativo e impacto social positivo.<\/li>\n\n\n\n<li>Receber candidatos ao curso de Engenharia El\u00e9trica apresentando o curso e departamento.<\/li>\n\n\n\n<li>Promover visitas t\u00e9cnicas ou a outras institui\u00e7\u00f5es de ensino com os discentes do curso de engenharia el\u00e9trica.<\/li>\n\n\n\n<li>Permitir que membros de outras institui\u00e7\u00f5es compartilhem o conhecimento aos discentes do curso de engenharia el\u00e9trica<\/li>\n<\/ul>\n\n\n\n<p class=\"wp-block-paragraph\"><\/p>\n\n\n\n<p class=\"wp-block-paragraph\"><\/p>\n","protected":false},"excerpt":{"rendered":"<p>A iniciativa do ConsolidaEE \u00e9 de aproveitar os conhecimentos adquiridos em disciplinas, programas de pesquisa, voluntariado acad\u00eamico ou monitoria criando a\u00e7\u00f5es pr\u00e1ticas que consolidem os conhecimentos e que possam atingir o p\u00fablico geral como forma de compartilhamento de conhecimento, curiosidade e inspira\u00e7\u00e3o da comunidade. A proposta do projeto \u00e9 ser abrangente e flex\u00edvel, permitindo que [&hellip;]<\/p>\n","protected":false},"author":12,"featured_media":0,"parent":0,"menu_order":0,"comment_status":"closed","ping_status":"closed","template":"page.php","meta":{"footnotes":""},"class_list":["post-26","page","type-page","status-publish","hentry"],"_links":{"self":[{"href":"https:\/\/projetos.ufpr.br\/consolidaee\/wp-json\/wp\/v2\/pages\/26","targetHints":{"allow":["GET"]}}],"collection":[{"href":"https:\/\/projetos.ufpr.br\/consolidaee\/wp-json\/wp\/v2\/pages"}],"about":[{"href":"https:\/\/projetos.ufpr.br\/consolidaee\/wp-json\/wp\/v2\/types\/page"}],"author":[{"embeddable":true,"href":"https:\/\/projetos.ufpr.br\/consolidaee\/wp-json\/wp\/v2\/users\/12"}],"replies":[{"embeddable":true,"href":"https:\/\/projetos.ufpr.br\/consolidaee\/wp-json\/wp\/v2\/comments?post=26"}],"version-history":[{"count":3,"href":"https:\/\/projetos.ufpr.br\/consolidaee\/wp-json\/wp\/v2\/pages\/26\/revisions"}],"predecessor-version":[{"id":310,"href":"https:\/\/projetos.ufpr.br\/consolidaee\/wp-json\/wp\/v2\/pages\/26\/revisions\/310"}],"wp:attachment":[{"href":"https:\/\/projetos.ufpr.br\/consolidaee\/wp-json\/wp\/v2\/media?parent=26"}],"curies":[{"name":"wp","href":"https:\/\/api.w.org\/{rel}","templated":true}]}}

<p class="wp-block-paragraph">A iniciativa do ConsolidaEE é de aproveitar os conhecimentos adquiridos em disciplinas, programas de pesquisa, voluntariado acadêmico ou monitoria criando ações práticas que consolidem os conhecimentos e que possam atingir o público geral como forma de compartilhamento de conhecimento, curiosidade e inspiração da comunidade. A proposta do projeto é ser abrangente e flexível, permitindo que os próprios discentes possam ter iniciativas de ações e sugestão de orientador.</p>



<h2 class="wp-block-heading">Objetivos</h2>



<ul class="wp-block-list">
<li>Estimular a participação ativa e o protagonismo dos alunos na definição de ações.</li>



<li>Proporcionar experiências que conectem teoria e prática e sejam disponibilizadas para comunidade interna e externa por meio de conteúdos digitais ou escritos.</li>



<li>Fortalecer a relação entre universidade e comunidade, promovendo aprendizado significativo e impacto social positivo.</li>



<li>Receber candidatos ao curso de Engenharia Elétrica apresentando o curso e departamento.</li>



<li>Promover visitas técnicas ou a outras instituições de ensino com os discentes do curso de engenharia elétrica.</li>



<li>Permitir que membros de outras instituições compartilhem o conhecimento aos discentes do curso de engenharia elétrica</li>
</ul>



<p class="wp-block-paragraph"></p>



<p class="wp-block-paragraph"></p>

<p>A iniciativa do ConsolidaEE é de aproveitar os conhecimentos adquiridos em disciplinas, programas de pesquisa, voluntariado acadêmico ou monitoria criando ações práticas que consolidem os conhecimentos e que possam atingir o público geral como forma de compartilhamento de conhecimento, curiosidade e inspiração da comunidade. A proposta do projeto é ser abrangente e flexível, permitindo que [&hellip;]</p>
