{"id":38,"date":"2026-06-23T16:06:30","date_gmt":"2026-06-23T19:06:30","guid":{"rendered":"https:\/\/projetos.ufpr.br\/consolidaee\/contato\/"},"modified":"2026-07-09T16:26:47","modified_gmt":"2026-07-09T19:26:47","slug":"contato","status":"publish","type":"page","link":"https:\/\/projetos.ufpr.br\/consolidaee\/contato\/","title":{"rendered":"Contato"},"content":{"rendered":"\n<h2 class=\"wp-block-heading\">ConsolidaEE \u2013 Engenharia El\u00e9trica<\/h2>\n\n\n\n<p class=\"wp-block-paragraph\">Tem d\u00favidas sobre o projeto, deseja participar das atividades ou obter mais informa\u00e7\u00f5es sobre as a\u00e7\u00f5es desenvolvidas pelo <strong>ConsolidaEE<\/strong>?<\/p>\n\n\n\n<p class=\"wp-block-paragraph\">Entre em contato com a equipe respons\u00e1vel pelo projeto utilizando os canais institucionais abaixo.<\/p>\n\n\n\n<h2 class=\"wp-block-heading\">Equipe respons\u00e1vel<\/h2>\n\n\n\n<p class=\"wp-block-paragraph\"><strong>Coordenador:<\/strong><br>Luis Schuartz<br>E-mail <a href=\"mailto:luisschuartz@ufpr.br\">luisschuartz@ufpr.br<\/a><\/p>\n\n\n\n<p class=\"wp-block-paragraph\"><strong>Vice-coordenador:<\/strong><br>Eduardo Lima<br>E-mail <a href=\"mailto:eduardo.lima@ufpr.br\">eduardo.lima@ufpr.br<\/a><\/p>\n\n\n\n<h2 class=\"wp-block-heading\">Publica\u00e7\u00f5es e divulga\u00e7\u00e3o de materiais<\/h2>\n\n\n\n<p class=\"wp-block-paragraph\">Para solicita\u00e7\u00f5es relacionadas \u00e0 publica\u00e7\u00e3o de conte\u00fados do projeto em plataformas como <strong>YouTube<\/strong> ou <strong>GitHub<\/strong>, entre em contato com:<\/p>\n\n\n\n<p class=\"wp-block-paragraph\"><strong>Gabriel Rodrigues Viscenheski<\/strong><\/p>\n\n\n\n<p class=\"wp-block-paragraph\">O contato deve ser realizado utilizando o <strong>e-mail institucional da Universidade Federal do Paran\u00e1 (UFPR)<\/strong>.<\/p>\n\n\n\n<h2 class=\"wp-block-heading\">Informa\u00e7\u00f5es do projeto<\/h2>\n\n\n\n<p class=\"wp-block-paragraph\"><strong>Projeto:<\/strong> ConsolidaEE \u2013 Consolida\u00e7\u00e3o: Consolidando os conhecimentos adquiridos em Engenharia El\u00e9trica<\/p>\n\n\n\n<p class=\"wp-block-paragraph\"><strong>Institui\u00e7\u00e3o:<\/strong> Universidade Federal do Paran\u00e1 \u2013 UFPR<br><strong>Departamento:<\/strong> Departamento de Engenharia El\u00e9trica (DELT)<\/p>\n\n\n\n<p class=\"wp-block-paragraph\">Para d\u00favidas, sugest\u00f5es, participa\u00e7\u00e3o nas atividades ou demais informa\u00e7\u00f5es, utilize os contatos institucionais da equipe respons\u00e1vel pelo projeto.<\/p>\n","protected":false},"excerpt":{"rendered":"<p>ConsolidaEE \u2013 Engenharia El\u00e9trica Tem d\u00favidas sobre o projeto, deseja participar das atividades ou obter mais informa\u00e7\u00f5es sobre as a\u00e7\u00f5es desenvolvidas pelo ConsolidaEE? Entre em contato com a equipe respons\u00e1vel pelo projeto utilizando os canais institucionais abaixo. Equipe respons\u00e1vel Coordenador:Luis SchuartzE-mail luisschuartz@ufpr.br Vice-coordenador:Eduardo LimaE-mail eduardo.lima@ufpr.br Publica\u00e7\u00f5es e divulga\u00e7\u00e3o de materiais Para solicita\u00e7\u00f5es relacionadas \u00e0 publica\u00e7\u00e3o [&hellip;]<\/p>\n","protected":false},"author":12,"featured_media":0,"parent":0,"menu_order":0,"comment_status":"closed","ping_status":"closed","template":"page.php","meta":{"footnotes":""},"class_list":["post-38","page","type-page","status-publish","hentry"],"_links":{"self":[{"href":"https:\/\/projetos.ufpr.br\/consolidaee\/wp-json\/wp\/v2\/pages\/38","targetHints":{"allow":["GET"]}}],"collection":[{"href":"https:\/\/projetos.ufpr.br\/consolidaee\/wp-json\/wp\/v2\/pages"}],"about":[{"href":"https:\/\/projetos.ufpr.br\/consolidaee\/wp-json\/wp\/v2\/types\/page"}],"author":[{"embeddable":true,"href":"https:\/\/projetos.ufpr.br\/consolidaee\/wp-json\/wp\/v2\/users\/12"}],"replies":[{"embeddable":true,"href":"https:\/\/projetos.ufpr.br\/consolidaee\/wp-json\/wp\/v2\/comments?post=38"}],"version-history":[{"count":2,"href":"https:\/\/projetos.ufpr.br\/consolidaee\/wp-json\/wp\/v2\/pages\/38\/revisions"}],"predecessor-version":[{"id":330,"href":"https:\/\/projetos.ufpr.br\/consolidaee\/wp-json\/wp\/v2\/pages\/38\/revisions\/330"}],"wp:attachment":[{"href":"https:\/\/projetos.ufpr.br\/consolidaee\/wp-json\/wp\/v2\/media?parent=38"}],"curies":[{"name":"wp","href":"https:\/\/api.w.org\/{rel}","templated":true}]}}

<h2 class="wp-block-heading">ConsolidaEE – Engenharia Elétrica</h2>



<p class="wp-block-paragraph">Tem dúvidas sobre o projeto, deseja participar das atividades ou obter mais informações sobre as ações desenvolvidas pelo <strong>ConsolidaEE</strong>?</p>



<p class="wp-block-paragraph">Entre em contato com a equipe responsável pelo projeto utilizando os canais institucionais abaixo.</p>



<h2 class="wp-block-heading">Equipe responsável</h2>



<p class="wp-block-paragraph"><strong>Coordenador:</strong><br>Luis Schuartz<br>E-mail <a href="mailto:luisschuartz@ufpr.br">luisschuartz@ufpr.br</a></p>



<p class="wp-block-paragraph"><strong>Vice-coordenador:</strong><br>Eduardo Lima<br>E-mail <a href="mailto:eduardo.lima@ufpr.br">eduardo.lima@ufpr.br</a></p>



<h2 class="wp-block-heading">Publicações e divulgação de materiais</h2>



<p class="wp-block-paragraph">Para solicitações relacionadas à publicação de conteúdos do projeto em plataformas como <strong>YouTube</strong> ou <strong>GitHub</strong>, entre em contato com:</p>



<p class="wp-block-paragraph"><strong>Gabriel Rodrigues Viscenheski</strong></p>



<p class="wp-block-paragraph">O contato deve ser realizado utilizando o <strong>e-mail institucional da Universidade Federal do Paraná (UFPR)</strong>.</p>



<h2 class="wp-block-heading">Informações do projeto</h2>



<p class="wp-block-paragraph"><strong>Projeto:</strong> ConsolidaEE – Consolidação: Consolidando os conhecimentos adquiridos em Engenharia Elétrica</p>



<p class="wp-block-paragraph"><strong>Instituição:</strong> Universidade Federal do Paraná – UFPR<br><strong>Departamento:</strong> Departamento de Engenharia Elétrica (DELT)</p>



<p class="wp-block-paragraph">Para dúvidas, sugestões, participação nas atividades ou demais informações, utilize os contatos institucionais da equipe responsável pelo projeto.</p>

<p>ConsolidaEE – Engenharia Elétrica Tem dúvidas sobre o projeto, deseja participar das atividades ou obter mais informações sobre as ações desenvolvidas pelo ConsolidaEE? Entre em contato com a equipe responsável pelo projeto utilizando os canais institucionais abaixo. Equipe responsável Coordenador:Luis SchuartzE-mail luisschuartz@ufpr.br Vice-coordenador:Eduardo LimaE-mail eduardo.lima@ufpr.br Publicações e divulgação de materiais Para solicitações relacionadas à publicação [&hellip;]</p>
