{"id":286,"date":"2026-05-15T11:43:54","date_gmt":"2026-05-15T14:43:54","guid":{"rendered":"https:\/\/projetos.ufpr.br\/genext\/?page_id=286"},"modified":"2026-05-20T12:34:52","modified_gmt":"2026-05-20T15:34:52","slug":"jornal-genetica-fora-da-caixa","status":"publish","type":"page","link":"https:\/\/projetos.ufpr.br\/genext\/mapa-do-site\/jornal-genetica-fora-da-caixa\/","title":{"rendered":"Jornal Gen\u00e9tica Fora da Caixa"},"content":{"rendered":"\n<p class=\"wp-block-paragraph\"><strong>T\u00edtulo: <\/strong>Gen\u00e9tica Fora da Caixa<\/p>\n\n\n\n<p class=\"wp-block-paragraph\"><strong>ISSN: <\/strong>3086-5549<\/p>\n\n\n\n<p class=\"wp-block-paragraph\"><strong>Periodicidade:<\/strong> Trimestral<\/p>\n\n\n\n<p class=\"wp-block-paragraph\"><strong>Institui\u00e7\u00e3o respons\u00e1vel:<\/strong> Universidade Federal do Paran\u00e1, Departamento de Gen\u00e9tica<\/p>\n\n\n\n<p class=\"wp-block-paragraph\"><strong>Endere\u00e7o: <\/strong>Departamento de Gen\u00e9tica &#8211; Av. Cel. Francisco H. dos Santos, 210 &#8211; Jardim das Am\u00e9ricas, 81530-001<\/p>\n\n\n\n<p class=\"wp-block-paragraph\"><strong>Cidade\/Estado\/Pa\u00eds: <\/strong>Curitiba, Paran\u00e1, Brasil<\/p>\n\n\n\n<p class=\"wp-block-paragraph\"><strong>E-mail:<\/strong> <a href=\"mailto:geneticaforadacaixa@gmail.com\">geneticaforadacaixa@gmail.com<\/a><\/p>\n\n\n\n<p class=\"wp-block-paragraph\"><strong>Fone:<\/strong> (41)3361-1684<\/p>\n\n\n\n<p class=\"wp-block-paragraph\"><strong>Editoras respons\u00e1veis:<\/strong> Profa. Fernanda Freitas de Oliveira; Profa. Talita Bombardelli<\/p>\n\n\n\n<p class=\"wp-block-paragraph\"><strong>Equipe editorial:<\/strong> Amanda Girardi, Beatriz Godoy, Fernando Andrade, Fernando Cassiano, Manoela de Oliveira, Maria Lu\u00edza Pereira, Vict\u00f3ria Padilha.<\/p>\n\n\n\n<p class=\"wp-block-paragraph\"><strong>Projeto vinculado: <\/strong>Projeto de extens\u00e3o Gen\u00e9tica Fora da Caixa<\/p>\n\n\n\n<hr class=\"wp-block-separator has-alpha-channel-opacity\" \/>\n\n\n\n<h2 class=\"wp-block-heading\">EDI\u00c7\u00c3O ATUAL<\/h2>\n\n\n\n<div class=\"wp-block-media-text is-stacked-on-mobile\"><figure class=\"wp-block-media-text__media\"><img loading=\"lazy\" decoding=\"async\" width=\"724\" height=\"1024\" src=\"https:\/\/projetos.ufpr.br\/genext\/wp-content\/uploads\/sites\/146\/2026\/05\/Jornal-Genetica-Fora-da-Caixa-5a-Edicao-Genetica-e-a-Importancia-das-Aves-2-724x1024.png\" alt=\"\" class=\"wp-image-342 size-full\" srcset=\"https:\/\/projetos.ufpr.br\/genext\/wp-content\/uploads\/sites\/146\/2026\/05\/Jornal-Genetica-Fora-da-Caixa-5a-Edicao-Genetica-e-a-Importancia-das-Aves-2-724x1024.png 724w, https:\/\/projetos.ufpr.br\/genext\/wp-content\/uploads\/sites\/146\/2026\/05\/Jornal-Genetica-Fora-da-Caixa-5a-Edicao-Genetica-e-a-Importancia-das-Aves-2-212x300.png 212w, https:\/\/projetos.ufpr.br\/genext\/wp-content\/uploads\/sites\/146\/2026\/05\/Jornal-Genetica-Fora-da-Caixa-5a-Edicao-Genetica-e-a-Importancia-das-Aves-2-768x1086.png 768w, https:\/\/projetos.ufpr.br\/genext\/wp-content\/uploads\/sites\/146\/2026\/05\/Jornal-Genetica-Fora-da-Caixa-5a-Edicao-Genetica-e-a-Importancia-das-Aves-2-1086x1536.png 1086w, https:\/\/projetos.ufpr.br\/genext\/wp-content\/uploads\/sites\/146\/2026\/05\/Jornal-Genetica-Fora-da-Caixa-5a-Edicao-Genetica-e-a-Importancia-das-Aves-2-69x98.png 69w, https:\/\/projetos.ufpr.br\/genext\/wp-content\/uploads\/sites\/146\/2026\/05\/Jornal-Genetica-Fora-da-Caixa-5a-Edicao-Genetica-e-a-Importancia-das-Aves-2-40x57.png 40w, https:\/\/projetos.ufpr.br\/genext\/wp-content\/uploads\/sites\/146\/2026\/05\/Jornal-Genetica-Fora-da-Caixa-5a-Edicao-Genetica-e-a-Importancia-das-Aves-2.png 1414w\" sizes=\"auto, (max-width: 724px) 100vw, 724px\" \/><\/figure><div class=\"wp-block-media-text__content\">\n<h2 class=\"wp-block-heading\"><strong>Gen\u00e9tica e a import\u00e2ncia das aves<\/strong><\/h2>\n\n\n\n<p class=\"wp-block-paragraph\">ISSN: 3086-5549<\/p>\n\n\n\n<p class=\"wp-block-paragraph\">V. 2, N.2 2025&nbsp;<\/p>\n\n\n\n<div class=\"wp-block-buttons is-layout-flex wp-block-buttons-is-layout-flex\">\n<div class=\"wp-block-button\"><a class=\"wp-block-button__link wp-element-button\" href=\"https:\/\/drive.google.com\/uc?export=download&amp;id=15FC5b9nwD3qjphqvb_azK53JD25Ie4_s\">PDF<\/a><\/div>\n<\/div>\n<\/div><\/div>\n\n\n\n<h2 class=\"wp-block-heading\">EDI\u00c7\u00d5ES ANTERIORES<\/h2>\n\n\n\n<div class=\"wp-block-media-text is-stacked-on-mobile\"><figure class=\"wp-block-media-text__media\"><img loading=\"lazy\" decoding=\"async\" width=\"724\" height=\"1024\" src=\"https:\/\/projetos.ufpr.br\/genext\/wp-content\/uploads\/sites\/146\/2026\/05\/Jornal-Genetica-Fora-da-Caixa-4a-Edicao-Abelhas-endemicas-do-Parana-724x1024.png\" alt=\"\" class=\"wp-image-331 size-full\" srcset=\"https:\/\/projetos.ufpr.br\/genext\/wp-content\/uploads\/sites\/146\/2026\/05\/Jornal-Genetica-Fora-da-Caixa-4a-Edicao-Abelhas-endemicas-do-Parana-724x1024.png 724w, https:\/\/projetos.ufpr.br\/genext\/wp-content\/uploads\/sites\/146\/2026\/05\/Jornal-Genetica-Fora-da-Caixa-4a-Edicao-Abelhas-endemicas-do-Parana-212x300.png 212w, https:\/\/projetos.ufpr.br\/genext\/wp-content\/uploads\/sites\/146\/2026\/05\/Jornal-Genetica-Fora-da-Caixa-4a-Edicao-Abelhas-endemicas-do-Parana-768x1086.png 768w, https:\/\/projetos.ufpr.br\/genext\/wp-content\/uploads\/sites\/146\/2026\/05\/Jornal-Genetica-Fora-da-Caixa-4a-Edicao-Abelhas-endemicas-do-Parana-1086x1536.png 1086w, https:\/\/projetos.ufpr.br\/genext\/wp-content\/uploads\/sites\/146\/2026\/05\/Jornal-Genetica-Fora-da-Caixa-4a-Edicao-Abelhas-endemicas-do-Parana-69x98.png 69w, https:\/\/projetos.ufpr.br\/genext\/wp-content\/uploads\/sites\/146\/2026\/05\/Jornal-Genetica-Fora-da-Caixa-4a-Edicao-Abelhas-endemicas-do-Parana-40x57.png 40w, https:\/\/projetos.ufpr.br\/genext\/wp-content\/uploads\/sites\/146\/2026\/05\/Jornal-Genetica-Fora-da-Caixa-4a-Edicao-Abelhas-endemicas-do-Parana.png 1414w\" sizes=\"auto, (max-width: 724px) 100vw, 724px\" \/><\/figure><div class=\"wp-block-media-text__content\">\n<h2 class=\"wp-block-heading\"><strong>Gen\u00e9tica e a import\u00e2ncia das abelhas<\/strong><\/h2>\n\n\n\n<p class=\"wp-block-paragraph\">ISSN 3086-5549<\/p>\n\n\n\n<p class=\"wp-block-paragraph\">V. 2, N.1 2025<\/p>\n\n\n\n<div class=\"wp-block-buttons is-layout-flex wp-block-buttons-is-layout-flex\">\n<div class=\"wp-block-button\"><a class=\"wp-block-button__link wp-element-button\" href=\"https:\/\/drive.google.com\/uc?export=download&amp;id=1ctv3jdDsV_TBpAaSZmCI385XNDNH6rHn\">PDF<\/a><\/div>\n<\/div>\n<\/div><\/div>\n\n\n\n<hr class=\"wp-block-separator has-alpha-channel-opacity\" \/>\n\n\n\n<div class=\"wp-block-media-text is-stacked-on-mobile\"><figure class=\"wp-block-media-text__media\"><img loading=\"lazy\" decoding=\"async\" width=\"724\" height=\"1024\" src=\"https:\/\/projetos.ufpr.br\/genext\/wp-content\/uploads\/sites\/146\/2026\/05\/Jornal-Genetica-Fora-da-Caixa-2a-Edicao-724x1024.png\" alt=\"\" class=\"wp-image-328 size-full\" srcset=\"https:\/\/projetos.ufpr.br\/genext\/wp-content\/uploads\/sites\/146\/2026\/05\/Jornal-Genetica-Fora-da-Caixa-2a-Edicao-724x1024.png 724w, https:\/\/projetos.ufpr.br\/genext\/wp-content\/uploads\/sites\/146\/2026\/05\/Jornal-Genetica-Fora-da-Caixa-2a-Edicao-212x300.png 212w, https:\/\/projetos.ufpr.br\/genext\/wp-content\/uploads\/sites\/146\/2026\/05\/Jornal-Genetica-Fora-da-Caixa-2a-Edicao-768x1086.png 768w, https:\/\/projetos.ufpr.br\/genext\/wp-content\/uploads\/sites\/146\/2026\/05\/Jornal-Genetica-Fora-da-Caixa-2a-Edicao-1086x1536.png 1086w, https:\/\/projetos.ufpr.br\/genext\/wp-content\/uploads\/sites\/146\/2026\/05\/Jornal-Genetica-Fora-da-Caixa-2a-Edicao-69x98.png 69w, https:\/\/projetos.ufpr.br\/genext\/wp-content\/uploads\/sites\/146\/2026\/05\/Jornal-Genetica-Fora-da-Caixa-2a-Edicao-40x57.png 40w, https:\/\/projetos.ufpr.br\/genext\/wp-content\/uploads\/sites\/146\/2026\/05\/Jornal-Genetica-Fora-da-Caixa-2a-Edicao.png 1414w\" sizes=\"auto, (max-width: 724px) 100vw, 724px\" \/><\/figure><div class=\"wp-block-media-text__content\">\n<h2 class=\"wp-block-heading\"><strong>CRISPR: a era da edi\u00e7\u00e3o g\u00eanica<\/strong><\/h2>\n\n\n\n<p class=\"wp-block-paragraph\">ISSN 3086-5549<\/p>\n\n\n\n<p class=\"wp-block-paragraph\">V. 1, N.2 2024<\/p>\n\n\n\n<div class=\"wp-block-buttons is-layout-flex wp-block-buttons-is-layout-flex\">\n<div class=\"wp-block-button\"><a class=\"wp-block-button__link wp-element-button\" href=\"https:\/\/drive.google.com\/uc?export=download&amp;id=1tS1k12If-UVGumFTQh37F4RcOQg9z085\">PDF<\/a><\/div>\n<\/div>\n<\/div><\/div>\n\n\n\n<hr class=\"wp-block-separator has-alpha-channel-opacity\" \/>\n\n\n\n<div class=\"wp-block-media-text is-stacked-on-mobile\"><figure class=\"wp-block-media-text__media\"><img loading=\"lazy\" decoding=\"async\" width=\"724\" height=\"1024\" src=\"https:\/\/projetos.ufpr.br\/genext\/wp-content\/uploads\/sites\/146\/2026\/05\/Revista-Genetica-Fora-da-Caixa-724x1024.png\" alt=\"\" class=\"wp-image-327 size-full\" srcset=\"https:\/\/projetos.ufpr.br\/genext\/wp-content\/uploads\/sites\/146\/2026\/05\/Revista-Genetica-Fora-da-Caixa-724x1024.png 724w, https:\/\/projetos.ufpr.br\/genext\/wp-content\/uploads\/sites\/146\/2026\/05\/Revista-Genetica-Fora-da-Caixa-212x300.png 212w, https:\/\/projetos.ufpr.br\/genext\/wp-content\/uploads\/sites\/146\/2026\/05\/Revista-Genetica-Fora-da-Caixa-768x1086.png 768w, https:\/\/projetos.ufpr.br\/genext\/wp-content\/uploads\/sites\/146\/2026\/05\/Revista-Genetica-Fora-da-Caixa-1086x1536.png 1086w, https:\/\/projetos.ufpr.br\/genext\/wp-content\/uploads\/sites\/146\/2026\/05\/Revista-Genetica-Fora-da-Caixa-69x98.png 69w, https:\/\/projetos.ufpr.br\/genext\/wp-content\/uploads\/sites\/146\/2026\/05\/Revista-Genetica-Fora-da-Caixa-40x57.png 40w, https:\/\/projetos.ufpr.br\/genext\/wp-content\/uploads\/sites\/146\/2026\/05\/Revista-Genetica-Fora-da-Caixa.png 1414w\" sizes=\"auto, (max-width: 724px) 100vw, 724px\" \/><\/figure><div class=\"wp-block-media-text__content\">\n<h2 class=\"wp-block-heading\"><strong>Fenilceton\u00faria: conceitos fundamentais e avan\u00e7os terap\u00eauticos<\/strong><\/h2>\n\n\n\n<p class=\"wp-block-paragraph\">ISSN 3086-5549<\/p>\n\n\n\n<p class=\"wp-block-paragraph\">V. 1, N.1 2024<\/p>\n\n\n\n<div class=\"wp-block-buttons is-layout-flex wp-block-buttons-is-layout-flex\">\n<div class=\"wp-block-button\"><a class=\"wp-block-button__link wp-element-button\" href=\"https:\/\/drive.google.com\/uc?export=download&amp;id=1asuJdIFyQIzDeSRhrDR9WWmch__Iasuy\">PDF<\/a><\/div>\n<\/div>\n<\/div><\/div>\n\n\n\n<hr class=\"wp-block-separator has-alpha-channel-opacity\" \/>\n\n\n\n<p class=\"wp-block-paragraph\"><\/p>\n","protected":false},"excerpt":{"rendered":"<p>T\u00edtulo: Gen\u00e9tica Fora da Caixa ISSN: 3086-5549 Periodicidade: Trimestral Institui\u00e7\u00e3o respons\u00e1vel: Universidade Federal do Paran\u00e1, Departamento de Gen\u00e9tica Endere\u00e7o: Departamento de Gen\u00e9tica &#8211; Av. Cel. Francisco H. dos Santos, 210 &#8211; Jardim das Am\u00e9ricas, 81530-001 Cidade\/Estado\/Pa\u00eds: Curitiba, Paran\u00e1, Brasil E-mail: geneticaforadacaixa@gmail.com Fone: (41)3361-1684 Editoras respons\u00e1veis: Profa. Fernanda Freitas de Oliveira; Profa. Talita Bombardelli Equipe editorial: [&hellip;]<\/p>\n","protected":false},"author":167,"featured_media":0,"parent":48,"menu_order":0,"comment_status":"closed","ping_status":"closed","template":"","meta":{"footnotes":""},"class_list":["post-286","page","type-page","status-publish","hentry"],"_links":{"self":[{"href":"https:\/\/projetos.ufpr.br\/genext\/wp-json\/wp\/v2\/pages\/286","targetHints":{"allow":["GET"]}}],"collection":[{"href":"https:\/\/projetos.ufpr.br\/genext\/wp-json\/wp\/v2\/pages"}],"about":[{"href":"https:\/\/projetos.ufpr.br\/genext\/wp-json\/wp\/v2\/types\/page"}],"author":[{"embeddable":true,"href":"https:\/\/projetos.ufpr.br\/genext\/wp-json\/wp\/v2\/users\/167"}],"replies":[{"embeddable":true,"href":"https:\/\/projetos.ufpr.br\/genext\/wp-json\/wp\/v2\/comments?post=286"}],"version-history":[{"count":6,"href":"https:\/\/projetos.ufpr.br\/genext\/wp-json\/wp\/v2\/pages\/286\/revisions"}],"predecessor-version":[{"id":347,"href":"https:\/\/projetos.ufpr.br\/genext\/wp-json\/wp\/v2\/pages\/286\/revisions\/347"}],"up":[{"embeddable":true,"href":"https:\/\/projetos.ufpr.br\/genext\/wp-json\/wp\/v2\/pages\/48"}],"wp:attachment":[{"href":"https:\/\/projetos.ufpr.br\/genext\/wp-json\/wp\/v2\/media?parent=286"}],"curies":[{"name":"wp","href":"https:\/\/api.w.org\/{rel}","templated":true}]}}

Jornal Genética Fora da Caixa

<p class="wp-block-paragraph"><strong>Título: </strong>Genética Fora da Caixa</p>



<p class="wp-block-paragraph"><strong>ISSN: </strong>3086-5549</p>



<p class="wp-block-paragraph"><strong>Periodicidade:</strong> Trimestral</p>



<p class="wp-block-paragraph"><strong>Instituição responsável:</strong> Universidade Federal do Paraná, Departamento de Genética</p>



<p class="wp-block-paragraph"><strong>Endereço: </strong>Departamento de Genética &#8211; Av. Cel. Francisco H. dos Santos, 210 &#8211; Jardim das Américas, 81530-001</p>



<p class="wp-block-paragraph"><strong>Cidade/Estado/País: </strong>Curitiba, Paraná, Brasil</p>



<p class="wp-block-paragraph"><strong>E-mail:</strong> <a href="mailto:geneticaforadacaixa@gmail.com">geneticaforadacaixa@gmail.com</a></p>



<p class="wp-block-paragraph"><strong>Fone:</strong> (41)3361-1684</p>



<p class="wp-block-paragraph"><strong>Editoras responsáveis:</strong> Profa. Fernanda Freitas de Oliveira; Profa. Talita Bombardelli</p>



<p class="wp-block-paragraph"><strong>Equipe editorial:</strong> Amanda Girardi, Beatriz Godoy, Fernando Andrade, Fernando Cassiano, Manoela de Oliveira, Maria Luíza Pereira, Victória Padilha.</p>



<p class="wp-block-paragraph"><strong>Projeto vinculado: </strong>Projeto de extensão Genética Fora da Caixa</p>



<hr class="wp-block-separator has-alpha-channel-opacity" />



<h2 class="wp-block-heading">EDIÇÃO ATUAL</h2>



<div class="wp-block-media-text is-stacked-on-mobile"><figure class="wp-block-media-text__media"><img loading="lazy" decoding="async" width="724" height="1024" src="https://projetos.ufpr.br/genext/wp-content/uploads/sites/146/2026/05/Jornal-Genetica-Fora-da-Caixa-5a-Edicao-Genetica-e-a-Importancia-das-Aves-2-724x1024.png" alt="" class="wp-image-342 size-full" srcset="https://projetos.ufpr.br/genext/wp-content/uploads/sites/146/2026/05/Jornal-Genetica-Fora-da-Caixa-5a-Edicao-Genetica-e-a-Importancia-das-Aves-2-724x1024.png 724w, https://projetos.ufpr.br/genext/wp-content/uploads/sites/146/2026/05/Jornal-Genetica-Fora-da-Caixa-5a-Edicao-Genetica-e-a-Importancia-das-Aves-2-212x300.png 212w, https://projetos.ufpr.br/genext/wp-content/uploads/sites/146/2026/05/Jornal-Genetica-Fora-da-Caixa-5a-Edicao-Genetica-e-a-Importancia-das-Aves-2-768x1086.png 768w, https://projetos.ufpr.br/genext/wp-content/uploads/sites/146/2026/05/Jornal-Genetica-Fora-da-Caixa-5a-Edicao-Genetica-e-a-Importancia-das-Aves-2-1086x1536.png 1086w, https://projetos.ufpr.br/genext/wp-content/uploads/sites/146/2026/05/Jornal-Genetica-Fora-da-Caixa-5a-Edicao-Genetica-e-a-Importancia-das-Aves-2-69x98.png 69w, https://projetos.ufpr.br/genext/wp-content/uploads/sites/146/2026/05/Jornal-Genetica-Fora-da-Caixa-5a-Edicao-Genetica-e-a-Importancia-das-Aves-2-40x57.png 40w, https://projetos.ufpr.br/genext/wp-content/uploads/sites/146/2026/05/Jornal-Genetica-Fora-da-Caixa-5a-Edicao-Genetica-e-a-Importancia-das-Aves-2.png 1414w" sizes="auto, (max-width: 724px) 100vw, 724px" /></figure><div class="wp-block-media-text__content">
<h2 class="wp-block-heading"><strong>Genética e a importância das aves</strong></h2>



<p class="wp-block-paragraph">ISSN: 3086-5549</p>



<p class="wp-block-paragraph">V. 2, N.2 2025&nbsp;</p>



<div class="wp-block-buttons is-layout-flex wp-block-buttons-is-layout-flex">
<div class="wp-block-button"><a class="wp-block-button__link wp-element-button" href="https://drive.google.com/uc?export=download&amp;id=15FC5b9nwD3qjphqvb_azK53JD25Ie4_s">PDF</a></div>
</div>
</div></div>



<h2 class="wp-block-heading">EDIÇÕES ANTERIORES</h2>



<div class="wp-block-media-text is-stacked-on-mobile"><figure class="wp-block-media-text__media"><img loading="lazy" decoding="async" width="724" height="1024" src="https://projetos.ufpr.br/genext/wp-content/uploads/sites/146/2026/05/Jornal-Genetica-Fora-da-Caixa-4a-Edicao-Abelhas-endemicas-do-Parana-724x1024.png" alt="" class="wp-image-331 size-full" srcset="https://projetos.ufpr.br/genext/wp-content/uploads/sites/146/2026/05/Jornal-Genetica-Fora-da-Caixa-4a-Edicao-Abelhas-endemicas-do-Parana-724x1024.png 724w, https://projetos.ufpr.br/genext/wp-content/uploads/sites/146/2026/05/Jornal-Genetica-Fora-da-Caixa-4a-Edicao-Abelhas-endemicas-do-Parana-212x300.png 212w, https://projetos.ufpr.br/genext/wp-content/uploads/sites/146/2026/05/Jornal-Genetica-Fora-da-Caixa-4a-Edicao-Abelhas-endemicas-do-Parana-768x1086.png 768w, https://projetos.ufpr.br/genext/wp-content/uploads/sites/146/2026/05/Jornal-Genetica-Fora-da-Caixa-4a-Edicao-Abelhas-endemicas-do-Parana-1086x1536.png 1086w, https://projetos.ufpr.br/genext/wp-content/uploads/sites/146/2026/05/Jornal-Genetica-Fora-da-Caixa-4a-Edicao-Abelhas-endemicas-do-Parana-69x98.png 69w, https://projetos.ufpr.br/genext/wp-content/uploads/sites/146/2026/05/Jornal-Genetica-Fora-da-Caixa-4a-Edicao-Abelhas-endemicas-do-Parana-40x57.png 40w, https://projetos.ufpr.br/genext/wp-content/uploads/sites/146/2026/05/Jornal-Genetica-Fora-da-Caixa-4a-Edicao-Abelhas-endemicas-do-Parana.png 1414w" sizes="auto, (max-width: 724px) 100vw, 724px" /></figure><div class="wp-block-media-text__content">
<h2 class="wp-block-heading"><strong>Genética e a importância das abelhas</strong></h2>



<p class="wp-block-paragraph">ISSN 3086-5549</p>



<p class="wp-block-paragraph">V. 2, N.1 2025</p>



<div class="wp-block-buttons is-layout-flex wp-block-buttons-is-layout-flex">
<div class="wp-block-button"><a class="wp-block-button__link wp-element-button" href="https://drive.google.com/uc?export=download&amp;id=1ctv3jdDsV_TBpAaSZmCI385XNDNH6rHn">PDF</a></div>
</div>
</div></div>



<hr class="wp-block-separator has-alpha-channel-opacity" />



<div class="wp-block-media-text is-stacked-on-mobile"><figure class="wp-block-media-text__media"><img loading="lazy" decoding="async" width="724" height="1024" src="https://projetos.ufpr.br/genext/wp-content/uploads/sites/146/2026/05/Jornal-Genetica-Fora-da-Caixa-2a-Edicao-724x1024.png" alt="" class="wp-image-328 size-full" srcset="https://projetos.ufpr.br/genext/wp-content/uploads/sites/146/2026/05/Jornal-Genetica-Fora-da-Caixa-2a-Edicao-724x1024.png 724w, https://projetos.ufpr.br/genext/wp-content/uploads/sites/146/2026/05/Jornal-Genetica-Fora-da-Caixa-2a-Edicao-212x300.png 212w, https://projetos.ufpr.br/genext/wp-content/uploads/sites/146/2026/05/Jornal-Genetica-Fora-da-Caixa-2a-Edicao-768x1086.png 768w, https://projetos.ufpr.br/genext/wp-content/uploads/sites/146/2026/05/Jornal-Genetica-Fora-da-Caixa-2a-Edicao-1086x1536.png 1086w, https://projetos.ufpr.br/genext/wp-content/uploads/sites/146/2026/05/Jornal-Genetica-Fora-da-Caixa-2a-Edicao-69x98.png 69w, https://projetos.ufpr.br/genext/wp-content/uploads/sites/146/2026/05/Jornal-Genetica-Fora-da-Caixa-2a-Edicao-40x57.png 40w, https://projetos.ufpr.br/genext/wp-content/uploads/sites/146/2026/05/Jornal-Genetica-Fora-da-Caixa-2a-Edicao.png 1414w" sizes="auto, (max-width: 724px) 100vw, 724px" /></figure><div class="wp-block-media-text__content">
<h2 class="wp-block-heading"><strong>CRISPR: a era da edição gênica</strong></h2>



<p class="wp-block-paragraph">ISSN 3086-5549</p>



<p class="wp-block-paragraph">V. 1, N.2 2024</p>



<div class="wp-block-buttons is-layout-flex wp-block-buttons-is-layout-flex">
<div class="wp-block-button"><a class="wp-block-button__link wp-element-button" href="https://drive.google.com/uc?export=download&amp;id=1tS1k12If-UVGumFTQh37F4RcOQg9z085">PDF</a></div>
</div>
</div></div>



<hr class="wp-block-separator has-alpha-channel-opacity" />



<div class="wp-block-media-text is-stacked-on-mobile"><figure class="wp-block-media-text__media"><img loading="lazy" decoding="async" width="724" height="1024" src="https://projetos.ufpr.br/genext/wp-content/uploads/sites/146/2026/05/Revista-Genetica-Fora-da-Caixa-724x1024.png" alt="" class="wp-image-327 size-full" srcset="https://projetos.ufpr.br/genext/wp-content/uploads/sites/146/2026/05/Revista-Genetica-Fora-da-Caixa-724x1024.png 724w, https://projetos.ufpr.br/genext/wp-content/uploads/sites/146/2026/05/Revista-Genetica-Fora-da-Caixa-212x300.png 212w, https://projetos.ufpr.br/genext/wp-content/uploads/sites/146/2026/05/Revista-Genetica-Fora-da-Caixa-768x1086.png 768w, https://projetos.ufpr.br/genext/wp-content/uploads/sites/146/2026/05/Revista-Genetica-Fora-da-Caixa-1086x1536.png 1086w, https://projetos.ufpr.br/genext/wp-content/uploads/sites/146/2026/05/Revista-Genetica-Fora-da-Caixa-69x98.png 69w, https://projetos.ufpr.br/genext/wp-content/uploads/sites/146/2026/05/Revista-Genetica-Fora-da-Caixa-40x57.png 40w, https://projetos.ufpr.br/genext/wp-content/uploads/sites/146/2026/05/Revista-Genetica-Fora-da-Caixa.png 1414w" sizes="auto, (max-width: 724px) 100vw, 724px" /></figure><div class="wp-block-media-text__content">
<h2 class="wp-block-heading"><strong>Fenilcetonúria: conceitos fundamentais e avanços terapêuticos</strong></h2>



<p class="wp-block-paragraph">ISSN 3086-5549</p>



<p class="wp-block-paragraph">V. 1, N.1 2024</p>



<div class="wp-block-buttons is-layout-flex wp-block-buttons-is-layout-flex">
<div class="wp-block-button"><a class="wp-block-button__link wp-element-button" href="https://drive.google.com/uc?export=download&amp;id=1asuJdIFyQIzDeSRhrDR9WWmch__Iasuy">PDF</a></div>
</div>
</div></div>



<hr class="wp-block-separator has-alpha-channel-opacity" />



<p class="wp-block-paragraph"></p>

<p>Título: Genética Fora da Caixa ISSN: 3086-5549 Periodicidade: Trimestral Instituição responsável: Universidade Federal do Paraná, Departamento de Genética Endereço: Departamento de Genética &#8211; Av. Cel. Francisco H. dos Santos, 210 &#8211; Jardim das Américas, 81530-001 Cidade/Estado/País: Curitiba, Paraná, Brasil E-mail: geneticaforadacaixa@gmail.com Fone: (41)3361-1684 Editoras responsáveis: Profa. Fernanda Freitas de Oliveira; Profa. Talita Bombardelli Equipe editorial: [&hellip;]</p>
