{"id":498,"date":"2026-06-23T09:43:00","date_gmt":"2026-06-23T12:43:00","guid":{"rendered":"https:\/\/projetos.ufpr.br\/gestex\/?page_id=498"},"modified":"2026-08-24T09:20:20","modified_gmt":"2026-08-24T12:20:20","slug":"menu-de-galerias","status":"publish","type":"page","link":"https:\/\/projetos.ufpr.br\/gestex\/menu-de-galerias\/","title":{"rendered":"GALERIA"},"content":{"rendered":"\n<div class=\"wp-block-columns is-layout-flex wp-container-core-columns-is-layout-8f761849 wp-block-columns-is-layout-flex\">\n<div class=\"wp-block-column is-layout-flow wp-block-column-is-layout-flow\">\n<figure class=\"wp-block-image aligncenter size-large\"><a href=\"https:\/\/projetos.ufpr.br\/gestex\/galeria-de-videos-caminho-do-vinho\/\"><img loading=\"lazy\" decoding=\"async\" width=\"1024\" height=\"576\" src=\"https:\/\/projetos.ufpr.br\/gestex\/wp-content\/uploads\/sites\/21\/2026\/04\/1-4-1024x576.png\" alt=\"\" class=\"wp-image-434\" srcset=\"https:\/\/projetos.ufpr.br\/gestex\/wp-content\/uploads\/sites\/21\/2026\/04\/1-4-1024x576.png 1024w, https:\/\/projetos.ufpr.br\/gestex\/wp-content\/uploads\/sites\/21\/2026\/04\/1-4-300x169.png 300w, https:\/\/projetos.ufpr.br\/gestex\/wp-content\/uploads\/sites\/21\/2026\/04\/1-4-768x432.png 768w, https:\/\/projetos.ufpr.br\/gestex\/wp-content\/uploads\/sites\/21\/2026\/04\/1-4-175x98.png 175w, https:\/\/projetos.ufpr.br\/gestex\/wp-content\/uploads\/sites\/21\/2026\/04\/1-4-75x42.png 75w, https:\/\/projetos.ufpr.br\/gestex\/wp-content\/uploads\/sites\/21\/2026\/04\/1-4.png 1280w\" sizes=\"auto, (max-width: 1024px) 100vw, 1024px\" \/><\/a><\/figure>\n\n\n\n<p class=\"has-text-align-center wp-block-paragraph\"><strong><mark class=\"has-inline-color has-black-color\">ENTREVISTAS NO CAMINHO DO VINHO<\/mark><\/strong><\/p>\n<\/div>\n\n\n\n<div class=\"wp-block-column is-layout-flow wp-block-column-is-layout-flow\">\n<figure class=\"wp-block-image size-full\"><a href=\"https:\/\/projetos.ufpr.br\/gestex\/documentarios-de-administracao-publica\/\"><img loading=\"lazy\" decoding=\"async\" width=\"1437\" height=\"810\" src=\"https:\/\/projetos.ufpr.br\/gestex\/wp-content\/uploads\/sites\/21\/2026\/06\/WhatsApp-Image-2026-06-17-at-16.12.05.jpg\" alt=\"\" class=\"wp-image-544\" \/><\/a><\/figure>\n\n\n\n<p class=\"has-text-align-center wp-block-paragraph\"><strong><mark class=\"has-inline-color has-black-color\">DOCUMENT\u00c1RIOS DE ADMINISTRA\u00c7\u00c3O P\u00daBLICA<\/mark><\/strong><\/p>\n<\/div>\n\n\n\n<div class=\"wp-block-column is-layout-flow wp-block-column-is-layout-flow\">\n<figure class=\"wp-block-image size-large\"><a href=\"https:\/\/projetos.ufpr.br\/gestex\/videos-business-talk\/\"><img loading=\"lazy\" decoding=\"async\" width=\"1024\" height=\"576\" src=\"https:\/\/projetos.ufpr.br\/gestex\/wp-content\/uploads\/sites\/21\/2026\/06\/Capa-Business-Talk-1024x576.png\" alt=\"\" class=\"wp-image-548\" srcset=\"https:\/\/projetos.ufpr.br\/gestex\/wp-content\/uploads\/sites\/21\/2026\/06\/Capa-Business-Talk-1024x576.png 1024w, https:\/\/projetos.ufpr.br\/gestex\/wp-content\/uploads\/sites\/21\/2026\/06\/Capa-Business-Talk-300x169.png 300w, https:\/\/projetos.ufpr.br\/gestex\/wp-content\/uploads\/sites\/21\/2026\/06\/Capa-Business-Talk-768x432.png 768w, https:\/\/projetos.ufpr.br\/gestex\/wp-content\/uploads\/sites\/21\/2026\/06\/Capa-Business-Talk-175x98.png 175w, https:\/\/projetos.ufpr.br\/gestex\/wp-content\/uploads\/sites\/21\/2026\/06\/Capa-Business-Talk-75x42.png 75w, https:\/\/projetos.ufpr.br\/gestex\/wp-content\/uploads\/sites\/21\/2026\/06\/Capa-Business-Talk.png 1280w\" sizes=\"auto, (max-width: 1024px) 100vw, 1024px\" \/><\/a><\/figure>\n\n\n\n<p class=\"has-text-align-center wp-block-paragraph\"><strong><mark class=\"has-inline-color has-black-color\">V\u00cdDEOS BUSINESS TALK<\/mark><\/strong><\/p>\n<\/div>\n<\/div>\n\n\n\n<div class=\"wp-block-columns is-layout-flex wp-container-core-columns-is-layout-8f761849 wp-block-columns-is-layout-flex\">\n<div class=\"wp-block-column is-layout-flow wp-block-column-is-layout-flow\">\n<figure class=\"wp-block-image size-full\"><img loading=\"lazy\" decoding=\"async\" width=\"1439\" height=\"809\" src=\"https:\/\/projetos.ufpr.br\/gestex\/wp-content\/uploads\/sites\/21\/2026\/06\/WhatsApp-Image-2026-06-17-at-16.12.051.jpg\" alt=\"\" class=\"wp-image-547\" \/><\/figure>\n\n\n\n<p class=\"has-text-align-center wp-block-paragraph\"><strong><mark class=\"has-inline-color has-black-color\">OUTROS EVENTOS<\/mark><\/strong><\/p>\n<\/div>\n\n\n\n<div class=\"wp-block-column is-layout-flow wp-block-column-is-layout-flow\">\n<figure class=\"wp-block-image size-large\"><a href=\"https:\/\/projetos.ufpr.br\/gestex\/analise-e-implementacao-estrategica\/\"><img loading=\"lazy\" decoding=\"async\" width=\"1024\" height=\"576\" src=\"https:\/\/projetos.ufpr.br\/gestex\/wp-content\/uploads\/sites\/21\/2026\/08\/capa_implementacao-1-1024x576.png\" alt=\"\" class=\"wp-image-746\" srcset=\"https:\/\/projetos.ufpr.br\/gestex\/wp-content\/uploads\/sites\/21\/2026\/08\/capa_implementacao-1-1024x576.png 1024w, https:\/\/projetos.ufpr.br\/gestex\/wp-content\/uploads\/sites\/21\/2026\/08\/capa_implementacao-1-300x169.png 300w, https:\/\/projetos.ufpr.br\/gestex\/wp-content\/uploads\/sites\/21\/2026\/08\/capa_implementacao-1-768x432.png 768w, https:\/\/projetos.ufpr.br\/gestex\/wp-content\/uploads\/sites\/21\/2026\/08\/capa_implementacao-1-175x98.png 175w, https:\/\/projetos.ufpr.br\/gestex\/wp-content\/uploads\/sites\/21\/2026\/08\/capa_implementacao-1-75x42.png 75w, https:\/\/projetos.ufpr.br\/gestex\/wp-content\/uploads\/sites\/21\/2026\/08\/capa_implementacao-1.png 1280w\" sizes=\"auto, (max-width: 1024px) 100vw, 1024px\" \/><\/a><\/figure>\n\n\n\n<p class=\"has-text-align-center wp-block-paragraph\"><strong><mark class=\"has-inline-color has-black-color\">V\u00cdDEOS AN\u00c1LISE E IMPLEMENTA\u00c7\u00c3O ESTRAT\u00c9GICA<\/mark><\/strong><\/p>\n<\/div>\n\n\n\n<div class=\"wp-block-column is-layout-flow wp-block-column-is-layout-flow\"><\/div>\n<\/div>\n\n\n\n<p class=\"wp-block-paragraph\"><\/p>\n","protected":false},"excerpt":{"rendered":"<p>ENTREVISTAS NO CAMINHO DO VINHO DOCUMENT\u00c1RIOS DE ADMINISTRA\u00c7\u00c3O P\u00daBLICA V\u00cdDEOS BUSINESS TALK OUTROS EVENTOS V\u00cdDEOS AN\u00c1LISE E IMPLEMENTA\u00c7\u00c3O ESTRAT\u00c9GICA<\/p>\n","protected":false},"author":148,"featured_media":0,"parent":0,"menu_order":0,"comment_status":"closed","ping_status":"closed","template":"","meta":{"footnotes":""},"class_list":["post-498","page","type-page","status-publish","hentry"],"_links":{"self":[{"href":"https:\/\/projetos.ufpr.br\/gestex\/wp-json\/wp\/v2\/pages\/498","targetHints":{"allow":["GET"]}}],"collection":[{"href":"https:\/\/projetos.ufpr.br\/gestex\/wp-json\/wp\/v2\/pages"}],"about":[{"href":"https:\/\/projetos.ufpr.br\/gestex\/wp-json\/wp\/v2\/types\/page"}],"author":[{"embeddable":true,"href":"https:\/\/projetos.ufpr.br\/gestex\/wp-json\/wp\/v2\/users\/148"}],"replies":[{"embeddable":true,"href":"https:\/\/projetos.ufpr.br\/gestex\/wp-json\/wp\/v2\/comments?post=498"}],"version-history":[{"count":15,"href":"https:\/\/projetos.ufpr.br\/gestex\/wp-json\/wp\/v2\/pages\/498\/revisions"}],"predecessor-version":[{"id":744,"href":"https:\/\/projetos.ufpr.br\/gestex\/wp-json\/wp\/v2\/pages\/498\/revisions\/744"}],"wp:attachment":[{"href":"https:\/\/projetos.ufpr.br\/gestex\/wp-json\/wp\/v2\/media?parent=498"}],"curies":[{"name":"wp","href":"https:\/\/api.w.org\/{rel}","templated":true}]}}

<div class="wp-block-columns is-layout-flex wp-container-core-columns-is-layout-8f761849 wp-block-columns-is-layout-flex">
<div class="wp-block-column is-layout-flow wp-block-column-is-layout-flow">
<figure class="wp-block-image aligncenter size-large"><a href="https://projetos.ufpr.br/gestex/galeria-de-videos-caminho-do-vinho/"><img loading="lazy" decoding="async" width="1024" height="576" src="https://projetos.ufpr.br/gestex/wp-content/uploads/sites/21/2026/04/1-4-1024x576.png" alt="" class="wp-image-434" srcset="https://projetos.ufpr.br/gestex/wp-content/uploads/sites/21/2026/04/1-4-1024x576.png 1024w, https://projetos.ufpr.br/gestex/wp-content/uploads/sites/21/2026/04/1-4-300x169.png 300w, https://projetos.ufpr.br/gestex/wp-content/uploads/sites/21/2026/04/1-4-768x432.png 768w, https://projetos.ufpr.br/gestex/wp-content/uploads/sites/21/2026/04/1-4-175x98.png 175w, https://projetos.ufpr.br/gestex/wp-content/uploads/sites/21/2026/04/1-4-75x42.png 75w, https://projetos.ufpr.br/gestex/wp-content/uploads/sites/21/2026/04/1-4.png 1280w" sizes="auto, (max-width: 1024px) 100vw, 1024px" /></a></figure>



<p class="has-text-align-center wp-block-paragraph"><strong><mark class="has-inline-color has-black-color">ENTREVISTAS NO CAMINHO DO VINHO</mark></strong></p>
</div>



<div class="wp-block-column is-layout-flow wp-block-column-is-layout-flow">
<figure class="wp-block-image size-full"><a href="https://projetos.ufpr.br/gestex/documentarios-de-administracao-publica/"><img loading="lazy" decoding="async" width="1437" height="810" src="https://projetos.ufpr.br/gestex/wp-content/uploads/sites/21/2026/06/WhatsApp-Image-2026-06-17-at-16.12.05.jpg" alt="" class="wp-image-544" /></a></figure>



<p class="has-text-align-center wp-block-paragraph"><strong><mark class="has-inline-color has-black-color">DOCUMENTÁRIOS DE ADMINISTRAÇÃO PÚBLICA</mark></strong></p>
</div>



<div class="wp-block-column is-layout-flow wp-block-column-is-layout-flow">
<figure class="wp-block-image size-large"><a href="https://projetos.ufpr.br/gestex/videos-business-talk/"><img loading="lazy" decoding="async" width="1024" height="576" src="https://projetos.ufpr.br/gestex/wp-content/uploads/sites/21/2026/06/Capa-Business-Talk-1024x576.png" alt="" class="wp-image-548" srcset="https://projetos.ufpr.br/gestex/wp-content/uploads/sites/21/2026/06/Capa-Business-Talk-1024x576.png 1024w, https://projetos.ufpr.br/gestex/wp-content/uploads/sites/21/2026/06/Capa-Business-Talk-300x169.png 300w, https://projetos.ufpr.br/gestex/wp-content/uploads/sites/21/2026/06/Capa-Business-Talk-768x432.png 768w, https://projetos.ufpr.br/gestex/wp-content/uploads/sites/21/2026/06/Capa-Business-Talk-175x98.png 175w, https://projetos.ufpr.br/gestex/wp-content/uploads/sites/21/2026/06/Capa-Business-Talk-75x42.png 75w, https://projetos.ufpr.br/gestex/wp-content/uploads/sites/21/2026/06/Capa-Business-Talk.png 1280w" sizes="auto, (max-width: 1024px) 100vw, 1024px" /></a></figure>



<p class="has-text-align-center wp-block-paragraph"><strong><mark class="has-inline-color has-black-color">VÍDEOS BUSINESS TALK</mark></strong></p>
</div>
</div>



<div class="wp-block-columns is-layout-flex wp-container-core-columns-is-layout-8f761849 wp-block-columns-is-layout-flex">
<div class="wp-block-column is-layout-flow wp-block-column-is-layout-flow">
<figure class="wp-block-image size-full"><img loading="lazy" decoding="async" width="1439" height="809" src="https://projetos.ufpr.br/gestex/wp-content/uploads/sites/21/2026/06/WhatsApp-Image-2026-06-17-at-16.12.051.jpg" alt="" class="wp-image-547" /></figure>



<p class="has-text-align-center wp-block-paragraph"><strong><mark class="has-inline-color has-black-color">OUTROS EVENTOS</mark></strong></p>
</div>



<div class="wp-block-column is-layout-flow wp-block-column-is-layout-flow">
<figure class="wp-block-image size-large"><a href="https://projetos.ufpr.br/gestex/analise-e-implementacao-estrategica/"><img loading="lazy" decoding="async" width="1024" height="576" src="https://projetos.ufpr.br/gestex/wp-content/uploads/sites/21/2026/08/capa_implementacao-1-1024x576.png" alt="" class="wp-image-746" srcset="https://projetos.ufpr.br/gestex/wp-content/uploads/sites/21/2026/08/capa_implementacao-1-1024x576.png 1024w, https://projetos.ufpr.br/gestex/wp-content/uploads/sites/21/2026/08/capa_implementacao-1-300x169.png 300w, https://projetos.ufpr.br/gestex/wp-content/uploads/sites/21/2026/08/capa_implementacao-1-768x432.png 768w, https://projetos.ufpr.br/gestex/wp-content/uploads/sites/21/2026/08/capa_implementacao-1-175x98.png 175w, https://projetos.ufpr.br/gestex/wp-content/uploads/sites/21/2026/08/capa_implementacao-1-75x42.png 75w, https://projetos.ufpr.br/gestex/wp-content/uploads/sites/21/2026/08/capa_implementacao-1.png 1280w" sizes="auto, (max-width: 1024px) 100vw, 1024px" /></a></figure>



<p class="has-text-align-center wp-block-paragraph"><strong><mark class="has-inline-color has-black-color">VÍDEOS ANÁLISE E IMPLEMENTAÇÃO ESTRATÉGICA</mark></strong></p>
</div>



<div class="wp-block-column is-layout-flow wp-block-column-is-layout-flow"></div>
</div>



<p class="wp-block-paragraph"></p>

<p>ENTREVISTAS NO CAMINHO DO VINHO DOCUMENTÁRIOS DE ADMINISTRAÇÃO PÚBLICA VÍDEOS BUSINESS TALK OUTROS EVENTOS VÍDEOS ANÁLISE E IMPLEMENTAÇÃO ESTRATÉGICA</p>
