{"id":551,"date":"2026-08-04T08:17:29","date_gmt":"2026-08-04T11:17:29","guid":{"rendered":"https:\/\/projetos.ufpr.br\/gestex\/?page_id=551"},"modified":"2026-08-04T09:04:34","modified_gmt":"2026-08-04T12:04:34","slug":"documentarios-de-administracao-publica","status":"publish","type":"page","link":"https:\/\/projetos.ufpr.br\/gestex\/documentarios-de-administracao-publica\/","title":{"rendered":"Document\u00e1rios De Administra\u00e7\u00e3o P\u00fablica"},"content":{"rendered":"\n<div class=\"wp-block-columns is-layout-flex wp-container-core-columns-is-layout-8f761849 wp-block-columns-is-layout-flex\">\n<div class=\"wp-block-column is-layout-flow wp-block-column-is-layout-flow\">\n<figure class=\"wp-block-embed is-type-video is-provider-youtube wp-block-embed-youtube wp-embed-aspect-16-9 wp-has-aspect-ratio\"><div class=\"wp-block-embed__wrapper\">\n<iframe loading=\"lazy\" title=\"Document\u00e1rio Adm. P\u00fablica Farol do Saber\" width=\"500\" height=\"281\" src=\"https:\/\/www.youtube.com\/embed\/yaya-hToLJA?feature=oembed\" frameborder=\"0\" allow=\"accelerometer; autoplay; clipboard-write; encrypted-media; gyroscope; picture-in-picture; web-share\" referrerpolicy=\"strict-origin-when-cross-origin\" allowfullscreen><\/iframe>\n<\/div><figcaption class=\"wp-element-caption\"><strong><mark class=\"has-inline-color has-black-color\">VIDEO 1: Farol do Saber<\/mark><\/strong><\/figcaption><\/figure>\n<\/div>\n\n\n\n<div class=\"wp-block-column is-layout-flow wp-block-column-is-layout-flow\">\n<details class=\"wp-block-details is-layout-flow wp-block-details-is-layout-flow\"><summary>Descri\u00e7\u00e3o<\/summary>\n<p class=\"wp-block-paragraph\">Document\u00e1rio de Administra\u00e7\u00e3o P\u00fablica sobre o Farol do Saber.<\/p>\n<\/details>\n<\/div>\n<\/div>\n\n\n\n<div class=\"wp-block-columns is-layout-flex wp-container-core-columns-is-layout-8f761849 wp-block-columns-is-layout-flex\">\n<div class=\"wp-block-column is-layout-flow wp-block-column-is-layout-flow\">\n<figure class=\"wp-block-embed is-type-video is-provider-youtube wp-block-embed-youtube wp-embed-aspect-16-9 wp-has-aspect-ratio\"><div class=\"wp-block-embed__wrapper\">\n<iframe loading=\"lazy\" title=\"Projeto Curitiba em Movimento\" width=\"500\" height=\"281\" src=\"https:\/\/www.youtube.com\/embed\/b2WK6bXxnK8?feature=oembed\" frameborder=\"0\" allow=\"accelerometer; autoplay; clipboard-write; encrypted-media; gyroscope; picture-in-picture; web-share\" referrerpolicy=\"strict-origin-when-cross-origin\" allowfullscreen><\/iframe>\n<\/div><figcaption class=\"wp-element-caption\"><strong><mark class=\"has-inline-color has-black-color\">VIDEO 2: Curitiba em Movimento<\/mark><\/strong><\/figcaption><\/figure>\n<\/div>\n\n\n\n<div class=\"wp-block-column is-layout-flow wp-block-column-is-layout-flow\">\n<details class=\"wp-block-details is-layout-flow wp-block-details-is-layout-flow\"><summary>Descri\u00e7\u00e3o<\/summary>\n<p class=\"wp-block-paragraph\">Document\u00e1rio de Administra\u00e7\u00e3o P\u00fablica sobre o Curitiba em Movimento.<\/p>\n<\/details>\n<\/div>\n<\/div>\n","protected":false},"excerpt":{"rendered":"","protected":false},"author":148,"featured_media":0,"parent":0,"menu_order":0,"comment_status":"closed","ping_status":"closed","template":"","meta":{"footnotes":""},"class_list":["post-551","page","type-page","status-publish","hentry"],"_links":{"self":[{"href":"https:\/\/projetos.ufpr.br\/gestex\/wp-json\/wp\/v2\/pages\/551","targetHints":{"allow":["GET"]}}],"collection":[{"href":"https:\/\/projetos.ufpr.br\/gestex\/wp-json\/wp\/v2\/pages"}],"about":[{"href":"https:\/\/projetos.ufpr.br\/gestex\/wp-json\/wp\/v2\/types\/page"}],"author":[{"embeddable":true,"href":"https:\/\/projetos.ufpr.br\/gestex\/wp-json\/wp\/v2\/users\/148"}],"replies":[{"embeddable":true,"href":"https:\/\/projetos.ufpr.br\/gestex\/wp-json\/wp\/v2\/comments?post=551"}],"version-history":[{"count":7,"href":"https:\/\/projetos.ufpr.br\/gestex\/wp-json\/wp\/v2\/pages\/551\/revisions"}],"predecessor-version":[{"id":721,"href":"https:\/\/projetos.ufpr.br\/gestex\/wp-json\/wp\/v2\/pages\/551\/revisions\/721"}],"wp:attachment":[{"href":"https:\/\/projetos.ufpr.br\/gestex\/wp-json\/wp\/v2\/media?parent=551"}],"curies":[{"name":"wp","href":"https:\/\/api.w.org\/{rel}","templated":true}]}}

Documentários De Administração Pública

<div class="wp-block-columns is-layout-flex wp-container-core-columns-is-layout-8f761849 wp-block-columns-is-layout-flex">
<div class="wp-block-column is-layout-flow wp-block-column-is-layout-flow">
<figure class="wp-block-embed is-type-video is-provider-youtube wp-block-embed-youtube wp-embed-aspect-16-9 wp-has-aspect-ratio"><div class="wp-block-embed__wrapper">
<iframe loading="lazy" title="Documentário Adm. Pública Farol do Saber" width="500" height="281" src="https://www.youtube.com/embed/yaya-hToLJA?feature=oembed" frameborder="0" allow="accelerometer; autoplay; clipboard-write; encrypted-media; gyroscope; picture-in-picture; web-share" referrerpolicy="strict-origin-when-cross-origin" allowfullscreen></iframe>
</div><figcaption class="wp-element-caption"><strong><mark class="has-inline-color has-black-color">VIDEO 1: Farol do Saber</mark></strong></figcaption></figure>
</div>



<div class="wp-block-column is-layout-flow wp-block-column-is-layout-flow">
<details class="wp-block-details is-layout-flow wp-block-details-is-layout-flow"><summary>Descrição</summary>
<p class="wp-block-paragraph">Documentário de Administração Pública sobre o Farol do Saber.</p>
</details>
</div>
</div>



<div class="wp-block-columns is-layout-flex wp-container-core-columns-is-layout-8f761849 wp-block-columns-is-layout-flex">
<div class="wp-block-column is-layout-flow wp-block-column-is-layout-flow">
<figure class="wp-block-embed is-type-video is-provider-youtube wp-block-embed-youtube wp-embed-aspect-16-9 wp-has-aspect-ratio"><div class="wp-block-embed__wrapper">
<iframe loading="lazy" title="Projeto Curitiba em Movimento" width="500" height="281" src="https://www.youtube.com/embed/b2WK6bXxnK8?feature=oembed" frameborder="0" allow="accelerometer; autoplay; clipboard-write; encrypted-media; gyroscope; picture-in-picture; web-share" referrerpolicy="strict-origin-when-cross-origin" allowfullscreen></iframe>
</div><figcaption class="wp-element-caption"><strong><mark class="has-inline-color has-black-color">VIDEO 2: Curitiba em Movimento</mark></strong></figcaption></figure>
</div>



<div class="wp-block-column is-layout-flow wp-block-column-is-layout-flow">
<details class="wp-block-details is-layout-flow wp-block-details-is-layout-flow"><summary>Descrição</summary>
<p class="wp-block-paragraph">Documentário de Administração Pública sobre o Curitiba em Movimento.</p>
</details>
</div>
</div>
