{"id":560,"date":"2026-06-23T09:42:39","date_gmt":"2026-06-23T12:42:39","guid":{"rendered":"https:\/\/projetos.ufpr.br\/gestex\/?page_id=560"},"modified":"2026-08-11T08:58:09","modified_gmt":"2026-08-11T11:58:09","slug":"videos-business-talk","status":"publish","type":"page","link":"https:\/\/projetos.ufpr.br\/gestex\/videos-business-talk\/","title":{"rendered":"V\u00eddeos Business Talk"},"content":{"rendered":"\n<div class=\"wp-block-columns is-layout-flex wp-container-core-columns-is-layout-8f761849 wp-block-columns-is-layout-flex\">\n<div class=\"wp-block-column is-layout-flow wp-block-column-is-layout-flow\">\n<figure class=\"wp-block-image aligncenter size-large is-resized\"><a href=\"https:\/\/youtu.be\/6QijR2F19Gk\"><img loading=\"lazy\" decoding=\"async\" width=\"1024\" height=\"576\" src=\"https:\/\/projetos.ufpr.br\/gestex\/wp-content\/uploads\/sites\/21\/2026\/06\/Capa-Business-Talk-YT-1024x576.png\" alt=\"\" class=\"wp-image-563\" style=\"width:588px;height:auto\" srcset=\"https:\/\/projetos.ufpr.br\/gestex\/wp-content\/uploads\/sites\/21\/2026\/06\/Capa-Business-Talk-YT-1024x576.png 1024w, https:\/\/projetos.ufpr.br\/gestex\/wp-content\/uploads\/sites\/21\/2026\/06\/Capa-Business-Talk-YT-300x169.png 300w, https:\/\/projetos.ufpr.br\/gestex\/wp-content\/uploads\/sites\/21\/2026\/06\/Capa-Business-Talk-YT-768x432.png 768w, https:\/\/projetos.ufpr.br\/gestex\/wp-content\/uploads\/sites\/21\/2026\/06\/Capa-Business-Talk-YT-175x98.png 175w, https:\/\/projetos.ufpr.br\/gestex\/wp-content\/uploads\/sites\/21\/2026\/06\/Capa-Business-Talk-YT-75x42.png 75w, https:\/\/projetos.ufpr.br\/gestex\/wp-content\/uploads\/sites\/21\/2026\/06\/Capa-Business-Talk-YT.png 1280w\" sizes=\"auto, (max-width: 1024px) 100vw, 1024px\" \/><\/a><figcaption class=\"wp-element-caption\"><strong><mark class=\"has-inline-color has-black-color\">BUSINESS TALK 1<\/mark><\/strong><\/figcaption><\/figure>\n<\/div>\n\n\n\n<div class=\"wp-block-column is-layout-flow wp-block-column-is-layout-flow\">\n<details class=\"wp-block-details is-layout-flow wp-block-details-is-layout-flow\"><summary>Descri\u00e7\u00e3o<\/summary>\n<p class=\"wp-block-paragraph\">Entrevistas com empres\u00e1rios para debater os processos de implementa\u00e7\u00e3o e controle estrat\u00e9gicos nas organiza\u00e7\u00f5es que atuam.<\/p>\n<\/details>\n<\/div>\n<\/div>\n\n\n\n<div style=\"height:31px\" aria-hidden=\"true\" class=\"wp-block-spacer\"><\/div>\n\n\n\n<div class=\"wp-block-columns is-layout-flex wp-container-core-columns-is-layout-8f761849 wp-block-columns-is-layout-flex\">\n<div class=\"wp-block-column is-layout-flow wp-block-column-is-layout-flow\">\n<figure class=\"wp-block-image aligncenter size-large is-resized\"><a href=\"https:\/\/youtu.be\/pIsJXICK_4w\"><img loading=\"lazy\" decoding=\"async\" width=\"1024\" height=\"576\" src=\"https:\/\/projetos.ufpr.br\/gestex\/wp-content\/uploads\/sites\/21\/2026\/06\/Capa-Business-Talk-YT-1024x576.png\" alt=\"\" class=\"wp-image-563\" style=\"width:588px;height:auto\" srcset=\"https:\/\/projetos.ufpr.br\/gestex\/wp-content\/uploads\/sites\/21\/2026\/06\/Capa-Business-Talk-YT-1024x576.png 1024w, https:\/\/projetos.ufpr.br\/gestex\/wp-content\/uploads\/sites\/21\/2026\/06\/Capa-Business-Talk-YT-300x169.png 300w, https:\/\/projetos.ufpr.br\/gestex\/wp-content\/uploads\/sites\/21\/2026\/06\/Capa-Business-Talk-YT-768x432.png 768w, https:\/\/projetos.ufpr.br\/gestex\/wp-content\/uploads\/sites\/21\/2026\/06\/Capa-Business-Talk-YT-175x98.png 175w, https:\/\/projetos.ufpr.br\/gestex\/wp-content\/uploads\/sites\/21\/2026\/06\/Capa-Business-Talk-YT-75x42.png 75w, https:\/\/projetos.ufpr.br\/gestex\/wp-content\/uploads\/sites\/21\/2026\/06\/Capa-Business-Talk-YT.png 1280w\" sizes=\"auto, (max-width: 1024px) 100vw, 1024px\" \/><\/a><figcaption class=\"wp-element-caption\"><strong><mark class=\"has-inline-color has-black-color\">BUSINESS TALK 2<\/mark><\/strong><\/figcaption><\/figure>\n<\/div>\n\n\n\n<div class=\"wp-block-column is-layout-flow wp-block-column-is-layout-flow\">\n<details class=\"wp-block-details is-layout-flow wp-block-details-is-layout-flow\"><summary>Descri\u00e7\u00e3o<\/summary>\n<p class=\"wp-block-paragraph\">Segunda entrevista com empres\u00e1rios para debater os processos de implementa\u00e7\u00e3o e controle estrat\u00e9gicos nas organiza\u00e7\u00f5es que atuam.<\/p>\n<\/details>\n<\/div>\n<\/div>\n\n\n\n<div style=\"height:31px\" aria-hidden=\"true\" class=\"wp-block-spacer\"><\/div>\n","protected":false},"excerpt":{"rendered":"","protected":false},"author":148,"featured_media":0,"parent":0,"menu_order":0,"comment_status":"closed","ping_status":"closed","template":"","meta":{"footnotes":""},"class_list":["post-560","page","type-page","status-publish","hentry"],"_links":{"self":[{"href":"https:\/\/projetos.ufpr.br\/gestex\/wp-json\/wp\/v2\/pages\/560","targetHints":{"allow":["GET"]}}],"collection":[{"href":"https:\/\/projetos.ufpr.br\/gestex\/wp-json\/wp\/v2\/pages"}],"about":[{"href":"https:\/\/projetos.ufpr.br\/gestex\/wp-json\/wp\/v2\/types\/page"}],"author":[{"embeddable":true,"href":"https:\/\/projetos.ufpr.br\/gestex\/wp-json\/wp\/v2\/users\/148"}],"replies":[{"embeddable":true,"href":"https:\/\/projetos.ufpr.br\/gestex\/wp-json\/wp\/v2\/comments?post=560"}],"version-history":[{"count":9,"href":"https:\/\/projetos.ufpr.br\/gestex\/wp-json\/wp\/v2\/pages\/560\/revisions"}],"predecessor-version":[{"id":726,"href":"https:\/\/projetos.ufpr.br\/gestex\/wp-json\/wp\/v2\/pages\/560\/revisions\/726"}],"wp:attachment":[{"href":"https:\/\/projetos.ufpr.br\/gestex\/wp-json\/wp\/v2\/media?parent=560"}],"curies":[{"name":"wp","href":"https:\/\/api.w.org\/{rel}","templated":true}]}}

Vídeos Business Talk

<div class="wp-block-columns is-layout-flex wp-container-core-columns-is-layout-8f761849 wp-block-columns-is-layout-flex">
<div class="wp-block-column is-layout-flow wp-block-column-is-layout-flow">
<figure class="wp-block-image aligncenter size-large is-resized"><a href="https://youtu.be/6QijR2F19Gk"><img loading="lazy" decoding="async" width="1024" height="576" src="https://projetos.ufpr.br/gestex/wp-content/uploads/sites/21/2026/06/Capa-Business-Talk-YT-1024x576.png" alt="" class="wp-image-563" style="width:588px;height:auto" srcset="https://projetos.ufpr.br/gestex/wp-content/uploads/sites/21/2026/06/Capa-Business-Talk-YT-1024x576.png 1024w, https://projetos.ufpr.br/gestex/wp-content/uploads/sites/21/2026/06/Capa-Business-Talk-YT-300x169.png 300w, https://projetos.ufpr.br/gestex/wp-content/uploads/sites/21/2026/06/Capa-Business-Talk-YT-768x432.png 768w, https://projetos.ufpr.br/gestex/wp-content/uploads/sites/21/2026/06/Capa-Business-Talk-YT-175x98.png 175w, https://projetos.ufpr.br/gestex/wp-content/uploads/sites/21/2026/06/Capa-Business-Talk-YT-75x42.png 75w, https://projetos.ufpr.br/gestex/wp-content/uploads/sites/21/2026/06/Capa-Business-Talk-YT.png 1280w" sizes="auto, (max-width: 1024px) 100vw, 1024px" /></a><figcaption class="wp-element-caption"><strong><mark class="has-inline-color has-black-color">BUSINESS TALK 1</mark></strong></figcaption></figure>
</div>



<div class="wp-block-column is-layout-flow wp-block-column-is-layout-flow">
<details class="wp-block-details is-layout-flow wp-block-details-is-layout-flow"><summary>Descrição</summary>
<p class="wp-block-paragraph">Entrevistas com empresários para debater os processos de implementação e controle estratégicos nas organizações que atuam.</p>
</details>
</div>
</div>



<div style="height:31px" aria-hidden="true" class="wp-block-spacer"></div>



<div class="wp-block-columns is-layout-flex wp-container-core-columns-is-layout-8f761849 wp-block-columns-is-layout-flex">
<div class="wp-block-column is-layout-flow wp-block-column-is-layout-flow">
<figure class="wp-block-image aligncenter size-large is-resized"><a href="https://youtu.be/pIsJXICK_4w"><img loading="lazy" decoding="async" width="1024" height="576" src="https://projetos.ufpr.br/gestex/wp-content/uploads/sites/21/2026/06/Capa-Business-Talk-YT-1024x576.png" alt="" class="wp-image-563" style="width:588px;height:auto" srcset="https://projetos.ufpr.br/gestex/wp-content/uploads/sites/21/2026/06/Capa-Business-Talk-YT-1024x576.png 1024w, https://projetos.ufpr.br/gestex/wp-content/uploads/sites/21/2026/06/Capa-Business-Talk-YT-300x169.png 300w, https://projetos.ufpr.br/gestex/wp-content/uploads/sites/21/2026/06/Capa-Business-Talk-YT-768x432.png 768w, https://projetos.ufpr.br/gestex/wp-content/uploads/sites/21/2026/06/Capa-Business-Talk-YT-175x98.png 175w, https://projetos.ufpr.br/gestex/wp-content/uploads/sites/21/2026/06/Capa-Business-Talk-YT-75x42.png 75w, https://projetos.ufpr.br/gestex/wp-content/uploads/sites/21/2026/06/Capa-Business-Talk-YT.png 1280w" sizes="auto, (max-width: 1024px) 100vw, 1024px" /></a><figcaption class="wp-element-caption"><strong><mark class="has-inline-color has-black-color">BUSINESS TALK 2</mark></strong></figcaption></figure>
</div>



<div class="wp-block-column is-layout-flow wp-block-column-is-layout-flow">
<details class="wp-block-details is-layout-flow wp-block-details-is-layout-flow"><summary>Descrição</summary>
<p class="wp-block-paragraph">Segunda entrevista com empresários para debater os processos de implementação e controle estratégicos nas organizações que atuam.</p>
</details>
</div>
</div>



<div style="height:31px" aria-hidden="true" class="wp-block-spacer"></div>
