{"id":30,"date":"2026-03-20T08:57:33","date_gmt":"2026-03-20T11:57:33","guid":{"rendered":"https:\/\/projetos.ufpr.br\/julietas\/equipe\/"},"modified":"2026-07-11T10:17:23","modified_gmt":"2026-07-11T13:17:23","slug":"equipe","status":"publish","type":"page","link":"https:\/\/projetos.ufpr.br\/julietas\/equipe\/","title":{"rendered":"Equipe de pesquisa"},"content":{"rendered":"\n<p class=\"wp-block-paragraph\" style=\"padding-top:0;padding-right:var(--wp--preset--spacing--20);padding-bottom:0;padding-left:var(--wp--preset--spacing--20);font-size:15px\">Prof. Dr. <strong>Marcelo Val\u00e9rio<\/strong> &#8211; pesquisador l\u00edder &#8211; docente do Setor de Educa\u00e7\u00e3o da UFPR &#8211; <a href=\"http:\/\/lattes.cnpq.br\/9105695743722158\">http:\/\/lattes.cnpq.br\/9105695743722158<\/a><\/p>\n\n\n\n<p class=\"wp-block-paragraph\" style=\"padding-top:0;padding-right:var(--wp--preset--spacing--20);padding-bottom:0;padding-left:var(--wp--preset--spacing--20);font-size:15px\">Profa. Dra. <strong>Bettina Heerdt<\/strong> &#8211; colaboradora e orientadora &#8211; docente da UNICENTRO\/PR &#8211; <a href=\"http:\/\/lattes.cnpq.br\/6454387839993031\">http:\/\/lattes.cnpq.br\/6454387839993031<\/a><\/p>\n\n\n\n<p class=\"wp-block-paragraph\" style=\"padding-top:0;padding-right:var(--wp--preset--spacing--20);padding-bottom:0;padding-left:var(--wp--preset--spacing--20);font-size:15px\">Mestra <strong>Laura Darif Turra<\/strong> &#8211; colaboradora &#8211; doutoranda PPGECEM\/UNIOESTE &#8211; <a href=\"http:\/\/lattes.cnpq.br\/4166822260422148\">http:\/\/lattes.cnpq.br\/4166822260422148<\/a><\/p>\n\n\n\n<p class=\"wp-block-paragraph\" style=\"padding-top:0;padding-right:var(--wp--preset--spacing--20);padding-bottom:0;padding-left:var(--wp--preset--spacing--20);font-size:15px\">Prof. Me. <strong>Douglas Guerhart dos Santos<\/strong> &#8211; doutorando PPGECM\/UFPR &#8211; docente da SEED\/PR <a href=\"http:\/\/lattes.cnpq.br\/4495943149473965\">http:\/\/lattes.cnpq.br\/4495943149473965<\/a><\/p>\n\n\n\n<p class=\"wp-block-paragraph\" style=\"padding-top:0;padding-right:var(--wp--preset--spacing--20);padding-bottom:0;padding-left:var(--wp--preset--spacing--20);font-size:15px\">Profa. Ma. <strong>Griscele Souza de Jesus<\/strong> &#8211; doutoranda PPGECM\/UFPR &#8211; docente do IFSC &#8211; <a href=\"http:\/\/lattes.cnpq.br\/7556022944531405\">http:\/\/lattes.cnpq.br\/7556022944531405<\/a><\/p>\n\n\n\n<p class=\"wp-block-paragraph\" style=\"padding-top:0;padding-right:var(--wp--preset--spacing--20);padding-bottom:0;padding-left:var(--wp--preset--spacing--20);font-size:15px\">Profa. Ma. <strong>Camila Valente Maiolino<\/strong> &#8211; doutoranda PPGECM\/UFPR &#8211; educadora do Parque da Ci\u00eancia Newton Freire Maia (SEED\/PR) &#8211; <a href=\"http:\/\/lattes.cnpq.br\/3922978267305500\">http:\/\/lattes.cnpq.br\/3922978267305500<\/a><\/p>\n\n\n\n<p class=\"wp-block-paragraph\" style=\"padding-top:0;padding-right:var(--wp--preset--spacing--20);padding-bottom:0;padding-left:var(--wp--preset--spacing--20);font-size:15px\">Profa. Ma. <strong>Francini Vila dos Santos<\/strong> &#8211; doutoranda PPGECM\/UFPR &#8211; professora da SEED\/PR &#8211; <a href=\"http:\/\/lattes.cnpq.br\/3210958869330966\">http:\/\/lattes.cnpq.br\/3210958869330966<\/a><\/p>\n\n\n\n<p class=\"wp-block-paragraph\" style=\"padding-top:0;padding-right:var(--wp--preset--spacing--20);padding-bottom:0;padding-left:var(--wp--preset--spacing--20);font-size:15px\">Profa. Grd. <strong>Paloma Mendes Calhares<\/strong> &#8211; mestranda PPGECM\/UFPR &#8211; pedagoga NAPI Paran\u00e1 Faz Ci\u00eancia e professora da Funda\u00e7\u00e3o de Asseio e Conserva\u00e7\u00e3o do Paran\u00e1 <a href=\"http:\/\/lattes.cnpq.br\/9820779829944367\">http:\/\/lattes.cnpq.br\/9820779829944367<\/a><\/p>\n\n\n\n<p class=\"wp-block-paragraph\" style=\"padding-top:0;padding-right:var(--wp--preset--spacing--20);padding-bottom:0;padding-left:var(--wp--preset--spacing--20);font-size:15px\"><\/p>\n\n\n\n<p class=\"wp-block-paragraph\" style=\"padding-right:var(--wp--preset--spacing--20);padding-left:var(--wp--preset--spacing--20)\"><strong>Projetos de pesquisa em andamento <\/strong><\/p>\n\n\n\n<ul class=\"wp-block-list\">\n<li>A Educa\u00e7\u00e3o em Ci\u00eancias e a constitui\u00e7\u00e3o da pesquisa em divulga\u00e7\u00e3o cient\u00edfica no Brasil (projeto institucional UFPR Banpesq)<\/li>\n\n\n\n<li>Um estudo sobre o ensino de divulga\u00e7\u00e3o cient\u00edfica em n\u00edvel de gradua\u00e7\u00e3o no Brasil (Disserta\u00e7\u00e3o de Mestrado &#8211; 2024 &#8211; em andamento)<\/li>\n\n\n\n<li>A forma\u00e7\u00e3o dos mediadores dos museus e centros de ci\u00eancia e tecnologia do Paran\u00e1 (Tese de Doutorado &#8211; 2025 &#8211; em andamento)<\/li>\n\n\n\n<li>Os professores dos Clubes de Ci\u00eancias da Rede Paran\u00e1 Faz Ci\u00eancia: concep\u00e7\u00f5es, pr\u00e1ticas e alfabetiza\u00e7\u00e3o cient\u00edfica (Tese &#8211; 2026 &#8211; em andamento)<\/li>\n\n\n\n<li>Clubes de ci\u00eancias\u00a0em escolas ind\u00edgenas e quilombolas: concep\u00e7\u00f5es de ci\u00eancia dos professores clubistas (Tese &#8211; 2026 &#8211; em andamento)<\/li>\n\n\n\n<li>An\u00e1lise da pol\u00edtica de populariza\u00e7\u00e3o da ci\u00eancia no Brasil a partir das chamadas p\u00fablicas da Semana Nacional de Ci\u00eancia e Tecnologia (Tese &#8211; 2024 &#8211; em andamento)<\/li>\n<\/ul>\n\n\n\n<p class=\"wp-block-paragraph\"><\/p>\n\n\n\n<p class=\"wp-block-paragraph\"><\/p>\n\n\n\n<p class=\"wp-block-paragraph\"><\/p>\n","protected":false},"excerpt":{"rendered":"<p>Prof. Dr. Marcelo Val\u00e9rio &#8211; pesquisador l\u00edder &#8211; docente do Setor de Educa\u00e7\u00e3o da UFPR &#8211; http:\/\/lattes.cnpq.br\/9105695743722158 Profa. Dra. Bettina Heerdt &#8211; colaboradora e orientadora &#8211; docente da UNICENTRO\/PR &#8211; http:\/\/lattes.cnpq.br\/6454387839993031 Mestra Laura Darif Turra &#8211; colaboradora &#8211; doutoranda PPGECEM\/UNIOESTE &#8211; http:\/\/lattes.cnpq.br\/4166822260422148 Prof. Me. Douglas Guerhart dos Santos &#8211; doutorando PPGECM\/UFPR &#8211; docente da SEED\/PR [&hellip;]<\/p>\n","protected":false},"author":12,"featured_media":0,"parent":0,"menu_order":0,"comment_status":"closed","ping_status":"closed","template":"page.php","meta":{"footnotes":""},"class_list":["post-30","page","type-page","status-publish","hentry"],"_links":{"self":[{"href":"https:\/\/projetos.ufpr.br\/julietas\/wp-json\/wp\/v2\/pages\/30","targetHints":{"allow":["GET"]}}],"collection":[{"href":"https:\/\/projetos.ufpr.br\/julietas\/wp-json\/wp\/v2\/pages"}],"about":[{"href":"https:\/\/projetos.ufpr.br\/julietas\/wp-json\/wp\/v2\/types\/page"}],"author":[{"embeddable":true,"href":"https:\/\/projetos.ufpr.br\/julietas\/wp-json\/wp\/v2\/users\/12"}],"replies":[{"embeddable":true,"href":"https:\/\/projetos.ufpr.br\/julietas\/wp-json\/wp\/v2\/comments?post=30"}],"version-history":[{"count":7,"href":"https:\/\/projetos.ufpr.br\/julietas\/wp-json\/wp\/v2\/pages\/30\/revisions"}],"predecessor-version":[{"id":407,"href":"https:\/\/projetos.ufpr.br\/julietas\/wp-json\/wp\/v2\/pages\/30\/revisions\/407"}],"wp:attachment":[{"href":"https:\/\/projetos.ufpr.br\/julietas\/wp-json\/wp\/v2\/media?parent=30"}],"curies":[{"name":"wp","href":"https:\/\/api.w.org\/{rel}","templated":true}]}}

<p class="wp-block-paragraph" style="padding-top:0;padding-right:var(--wp--preset--spacing--20);padding-bottom:0;padding-left:var(--wp--preset--spacing--20);font-size:15px">Prof. Dr. <strong>Marcelo Valério</strong> &#8211; pesquisador líder &#8211; docente do Setor de Educação da UFPR &#8211; <a href="http://lattes.cnpq.br/9105695743722158">http://lattes.cnpq.br/9105695743722158</a></p>



<p class="wp-block-paragraph" style="padding-top:0;padding-right:var(--wp--preset--spacing--20);padding-bottom:0;padding-left:var(--wp--preset--spacing--20);font-size:15px">Profa. Dra. <strong>Bettina Heerdt</strong> &#8211; colaboradora e orientadora &#8211; docente da UNICENTRO/PR &#8211; <a href="http://lattes.cnpq.br/6454387839993031">http://lattes.cnpq.br/6454387839993031</a></p>



<p class="wp-block-paragraph" style="padding-top:0;padding-right:var(--wp--preset--spacing--20);padding-bottom:0;padding-left:var(--wp--preset--spacing--20);font-size:15px">Mestra <strong>Laura Darif Turra</strong> &#8211; colaboradora &#8211; doutoranda PPGECEM/UNIOESTE &#8211; <a href="http://lattes.cnpq.br/4166822260422148">http://lattes.cnpq.br/4166822260422148</a></p>



<p class="wp-block-paragraph" style="padding-top:0;padding-right:var(--wp--preset--spacing--20);padding-bottom:0;padding-left:var(--wp--preset--spacing--20);font-size:15px">Prof. Me. <strong>Douglas Guerhart dos Santos</strong> &#8211; doutorando PPGECM/UFPR &#8211; docente da SEED/PR <a href="http://lattes.cnpq.br/4495943149473965">http://lattes.cnpq.br/4495943149473965</a></p>



<p class="wp-block-paragraph" style="padding-top:0;padding-right:var(--wp--preset--spacing--20);padding-bottom:0;padding-left:var(--wp--preset--spacing--20);font-size:15px">Profa. Ma. <strong>Griscele Souza de Jesus</strong> &#8211; doutoranda PPGECM/UFPR &#8211; docente do IFSC &#8211; <a href="http://lattes.cnpq.br/7556022944531405">http://lattes.cnpq.br/7556022944531405</a></p>



<p class="wp-block-paragraph" style="padding-top:0;padding-right:var(--wp--preset--spacing--20);padding-bottom:0;padding-left:var(--wp--preset--spacing--20);font-size:15px">Profa. Ma. <strong>Camila Valente Maiolino</strong> &#8211; doutoranda PPGECM/UFPR &#8211; educadora do Parque da Ciência Newton Freire Maia (SEED/PR) &#8211; <a href="http://lattes.cnpq.br/3922978267305500">http://lattes.cnpq.br/3922978267305500</a></p>



<p class="wp-block-paragraph" style="padding-top:0;padding-right:var(--wp--preset--spacing--20);padding-bottom:0;padding-left:var(--wp--preset--spacing--20);font-size:15px">Profa. Ma. <strong>Francini Vila dos Santos</strong> &#8211; doutoranda PPGECM/UFPR &#8211; professora da SEED/PR &#8211; <a href="http://lattes.cnpq.br/3210958869330966">http://lattes.cnpq.br/3210958869330966</a></p>



<p class="wp-block-paragraph" style="padding-top:0;padding-right:var(--wp--preset--spacing--20);padding-bottom:0;padding-left:var(--wp--preset--spacing--20);font-size:15px">Profa. Grd. <strong>Paloma Mendes Calhares</strong> &#8211; mestranda PPGECM/UFPR &#8211; pedagoga NAPI Paraná Faz Ciência e professora da Fundação de Asseio e Conservação do Paraná <a href="http://lattes.cnpq.br/9820779829944367">http://lattes.cnpq.br/9820779829944367</a></p>



<p class="wp-block-paragraph" style="padding-top:0;padding-right:var(--wp--preset--spacing--20);padding-bottom:0;padding-left:var(--wp--preset--spacing--20);font-size:15px"></p>



<p class="wp-block-paragraph" style="padding-right:var(--wp--preset--spacing--20);padding-left:var(--wp--preset--spacing--20)"><strong>Projetos de pesquisa em andamento </strong></p>



<ul class="wp-block-list">
<li>A Educação em Ciências e a constituição da pesquisa em divulgação científica no Brasil (projeto institucional UFPR Banpesq)</li>



<li>Um estudo sobre o ensino de divulgação científica em nível de graduação no Brasil (Dissertação de Mestrado &#8211; 2024 &#8211; em andamento)</li>



<li>A formação dos mediadores dos museus e centros de ciência e tecnologia do Paraná (Tese de Doutorado &#8211; 2025 &#8211; em andamento)</li>



<li>Os professores dos Clubes de Ciências da Rede Paraná Faz Ciência: concepções, práticas e alfabetização científica (Tese &#8211; 2026 &#8211; em andamento)</li>



<li>Clubes de ciências em escolas indígenas e quilombolas: concepções de ciência dos professores clubistas (Tese &#8211; 2026 &#8211; em andamento)</li>



<li>Análise da política de popularização da ciência no Brasil a partir das chamadas públicas da Semana Nacional de Ciência e Tecnologia (Tese &#8211; 2024 &#8211; em andamento)</li>
</ul>



<p class="wp-block-paragraph"></p>



<p class="wp-block-paragraph"></p>



<p class="wp-block-paragraph"></p>

<p>Prof. Dr. Marcelo Valério &#8211; pesquisador líder &#8211; docente do Setor de Educação da UFPR &#8211; http://lattes.cnpq.br/9105695743722158 Profa. Dra. Bettina Heerdt &#8211; colaboradora e orientadora &#8211; docente da UNICENTRO/PR &#8211; http://lattes.cnpq.br/6454387839993031 Mestra Laura Darif Turra &#8211; colaboradora &#8211; doutoranda PPGECEM/UNIOESTE &#8211; http://lattes.cnpq.br/4166822260422148 Prof. Me. Douglas Guerhart dos Santos &#8211; doutorando PPGECM/UFPR &#8211; docente da SEED/PR [&hellip;]</p>
