{"id":421,"date":"2025-08-23T19:10:52","date_gmt":"2025-08-23T22:10:52","guid":{"rendered":"https:\/\/projetos.ufpr.br\/lixozero\/?page_id=421"},"modified":"2025-08-23T22:49:56","modified_gmt":"2025-08-24T01:49:56","slug":"2021-semana-ufpr-lixo-zero-piloto","status":"publish","type":"page","link":"https:\/\/projetos.ufpr.br\/lixozero\/semanas-lixo-zero\/2021-semana-ufpr-lixo-zero-piloto\/","title":{"rendered":"2021 | Semana UFPR Lixo Zero (piloto)\u00a0"},"content":{"rendered":"\n<p>Vers\u00e3o piloto do evento na Universidade Federal do Paran\u00e1, realizada de 22 a 31 de outubro\u00a0de 2021, em formato reduzido em raz\u00e3o do per\u00edodo pand\u00eamico da Covid-19.<br>\u00a0<br>PROMO\u00c7\u00c3O: Biblioteca UFPR Litoral\u00a0<br>COORDENA\u00c7\u00c3O: Danielle Cristina Machado Salm\u00f3ria (SiBi\/LIT)\u00a0<br>APOIO: Francisco Amaro (Chico Minhoca)\u00a0e Associa\u00e7\u00e3o de Moradores Vila Nova\u00a0<br>\u00a0<br>REALIZA\u00c7\u00d5ES DURANTE O EVENTO:\u00a0<br><strong>Oficina de compostagem |<\/strong> O agroec\u00f3logo Chico Minhoca (Francisco Amaro \u2013 empresa de Composto e Vermicomposto) facilitou a oficina Compostagem Dom\u00e9stica, gravada dentro da Biblioteca UFPR Litoral e transmitida ao vivo de forma online (por conta do protocolo de isolamento durante a pandemia de Covid-19) na tarde de 26 de outubro. Chico ensinou o passo-a-passo da montagem de uma composteira, alertou sobre os erros mais comuns de quem se inicia na pr\u00e1tica, mostrou os resultados da pr\u00e1tica e realizou sorteio de brindes.\u00a0<br><strong>Oficina de fantoches com material reciclado| <\/strong>Atividade l\u00fadico-educativa guiada pela arte-educadora Silvana Pampuch com as crian\u00e7as participantes da Associa\u00e7\u00e3o de Moradores Vila Nova, em Matinhos-PR.\u00a0<br><strong>Cria\u00e7\u00e3o do Coletivo Matinhos Lixo Zero | <\/strong>Parceria com UFPR, Associa\u00e7\u00e3o de Moradores do Vila Nova, vereadores e comunidade em geral. O coletivo desenvolveu em 2022 atividade semanal de educa\u00e7\u00e3o ambiental na Associa\u00e7\u00e3o de Moradores.\u00a0\u00a0<br><strong>Cria\u00e7\u00e3o do perfil Matinhos Lixo Zero nas redes sociais e YouTube | <\/strong>Ferramenta criada com o objetivo de manter a proposta de transforma\u00e7\u00e3o \u201clixo zero\u201d ativa durante todo o ano, com abertura para novos interessados e parceiros na causa. \u00a0<br>Instagram: <a href=\"https:\/\/www.instagram.com\/matinhos.lixo.zero\/?locale=gb&amp;hl=am-et\" target=\"_blank\" rel=\"noreferrer noopener\">@matinhos.lixo.zero<\/a>\u00a0<br>Facebook: <a href=\"https:\/\/www.facebook.com\/matinhos.lixo.zero\/\" target=\"_blank\" rel=\"noreferrer noopener\">@matinhos.lixo.zero<\/a>\u00a0<br>YouTube: <a href=\"https:\/\/www.youtube.com\/channel\/UCsiyOgdYQ9FPd6EZ8zxRbow\" target=\"_blank\" rel=\"noreferrer noopener\">https:\/\/www.youtube.com\/channel\/UCsiyOgdYQ9FPd6EZ8zxRbow<\/a>\u00a0<\/p>\n\n\n\n<figure class=\"wp-block-image size-large\"><img decoding=\"async\" src=\"https:\/\/projetos.ufpr.br\/lixozero\/wp-content\/uploads\/sites\/68\/2025\/08\/slz1-1024x631.jpg\" alt=\"Print de post de instagram \u2013 perfil do coletivo @matinhoslixozero \u2013 com informa\u00e7\u00f5es sobre a Oficina de Compostagem ministrada pelo Chico Minhoca (Francisco Amaro), realizada  na Biblioteca da UFPR Litoral.\" class=\"wp-image-424\" \/><\/figure>\n\n\n\n<figure class=\"wp-block-image size-large\"><img loading=\"lazy\" decoding=\"async\" width=\"1024\" height=\"630\" src=\"https:\/\/projetos.ufpr.br\/lixozero\/wp-content\/uploads\/sites\/68\/2025\/08\/slz2-1024x630.jpg\" alt=\"Print de post de instagram \u2013 perfil do coletivo @matinhoslixozero \u2013 com informa\u00e7\u00f5es sobre a Oficina de Compostagem ministrada pelo Chico Minhoca (Francisco Amaro), realizada  na Biblioteca da UFPR Litoral.\" class=\"wp-image-425\" srcset=\"https:\/\/projetos.ufpr.br\/lixozero\/wp-content\/uploads\/sites\/68\/2025\/08\/slz2-1024x630.jpg 1024w, https:\/\/projetos.ufpr.br\/lixozero\/wp-content\/uploads\/sites\/68\/2025\/08\/slz2-300x185.jpg 300w, https:\/\/projetos.ufpr.br\/lixozero\/wp-content\/uploads\/sites\/68\/2025\/08\/slz2-768x473.jpg 768w, https:\/\/projetos.ufpr.br\/lixozero\/wp-content\/uploads\/sites\/68\/2025\/08\/slz2-159x98.jpg 159w, https:\/\/projetos.ufpr.br\/lixozero\/wp-content\/uploads\/sites\/68\/2025\/08\/slz2-75x46.jpg 75w, https:\/\/projetos.ufpr.br\/lixozero\/wp-content\/uploads\/sites\/68\/2025\/08\/slz2.jpg 1436w\" sizes=\"auto, (max-width: 1024px) 100vw, 1024px\" \/><\/figure>\n\n\n\n<figure class=\"wp-block-image size-large\"><img loading=\"lazy\" decoding=\"async\" width=\"1024\" height=\"630\" src=\"https:\/\/projetos.ufpr.br\/lixozero\/wp-content\/uploads\/sites\/68\/2025\/08\/slz4-1024x630.jpg\" alt=\"Print de post de instagram \u2013 perfil do coletivo @matinhoslixozero \u2013 com informa\u00e7\u00f5es sobre a Oficina de Fantoches com material reciclado, ministrada por Silvana Pampuch.\" class=\"wp-image-428\" srcset=\"https:\/\/projetos.ufpr.br\/lixozero\/wp-content\/uploads\/sites\/68\/2025\/08\/slz4-1024x630.jpg 1024w, https:\/\/projetos.ufpr.br\/lixozero\/wp-content\/uploads\/sites\/68\/2025\/08\/slz4-300x185.jpg 300w, https:\/\/projetos.ufpr.br\/lixozero\/wp-content\/uploads\/sites\/68\/2025\/08\/slz4-768x473.jpg 768w, https:\/\/projetos.ufpr.br\/lixozero\/wp-content\/uploads\/sites\/68\/2025\/08\/slz4-159x98.jpg 159w, https:\/\/projetos.ufpr.br\/lixozero\/wp-content\/uploads\/sites\/68\/2025\/08\/slz4-75x46.jpg 75w, https:\/\/projetos.ufpr.br\/lixozero\/wp-content\/uploads\/sites\/68\/2025\/08\/slz4.jpg 1439w\" sizes=\"auto, (max-width: 1024px) 100vw, 1024px\" \/><\/figure>\n","protected":false},"excerpt":{"rendered":"<p>Vers\u00e3o piloto do evento na Universidade Federal do Paran\u00e1, realizada de 22 a 31 de outubro\u00a0de 2021, em formato reduzido em raz\u00e3o do per\u00edodo pand\u00eamico da Covid-19.\u00a0PROMO\u00c7\u00c3O: Biblioteca UFPR Litoral\u00a0COORDENA\u00c7\u00c3O: Danielle Cristina Machado Salm\u00f3ria (SiBi\/LIT)\u00a0APOIO: Francisco Amaro (Chico Minhoca)\u00a0e Associa\u00e7\u00e3o de Moradores Vila Nova\u00a0\u00a0REALIZA\u00c7\u00d5ES DURANTE O EVENTO:\u00a0Oficina de compostagem | O agroec\u00f3logo Chico Minhoca (Francisco [&hellip;]<\/p>\n","protected":false},"author":89,"featured_media":0,"parent":412,"menu_order":0,"comment_status":"closed","ping_status":"closed","template":"","meta":{"footnotes":""},"class_list":["post-421","page","type-page","status-publish","hentry"],"_links":{"self":[{"href":"https:\/\/projetos.ufpr.br\/lixozero\/wp-json\/wp\/v2\/pages\/421","targetHints":{"allow":["GET"]}}],"collection":[{"href":"https:\/\/projetos.ufpr.br\/lixozero\/wp-json\/wp\/v2\/pages"}],"about":[{"href":"https:\/\/projetos.ufpr.br\/lixozero\/wp-json\/wp\/v2\/types\/page"}],"author":[{"embeddable":true,"href":"https:\/\/projetos.ufpr.br\/lixozero\/wp-json\/wp\/v2\/users\/89"}],"replies":[{"embeddable":true,"href":"https:\/\/projetos.ufpr.br\/lixozero\/wp-json\/wp\/v2\/comments?post=421"}],"version-history":[{"count":3,"href":"https:\/\/projetos.ufpr.br\/lixozero\/wp-json\/wp\/v2\/pages\/421\/revisions"}],"predecessor-version":[{"id":529,"href":"https:\/\/projetos.ufpr.br\/lixozero\/wp-json\/wp\/v2\/pages\/421\/revisions\/529"}],"up":[{"embeddable":true,"href":"https:\/\/projetos.ufpr.br\/lixozero\/wp-json\/wp\/v2\/pages\/412"}],"wp:attachment":[{"href":"https:\/\/projetos.ufpr.br\/lixozero\/wp-json\/wp\/v2\/media?parent=421"}],"curies":[{"name":"wp","href":"https:\/\/api.w.org\/{rel}","templated":true}]}}