{"id":27,"date":"2026-06-25T14:50:47","date_gmt":"2026-06-25T17:50:47","guid":{"rendered":"https:\/\/projetos.ufpr.br\/maquinadh\/sobre-o-projeto\/"},"modified":"2026-07-19T11:48:22","modified_gmt":"2026-07-19T14:48:22","slug":"sobre-o-projeto","status":"publish","type":"page","link":"https:\/\/projetos.ufpr.br\/maquinadh\/sobre-o-projeto\/","title":{"rendered":"Sobre o Projeto"},"content":{"rendered":"\n<p class=\"wp-block-paragraph\">A M\u00e1quina de Ativismos em Direitos Humanos \u00e9 um Projeto de Extens\u00e3o da Universidade Federal do Paran\u00e1, criado em 2020, e tem como coordenadores os Professores Dr. Leandro Gorsdorf, Dr\u00aa. Helo\u00edsa C\u00e2mara, Dr\u00aa. Angela Fonseca e Dr. Thiago Hoshino. O projeto tem como objetivo conectar a luta pelos Direitos Humanos e a Arte, desse modo mesclando ativismo com artivismo. Os membros s\u00e3o estudantes de cursos como Direito, Design, Produ\u00e7\u00e3o Cultural e dentre outras \u00e1reas do conhecimento, artistas, profissionais das mais diversas \u00e1reas e representantes de movimentos sociais, indo al\u00e9m das fronteiras da universidade.<\/p>\n\n\n\n<p class=\"wp-block-paragraph\">Agir a partir do sens\u00edvel criando agenciamentos para a resist\u00eancia e luta pelos direitos humanos.<\/p>\n\n\n\n<p class=\"wp-block-paragraph\"><\/p>\n","protected":false},"excerpt":{"rendered":"<p>A M\u00e1quina de Ativismos em Direitos Humanos \u00e9 um Projeto de Extens\u00e3o da Universidade Federal do Paran\u00e1, criado em 2020, e tem como coordenadores os Professores Dr. Leandro Gorsdorf, Dr\u00aa. Helo\u00edsa C\u00e2mara, Dr\u00aa. Angela Fonseca e Dr. Thiago Hoshino. O projeto tem como objetivo conectar a luta pelos Direitos Humanos e a Arte, desse modo [&hellip;]<\/p>\n","protected":false},"author":136,"featured_media":0,"parent":0,"menu_order":0,"comment_status":"closed","ping_status":"closed","template":"page.php","meta":{"footnotes":""},"class_list":["post-27","page","type-page","status-publish","hentry"],"_links":{"self":[{"href":"https:\/\/projetos.ufpr.br\/maquinadh\/wp-json\/wp\/v2\/pages\/27","targetHints":{"allow":["GET"]}}],"collection":[{"href":"https:\/\/projetos.ufpr.br\/maquinadh\/wp-json\/wp\/v2\/pages"}],"about":[{"href":"https:\/\/projetos.ufpr.br\/maquinadh\/wp-json\/wp\/v2\/types\/page"}],"author":[{"embeddable":true,"href":"https:\/\/projetos.ufpr.br\/maquinadh\/wp-json\/wp\/v2\/users\/136"}],"replies":[{"embeddable":true,"href":"https:\/\/projetos.ufpr.br\/maquinadh\/wp-json\/wp\/v2\/comments?post=27"}],"version-history":[{"count":1,"href":"https:\/\/projetos.ufpr.br\/maquinadh\/wp-json\/wp\/v2\/pages\/27\/revisions"}],"predecessor-version":[{"id":284,"href":"https:\/\/projetos.ufpr.br\/maquinadh\/wp-json\/wp\/v2\/pages\/27\/revisions\/284"}],"wp:attachment":[{"href":"https:\/\/projetos.ufpr.br\/maquinadh\/wp-json\/wp\/v2\/media?parent=27"}],"curies":[{"name":"wp","href":"https:\/\/api.w.org\/{rel}","templated":true}]}}

<p class="wp-block-paragraph">A Máquina de Ativismos em Direitos Humanos é um Projeto de Extensão da Universidade Federal do Paraná, criado em 2020, e tem como coordenadores os Professores Dr. Leandro Gorsdorf, Drª. Heloísa Câmara, Drª. Angela Fonseca e Dr. Thiago Hoshino. O projeto tem como objetivo conectar a luta pelos Direitos Humanos e a Arte, desse modo mesclando ativismo com artivismo. Os membros são estudantes de cursos como Direito, Design, Produção Cultural e dentre outras áreas do conhecimento, artistas, profissionais das mais diversas áreas e representantes de movimentos sociais, indo além das fronteiras da universidade.</p>



<p class="wp-block-paragraph">Agir a partir do sensível criando agenciamentos para a resistência e luta pelos direitos humanos.</p>



<p class="wp-block-paragraph"></p>

<p>A Máquina de Ativismos em Direitos Humanos é um Projeto de Extensão da Universidade Federal do Paraná, criado em 2020, e tem como coordenadores os Professores Dr. Leandro Gorsdorf, Drª. Heloísa Câmara, Drª. Angela Fonseca e Dr. Thiago Hoshino. O projeto tem como objetivo conectar a luta pelos Direitos Humanos e a Arte, desse modo [&hellip;]</p>
