{"id":30,"date":"2026-06-25T14:50:47","date_gmt":"2026-06-25T17:50:47","guid":{"rendered":"https:\/\/projetos.ufpr.br\/maquinadh\/equipe\/"},"modified":"2026-08-31T17:44:41","modified_gmt":"2026-08-31T20:44:41","slug":"equipe","status":"publish","type":"page","link":"https:\/\/projetos.ufpr.br\/maquinadh\/equipe\/","title":{"rendered":"Equipe"},"content":{"rendered":"\n<h3 class=\"wp-block-heading\">Maquinistas <\/h3>\n\n\n\n<p class=\"wp-block-paragraph\">Somos docentes e estudantes de gradua\u00e7\u00e3o e p\u00f3s-gradua\u00e7\u00e3o de variadas \u00e1reas do conhecimento; profissionais; artistas. Qualquer pessoa interessada na rela\u00e7\u00e3o entre arte, cultura e direitos humanos \u00e9 bem vinda!<\/p>\n\n\n\n<hr class=\"wp-block-separator has-text-color has-vivid-red-color has-alpha-channel-opacity has-vivid-red-background-color has-background is-style-dots\" \/>\n\n\n\n<div class=\"wp-block-columns is-layout-flex wp-container-core-columns-is-layout-8f761849 wp-block-columns-is-layout-flex\">\n<div class=\"wp-block-column is-layout-flow wp-block-column-is-layout-flow\">\n<figure class=\"wp-block-image size-full is-resized\"><img loading=\"lazy\" decoding=\"async\" width=\"1050\" height=\"1050\" src=\"https:\/\/projetos.ufpr.br\/maquinadh\/wp-content\/uploads\/sites\/157\/2026\/07\/IMAGENS-SEM-FUNDO.jpg\" alt=\"\" class=\"wp-image-386\" style=\"width:472px;height:auto\" \/><\/figure>\n\n\n\n<h2 class=\"wp-block-heading\">Leandro Franklin Gorsdorf<\/h2>\n\n\n\n<p class=\"wp-block-paragraph\">Possui gradua\u00e7\u00e3o em Direito pela Pontif\u00edcia Universidade Cat\u00f3lica do Paran\u00e1 (1998), mestrado e doutorado em Direito pela Universidade Federal do Paran\u00e1 (2004 e 2016).  Atualmente \u00e9 professor adjunto da Universidade Federal do Paran\u00e1 na \u00e1rea de pr\u00e1tica jur\u00eddica em Direitos Humanos. Foi Pr\u00f3-Reitor de Extens\u00e3o e Cultura da UFPR entre 2017 a 2020 e coordenador da Coordena\u00e7\u00e3o de Pol\u00edticas Sociais da Pr\u00f3-Reitoria de Extens\u00e3o e Cultura durante os anos de 2013 a 2016. Membro do Instituto Brasileiro de Direitos Urban\u00edstico. <\/p>\n\n\n\n<p class=\"wp-block-paragraph\">Pesquisador do Centro de Estudos Constitucionais e do LABA- Direito, espa\u00e7o &amp; pol\u00edtica. Tem experi\u00eancia na \u00e1rea de Direito nos seguintes temas: Direitos Humanos: G\u00eanero, Sexualidade, Espa\u00e7o e Conflitos; Cultura, arte e Direito; Assessoria Jur\u00eddica Popular e Acesso a Justi\u00e7a.&nbsp;<br><\/p>\n<\/div>\n\n\n\n<div class=\"wp-block-column is-layout-flow wp-block-column-is-layout-flow\">\n<figure class=\"wp-block-image size-full is-resized\"><img loading=\"lazy\" decoding=\"async\" width=\"578\" height=\"578\" src=\"https:\/\/projetos.ufpr.br\/maquinadh\/wp-content\/uploads\/sites\/157\/2026\/07\/servletrecuperafoto-1-0000.jpg\" alt=\"\" class=\"wp-image-379\" style=\"width:468px;height:auto\" \/><\/figure>\n\n\n\n<h2 class=\"wp-block-heading\">Heloisa Fernandes Camara<\/h2>\n\n\n\n<p class=\"wp-block-paragraph\">Professora de Teoria do Estado e Ci\u00eancia Pol\u00edtica na Gradua\u00e7\u00e3o e P\u00f3s-Gradua\u00e7\u00e3o da Universidade Federal do Paran\u00e1. Pesquisadora visitante no King&#8217;s College London (2015). Doutora (2017), Mestre (2010) e Graduada (2007) em Direito pela Universidade Federal do Paran\u00e1. Pesquisadora do grupo de pesquisa sobre Sistema Interamericano de Direitos Humanos (Centro Universit\u00e1rio Curitiba). <br><\/p>\n\n\n\n<p class=\"wp-block-paragraph\">Participante da Inter-American Human Rights Network e dos grupos Constitucionalismo e Democracia Direito e Subjetividade, e Dirpol (todos da UFPR). Experi\u00eancia em pesquisa em Direitos Humanos e Direitos Fundamentais, ditadura militar brasileira e justi\u00e7a de transi\u00e7\u00e3o.<\/p>\n<\/div>\n<\/div>\n\n\n\n<p class=\"wp-block-paragraph\"><\/p>\n\n\n\n<hr class=\"wp-block-separator has-text-color has-pale-pink-color has-alpha-channel-opacity has-pale-pink-background-color has-background is-style-dots\" \/>\n\n\n\n<p class=\"wp-block-paragraph\"><\/p>\n\n\n\n<div class=\"wp-block-columns is-layout-flex wp-container-core-columns-is-layout-8f761849 wp-block-columns-is-layout-flex\">\n<div class=\"wp-block-column is-layout-flow wp-block-column-is-layout-flow\">\n<figure class=\"wp-block-image size-full is-resized\"><img loading=\"lazy\" decoding=\"async\" width=\"571\" height=\"571\" src=\"https:\/\/projetos.ufpr.br\/maquinadh\/wp-content\/uploads\/sites\/157\/2026\/07\/WhatsApp-Image-2026-07-22-at-13.44.45.jpeg\" alt=\"\" class=\"wp-image-431\" style=\"width:472px;height:auto\" \/><\/figure>\n\n\n\n<h2 class=\"wp-block-heading\">C\u00e1ssia Scaramella<\/h2>\n\n\n\n<p class=\"wp-block-paragraph\">Estudante de Direito na UFPR e bolsista do M\u00e1quina de Ativismos,  onde atua na articula\u00e7\u00e3o pol\u00edtica entre arte, movimentos sociais e direitos humanos. Pesquisa Direito do Trabalho e acredita que a luta por justi\u00e7a passa pela mem\u00f3ria, pela arte e pela ocupa\u00e7\u00e3o dos espa\u00e7os. Al\u00e9m de participar do M\u00e1quina de Ativismos, tamb\u00e9m integra o GPTS-UFPR e a Cl\u00ednica de Direito do Trabalho da UFPR.<\/p>\n\n\n\n<p class=\"wp-block-paragraph\"><br><\/p>\n<\/div>\n\n\n\n<div class=\"wp-block-column is-layout-flow wp-block-column-is-layout-flow\">\n<figure class=\"wp-block-image size-full is-resized\"><img loading=\"lazy\" decoding=\"async\" width=\"540\" height=\"540\" src=\"https:\/\/projetos.ufpr.br\/maquinadh\/wp-content\/uploads\/sites\/157\/2026\/08\/WhatsApp-Image-2026-08-31-at-17.39.01.jpeg\" alt=\"\" class=\"wp-image-518\" style=\"width:472px;height:auto\" srcset=\"https:\/\/projetos.ufpr.br\/maquinadh\/wp-content\/uploads\/sites\/157\/2026\/08\/WhatsApp-Image-2026-08-31-at-17.39.01.jpeg 540w, https:\/\/projetos.ufpr.br\/maquinadh\/wp-content\/uploads\/sites\/157\/2026\/08\/WhatsApp-Image-2026-08-31-at-17.39.01-57x57.jpeg 57w, https:\/\/projetos.ufpr.br\/maquinadh\/wp-content\/uploads\/sites\/157\/2026\/08\/WhatsApp-Image-2026-08-31-at-17.39.01-300x300.jpeg 300w, https:\/\/projetos.ufpr.br\/maquinadh\/wp-content\/uploads\/sites\/157\/2026\/08\/WhatsApp-Image-2026-08-31-at-17.39.01-150x150.jpeg 150w, https:\/\/projetos.ufpr.br\/maquinadh\/wp-content\/uploads\/sites\/157\/2026\/08\/WhatsApp-Image-2026-08-31-at-17.39.01-98x98.jpeg 98w\" sizes=\"auto, (max-width: 540px) 100vw, 540px\" \/><\/figure>\n\n\n\n<h2 class=\"wp-block-heading\">Maria Clara Menger<\/h2>\n\n\n\n<p class=\"wp-block-paragraph\">Graduanda em Direito pela UFPR e bolsista da M\u00e1quina de Artivismo em Direitos Humanos. Sua jornada em rela\u00e7\u00e3o ao direito e \u00e0 arte come\u00e7ou na Inicia\u00e7\u00e3o Cient\u00edfica, onde investigou as rela\u00e7\u00f5es entre Literatura e Direitos Humanos. Esta experi\u00eancia abriu caminhos para entender como a express\u00e3o art\u00edstica pode transformar a forma como vemos a justi\u00e7a. Assim conecta-se com o M\u00e1quina com o ideal de usar o ativismo como forma de sensibiliza\u00e7\u00e3o e luta pela garantia dos direitos humanos.<\/p>\n\n\n\n<p class=\"wp-block-paragraph\">Al\u00e9m da M\u00e1quina de Artivismos em Direitos Humanos, tamb\u00e9m \u00e9 estagi\u00e1ria no TJPR.<\/p>\n<\/div>\n<\/div>\n","protected":false},"excerpt":{"rendered":"<p>Maquinistas Somos docentes e estudantes de gradua\u00e7\u00e3o e p\u00f3s-gradua\u00e7\u00e3o de variadas \u00e1reas do conhecimento; profissionais; artistas. Qualquer pessoa interessada na rela\u00e7\u00e3o entre arte, cultura e direitos humanos \u00e9 bem vinda! Leandro Franklin Gorsdorf Possui gradua\u00e7\u00e3o em Direito pela Pontif\u00edcia Universidade Cat\u00f3lica do Paran\u00e1 (1998), mestrado e doutorado em Direito pela Universidade Federal do Paran\u00e1 (2004 [&hellip;]<\/p>\n","protected":false},"author":136,"featured_media":0,"parent":0,"menu_order":0,"comment_status":"closed","ping_status":"closed","template":"page.php","meta":{"footnotes":""},"class_list":["post-30","page","type-page","status-publish","hentry"],"_links":{"self":[{"href":"https:\/\/projetos.ufpr.br\/maquinadh\/wp-json\/wp\/v2\/pages\/30","targetHints":{"allow":["GET"]}}],"collection":[{"href":"https:\/\/projetos.ufpr.br\/maquinadh\/wp-json\/wp\/v2\/pages"}],"about":[{"href":"https:\/\/projetos.ufpr.br\/maquinadh\/wp-json\/wp\/v2\/types\/page"}],"author":[{"embeddable":true,"href":"https:\/\/projetos.ufpr.br\/maquinadh\/wp-json\/wp\/v2\/users\/136"}],"replies":[{"embeddable":true,"href":"https:\/\/projetos.ufpr.br\/maquinadh\/wp-json\/wp\/v2\/comments?post=30"}],"version-history":[{"count":15,"href":"https:\/\/projetos.ufpr.br\/maquinadh\/wp-json\/wp\/v2\/pages\/30\/revisions"}],"predecessor-version":[{"id":519,"href":"https:\/\/projetos.ufpr.br\/maquinadh\/wp-json\/wp\/v2\/pages\/30\/revisions\/519"}],"wp:attachment":[{"href":"https:\/\/projetos.ufpr.br\/maquinadh\/wp-json\/wp\/v2\/media?parent=30"}],"curies":[{"name":"wp","href":"https:\/\/api.w.org\/{rel}","templated":true}]}}

<h3 class="wp-block-heading">Maquinistas </h3>



<p class="wp-block-paragraph">Somos docentes e estudantes de graduação e pós-graduação de variadas áreas do conhecimento; profissionais; artistas. Qualquer pessoa interessada na relação entre arte, cultura e direitos humanos é bem vinda!</p>



<hr class="wp-block-separator has-text-color has-vivid-red-color has-alpha-channel-opacity has-vivid-red-background-color has-background is-style-dots" />



<div class="wp-block-columns is-layout-flex wp-container-core-columns-is-layout-8f761849 wp-block-columns-is-layout-flex">
<div class="wp-block-column is-layout-flow wp-block-column-is-layout-flow">
<figure class="wp-block-image size-full is-resized"><img loading="lazy" decoding="async" width="1050" height="1050" src="https://projetos.ufpr.br/maquinadh/wp-content/uploads/sites/157/2026/07/IMAGENS-SEM-FUNDO.jpg" alt="" class="wp-image-386" style="width:472px;height:auto" /></figure>



<h2 class="wp-block-heading">Leandro Franklin Gorsdorf</h2>



<p class="wp-block-paragraph">Possui graduação em Direito pela Pontifícia Universidade Católica do Paraná (1998), mestrado e doutorado em Direito pela Universidade Federal do Paraná (2004 e 2016).  Atualmente é professor adjunto da Universidade Federal do Paraná na área de prática jurídica em Direitos Humanos. Foi Pró-Reitor de Extensão e Cultura da UFPR entre 2017 a 2020 e coordenador da Coordenação de Políticas Sociais da Pró-Reitoria de Extensão e Cultura durante os anos de 2013 a 2016. Membro do Instituto Brasileiro de Direitos Urbanístico. </p>



<p class="wp-block-paragraph">Pesquisador do Centro de Estudos Constitucionais e do LABA- Direito, espaço &amp; política. Tem experiência na área de Direito nos seguintes temas: Direitos Humanos: Gênero, Sexualidade, Espaço e Conflitos; Cultura, arte e Direito; Assessoria Jurídica Popular e Acesso a Justiça.&nbsp;<br></p>
</div>



<div class="wp-block-column is-layout-flow wp-block-column-is-layout-flow">
<figure class="wp-block-image size-full is-resized"><img loading="lazy" decoding="async" width="578" height="578" src="https://projetos.ufpr.br/maquinadh/wp-content/uploads/sites/157/2026/07/servletrecuperafoto-1-0000.jpg" alt="" class="wp-image-379" style="width:468px;height:auto" /></figure>



<h2 class="wp-block-heading">Heloisa Fernandes Camara</h2>



<p class="wp-block-paragraph">Professora de Teoria do Estado e Ciência Política na Graduação e Pós-Graduação da Universidade Federal do Paraná. Pesquisadora visitante no King&#8217;s College London (2015). Doutora (2017), Mestre (2010) e Graduada (2007) em Direito pela Universidade Federal do Paraná. Pesquisadora do grupo de pesquisa sobre Sistema Interamericano de Direitos Humanos (Centro Universitário Curitiba). <br></p>



<p class="wp-block-paragraph">Participante da Inter-American Human Rights Network e dos grupos Constitucionalismo e Democracia Direito e Subjetividade, e Dirpol (todos da UFPR). Experiência em pesquisa em Direitos Humanos e Direitos Fundamentais, ditadura militar brasileira e justiça de transição.</p>
</div>
</div>



<p class="wp-block-paragraph"></p>



<hr class="wp-block-separator has-text-color has-pale-pink-color has-alpha-channel-opacity has-pale-pink-background-color has-background is-style-dots" />



<p class="wp-block-paragraph"></p>



<div class="wp-block-columns is-layout-flex wp-container-core-columns-is-layout-8f761849 wp-block-columns-is-layout-flex">
<div class="wp-block-column is-layout-flow wp-block-column-is-layout-flow">
<figure class="wp-block-image size-full is-resized"><img loading="lazy" decoding="async" width="571" height="571" src="https://projetos.ufpr.br/maquinadh/wp-content/uploads/sites/157/2026/07/WhatsApp-Image-2026-07-22-at-13.44.45.jpeg" alt="" class="wp-image-431" style="width:472px;height:auto" /></figure>



<h2 class="wp-block-heading">Cássia Scaramella</h2>



<p class="wp-block-paragraph">Estudante de Direito na UFPR e bolsista do Máquina de Ativismos,  onde atua na articulação política entre arte, movimentos sociais e direitos humanos. Pesquisa Direito do Trabalho e acredita que a luta por justiça passa pela memória, pela arte e pela ocupação dos espaços. Além de participar do Máquina de Ativismos, também integra o GPTS-UFPR e a Clínica de Direito do Trabalho da UFPR.</p>



<p class="wp-block-paragraph"><br></p>
</div>



<div class="wp-block-column is-layout-flow wp-block-column-is-layout-flow">
<figure class="wp-block-image size-full is-resized"><img loading="lazy" decoding="async" width="540" height="540" src="https://projetos.ufpr.br/maquinadh/wp-content/uploads/sites/157/2026/08/WhatsApp-Image-2026-08-31-at-17.39.01.jpeg" alt="" class="wp-image-518" style="width:472px;height:auto" srcset="https://projetos.ufpr.br/maquinadh/wp-content/uploads/sites/157/2026/08/WhatsApp-Image-2026-08-31-at-17.39.01.jpeg 540w, https://projetos.ufpr.br/maquinadh/wp-content/uploads/sites/157/2026/08/WhatsApp-Image-2026-08-31-at-17.39.01-57x57.jpeg 57w, https://projetos.ufpr.br/maquinadh/wp-content/uploads/sites/157/2026/08/WhatsApp-Image-2026-08-31-at-17.39.01-300x300.jpeg 300w, https://projetos.ufpr.br/maquinadh/wp-content/uploads/sites/157/2026/08/WhatsApp-Image-2026-08-31-at-17.39.01-150x150.jpeg 150w, https://projetos.ufpr.br/maquinadh/wp-content/uploads/sites/157/2026/08/WhatsApp-Image-2026-08-31-at-17.39.01-98x98.jpeg 98w" sizes="auto, (max-width: 540px) 100vw, 540px" /></figure>



<h2 class="wp-block-heading">Maria Clara Menger</h2>



<p class="wp-block-paragraph">Graduanda em Direito pela UFPR e bolsista da Máquina de Artivismo em Direitos Humanos. Sua jornada em relação ao direito e à arte começou na Iniciação Científica, onde investigou as relações entre Literatura e Direitos Humanos. Esta experiência abriu caminhos para entender como a expressão artística pode transformar a forma como vemos a justiça. Assim conecta-se com o Máquina com o ideal de usar o ativismo como forma de sensibilização e luta pela garantia dos direitos humanos.</p>



<p class="wp-block-paragraph">Além da Máquina de Artivismos em Direitos Humanos, também é estagiária no TJPR.</p>
</div>
</div>

<p>Maquinistas Somos docentes e estudantes de graduação e pós-graduação de variadas áreas do conhecimento; profissionais; artistas. Qualquer pessoa interessada na relação entre arte, cultura e direitos humanos é bem vinda! Leandro Franklin Gorsdorf Possui graduação em Direito pela Pontifícia Universidade Católica do Paraná (1998), mestrado e doutorado em Direito pela Universidade Federal do Paraná (2004 [&hellip;]</p>
