{"id":362,"date":"2026-07-22T15:21:15","date_gmt":"2026-07-22T18:21:15","guid":{"rendered":"https:\/\/projetos.ufpr.br\/maquinadh\/?page_id=362"},"modified":"2026-08-01T13:48:40","modified_gmt":"2026-08-01T16:48:40","slug":"wpufpr_slides-id337","status":"publish","type":"page","link":"https:\/\/projetos.ufpr.br\/maquinadh\/","title":{"rendered":"M\u00e1quina\u00e7\u00f5es"},"content":{"rendered":"\n<hr class=\"wp-block-separator has-text-color has-vivid-red-color has-alpha-channel-opacity has-vivid-red-background-color has-background is-style-dots\" \/>\n\n\n\n<figure class=\"wp-block-video\"><video height=\"576\" style=\"aspect-ratio: 1584 \/ 576;\" width=\"1584\" controls src=\"https:\/\/projetos.ufpr.br\/maquinadh\/wp-content\/uploads\/sites\/157\/2026\/08\/WhatsApp-Video-2026-08-01-at-12.41.15-1-1.mp4\"><\/video><\/figure>\n\n\n\n<hr class=\"wp-block-separator has-text-color has-vivid-red-color has-alpha-channel-opacity has-vivid-red-background-color has-background is-style-dots\" \/>\n\n\n\n<div style=\"height:56px\" aria-hidden=\"true\" class=\"wp-block-spacer\"><\/div>\n\n\n\n<div class=\"wp-block-columns is-layout-flex wp-container-core-columns-is-layout-8f761849 wp-block-columns-is-layout-flex\">\n<div class=\"wp-block-column is-layout-flow wp-block-column-is-layout-flow\">\n<figure class=\"wp-block-image size-full is-style-default\"><a href=\"https:\/\/projetos.ufpr.br\/maquinadh\/percurso-memoria-lgbti\/\"><img loading=\"lazy\" decoding=\"async\" width=\"1080\" height=\"1080\" src=\"https:\/\/projetos.ufpr.br\/maquinadh\/wp-content\/uploads\/sites\/157\/2026\/08\/Capa-dos-projetos-2.jpg\" alt=\"\" class=\"wp-image-482\" \/><\/a><\/figure>\n<\/div>\n\n\n\n<div class=\"wp-block-column is-layout-flow wp-block-column-is-layout-flow\">\n<figure class=\"wp-block-image size-full\"><a href=\"https:\/\/projetos.ufpr.br\/maquinadh\/jogo-do-acesso-a-justica\/\"><img loading=\"lazy\" decoding=\"async\" width=\"1080\" height=\"1080\" src=\"https:\/\/projetos.ufpr.br\/maquinadh\/wp-content\/uploads\/sites\/157\/2026\/08\/Capa-dos-projetos-3.jpg\" alt=\"\" class=\"wp-image-480\" \/><\/a><\/figure>\n<\/div>\n\n\n\n<div class=\"wp-block-column is-layout-flow wp-block-column-is-layout-flow\"><\/div>\n<\/div>\n\n\n\n<hr class=\"wp-block-separator has-text-color has-vivid-red-color has-alpha-channel-opacity has-vivid-red-background-color has-background is-style-dots\" \/>\n\n\n\n<h2 class=\"wp-block-heading\">A\u00c7\u00d5ES &#8211; AG\u00caNCIA<\/h2>\n\n\n\n<p class=\"wp-block-paragraph\"><em>Nossas a\u00e7\u00f5es- ag\u00eancias se estruturam em 3 (tr\u00eas) eixos:<\/em><\/p>\n\n\n\n<p class=\"wp-block-paragraph\"><br><strong>Artivismos: <\/strong>formula\u00e7\u00e3o de a\u00e7\u00f5es artivistas para promover a refl ex\u00e3o sobre os direitos humanos a partir de express\u00f5es artisticas, se constituindo em metodologias de educa\u00e7\u00e3o em direitos humanos.<\/p>\n\n\n\n<p class=\"wp-block-paragraph\"><br><strong>Ativismos: <\/strong>a\u00e7\u00e3o de litig\u00e2ncia estrat\u00e9gica em assessoria jur\u00eddica popular de direitos humanos, em parceria com entidades e movimentos sociais ou \u00f3rg\u00e3os do sistema de justi\u00e7a, para defesa e garantia da luta por direitos.<\/p>\n\n\n\n<p class=\"wp-block-paragraph\"><br><strong>Forma\u00e7\u00e3o:<\/strong> organiza\u00e7\u00e3o de grupos de estudos, mesas de debates, semin\u00e1rios com tem\u00e1ticas afi ns as a\u00e7\u00f5es do coletivo para aprofundamento te\u00f3rico e produ\u00e7\u00e3o de pesquisas nas \u00e1reas de arte, cultura e direitos humanos.<\/p>\n\n\n\n<p class=\"wp-block-paragraph\"><\/p>\n","protected":false},"excerpt":{"rendered":"<p>A\u00c7\u00d5ES &#8211; AG\u00caNCIA Nossas a\u00e7\u00f5es- ag\u00eancias se estruturam em 3 (tr\u00eas) eixos: Artivismos: formula\u00e7\u00e3o de a\u00e7\u00f5es artivistas para promover a refl ex\u00e3o sobre os direitos humanos a partir de express\u00f5es artisticas, se constituindo em metodologias de educa\u00e7\u00e3o em direitos humanos. Ativismos: a\u00e7\u00e3o de litig\u00e2ncia estrat\u00e9gica em assessoria jur\u00eddica popular de direitos humanos, em parceria com [&hellip;]<\/p>\n","protected":false},"author":181,"featured_media":0,"parent":0,"menu_order":0,"comment_status":"closed","ping_status":"closed","template":"","meta":{"footnotes":""},"class_list":["post-362","page","type-page","status-publish","hentry"],"_links":{"self":[{"href":"https:\/\/projetos.ufpr.br\/maquinadh\/wp-json\/wp\/v2\/pages\/362","targetHints":{"allow":["GET"]}}],"collection":[{"href":"https:\/\/projetos.ufpr.br\/maquinadh\/wp-json\/wp\/v2\/pages"}],"about":[{"href":"https:\/\/projetos.ufpr.br\/maquinadh\/wp-json\/wp\/v2\/types\/page"}],"author":[{"embeddable":true,"href":"https:\/\/projetos.ufpr.br\/maquinadh\/wp-json\/wp\/v2\/users\/181"}],"replies":[{"embeddable":true,"href":"https:\/\/projetos.ufpr.br\/maquinadh\/wp-json\/wp\/v2\/comments?post=362"}],"version-history":[{"count":10,"href":"https:\/\/projetos.ufpr.br\/maquinadh\/wp-json\/wp\/v2\/pages\/362\/revisions"}],"predecessor-version":[{"id":514,"href":"https:\/\/projetos.ufpr.br\/maquinadh\/wp-json\/wp\/v2\/pages\/362\/revisions\/514"}],"wp:attachment":[{"href":"https:\/\/projetos.ufpr.br\/maquinadh\/wp-json\/wp\/v2\/media?parent=362"}],"curies":[{"name":"wp","href":"https:\/\/api.w.org\/{rel}","templated":true}]}}

Máquinações

<hr class="wp-block-separator has-text-color has-vivid-red-color has-alpha-channel-opacity has-vivid-red-background-color has-background is-style-dots" />



<figure class="wp-block-video"><video height="576" style="aspect-ratio: 1584 / 576;" width="1584" controls src="https://projetos.ufpr.br/maquinadh/wp-content/uploads/sites/157/2026/08/WhatsApp-Video-2026-08-01-at-12.41.15-1-1.mp4"></video></figure>



<hr class="wp-block-separator has-text-color has-vivid-red-color has-alpha-channel-opacity has-vivid-red-background-color has-background is-style-dots" />



<div style="height:56px" aria-hidden="true" class="wp-block-spacer"></div>



<div class="wp-block-columns is-layout-flex wp-container-core-columns-is-layout-8f761849 wp-block-columns-is-layout-flex">
<div class="wp-block-column is-layout-flow wp-block-column-is-layout-flow">
<figure class="wp-block-image size-full is-style-default"><a href="https://projetos.ufpr.br/maquinadh/percurso-memoria-lgbti/"><img loading="lazy" decoding="async" width="1080" height="1080" src="https://projetos.ufpr.br/maquinadh/wp-content/uploads/sites/157/2026/08/Capa-dos-projetos-2.jpg" alt="" class="wp-image-482" /></a></figure>
</div>



<div class="wp-block-column is-layout-flow wp-block-column-is-layout-flow">
<figure class="wp-block-image size-full"><a href="https://projetos.ufpr.br/maquinadh/jogo-do-acesso-a-justica/"><img loading="lazy" decoding="async" width="1080" height="1080" src="https://projetos.ufpr.br/maquinadh/wp-content/uploads/sites/157/2026/08/Capa-dos-projetos-3.jpg" alt="" class="wp-image-480" /></a></figure>
</div>



<div class="wp-block-column is-layout-flow wp-block-column-is-layout-flow"></div>
</div>



<hr class="wp-block-separator has-text-color has-vivid-red-color has-alpha-channel-opacity has-vivid-red-background-color has-background is-style-dots" />



<h2 class="wp-block-heading">AÇÕES &#8211; AGÊNCIA</h2>



<p class="wp-block-paragraph"><em>Nossas ações- agências se estruturam em 3 (três) eixos:</em></p>



<p class="wp-block-paragraph"><br><strong>Artivismos: </strong>formulação de ações artivistas para promover a refl exão sobre os direitos humanos a partir de expressões artisticas, se constituindo em metodologias de educação em direitos humanos.</p>



<p class="wp-block-paragraph"><br><strong>Ativismos: </strong>ação de litigância estratégica em assessoria jurídica popular de direitos humanos, em parceria com entidades e movimentos sociais ou órgãos do sistema de justiça, para defesa e garantia da luta por direitos.</p>



<p class="wp-block-paragraph"><br><strong>Formação:</strong> organização de grupos de estudos, mesas de debates, seminários com temáticas afi ns as ações do coletivo para aprofundamento teórico e produção de pesquisas nas áreas de arte, cultura e direitos humanos.</p>



<p class="wp-block-paragraph"></p>

<p>AÇÕES &#8211; AGÊNCIA Nossas ações- agências se estruturam em 3 (três) eixos: Artivismos: formulação de ações artivistas para promover a refl exão sobre os direitos humanos a partir de expressões artisticas, se constituindo em metodologias de educação em direitos humanos. Ativismos: ação de litigância estratégica em assessoria jurídica popular de direitos humanos, em parceria com [&hellip;]</p>
