{"id":446,"date":"2026-08-01T10:44:34","date_gmt":"2026-08-01T13:44:34","guid":{"rendered":"https:\/\/projetos.ufpr.br\/maquinadh\/?page_id=446"},"modified":"2026-08-01T11:13:26","modified_gmt":"2026-08-01T14:13:26","slug":"percurso-memoria-lgbti","status":"publish","type":"page","link":"https:\/\/projetos.ufpr.br\/maquinadh\/percurso-memoria-lgbti\/","title":{"rendered":"PERCURSO MEM\u00d3RIA LGBTI+"},"content":{"rendered":"\n<p class=\"wp-block-paragraph\"><\/p>\n\n\n\n<figure class=\"wp-block-gallery has-nested-images columns-default is-cropped wp-block-gallery-1 is-layout-flex wp-block-gallery-is-layout-flex\">\n<figure class=\"wp-block-image size-large\"><img loading=\"lazy\" decoding=\"async\" width=\"1024\" height=\"768\" data-id=\"456\" src=\"https:\/\/projetos.ufpr.br\/maquinadh\/wp-content\/uploads\/sites\/157\/2026\/08\/Itinerario-Percurso-LGBTI-1024x768-1.jpeg\" alt=\"\" class=\"wp-image-456\" \/><\/figure>\n\n\n\n<figure class=\"wp-block-image size-large\"><img loading=\"lazy\" decoding=\"async\" width=\"1024\" height=\"858\" data-id=\"454\" src=\"https:\/\/projetos.ufpr.br\/maquinadh\/wp-content\/uploads\/sites\/157\/2026\/08\/Rua-XV-Percurso-LGBTI-e1702671819203-1024x858-2.jpeg\" alt=\"\" class=\"wp-image-454\" \/><\/figure>\n\n\n\n<figure class=\"wp-block-image size-large\"><img loading=\"lazy\" decoding=\"async\" width=\"1600\" height=\"800\" data-id=\"452\" src=\"https:\/\/projetos.ufpr.br\/maquinadh\/wp-content\/uploads\/sites\/157\/2026\/08\/Percurso-LGBTI-de-Curitiba.-Foto-Reproducao-Instagram.jpg\" alt=\"\" class=\"wp-image-452\" \/><\/figure>\n\n\n\n<figure class=\"wp-block-image size-large\"><img loading=\"lazy\" decoding=\"async\" width=\"1024\" height=\"768\" data-id=\"448\" src=\"https:\/\/projetos.ufpr.br\/maquinadh\/wp-content\/uploads\/sites\/157\/2026\/08\/Banheirao-Osorio-1024x768-1.jpeg\" alt=\"\" class=\"wp-image-448\" \/><\/figure>\n\n\n\n<figure class=\"wp-block-image size-large\"><img loading=\"lazy\" decoding=\"async\" width=\"1080\" height=\"1080\" data-id=\"410\" src=\"https:\/\/projetos.ufpr.br\/maquinadh\/wp-content\/uploads\/sites\/157\/2026\/07\/percurso-lgbti.jpg\" alt=\"\" class=\"wp-image-410\" \/><\/figure>\n<\/figure>\n\n\n\n<p class=\"wp-block-paragraph\">Esta a\u00e7\u00e3o em parceria com entidades e movimentos LGBTI + desenvolveu a\u00e7\u00f5es de mem\u00f3ria e acervo sobre a presen\u00e7a, lugares eredes de sociabilidade LGBTI+ na cidade de Curitiba. Um dos resultados foi a cria\u00e7\u00e3o de um percurso sobre da comunidade LGBTI+ em Curitiba, vivenciando a cidade atrav\u00e9s de olhares, identidades e narrativas pouco contadas, mas essenciais para a constru\u00e7\u00e3o do espa\u00e7o urbano. A caminhada ocorre durante o ano todo, usualmente aos s\u00e1bados, e pode ser acessada por meio de inscri\u00e7\u00e3o na p\u00e1gina do Mem\u00f3ria LGBTI + Curitiba.<\/p>\n","protected":false},"excerpt":{"rendered":"<p>Esta a\u00e7\u00e3o em parceria com entidades e movimentos LGBTI + desenvolveu a\u00e7\u00f5es de mem\u00f3ria e acervo sobre a presen\u00e7a, lugares eredes de sociabilidade LGBTI+ na cidade de Curitiba. Um dos resultados foi a cria\u00e7\u00e3o de um percurso sobre da comunidade LGBTI+ em Curitiba, vivenciando a cidade atrav\u00e9s de olhares, identidades e narrativas pouco contadas, mas [&hellip;]<\/p>\n","protected":false},"author":181,"featured_media":0,"parent":0,"menu_order":0,"comment_status":"closed","ping_status":"closed","template":"","meta":{"footnotes":""},"class_list":["post-446","page","type-page","status-publish","hentry"],"_links":{"self":[{"href":"https:\/\/projetos.ufpr.br\/maquinadh\/wp-json\/wp\/v2\/pages\/446","targetHints":{"allow":["GET"]}}],"collection":[{"href":"https:\/\/projetos.ufpr.br\/maquinadh\/wp-json\/wp\/v2\/pages"}],"about":[{"href":"https:\/\/projetos.ufpr.br\/maquinadh\/wp-json\/wp\/v2\/types\/page"}],"author":[{"embeddable":true,"href":"https:\/\/projetos.ufpr.br\/maquinadh\/wp-json\/wp\/v2\/users\/181"}],"replies":[{"embeddable":true,"href":"https:\/\/projetos.ufpr.br\/maquinadh\/wp-json\/wp\/v2\/comments?post=446"}],"version-history":[{"count":3,"href":"https:\/\/projetos.ufpr.br\/maquinadh\/wp-json\/wp\/v2\/pages\/446\/revisions"}],"predecessor-version":[{"id":484,"href":"https:\/\/projetos.ufpr.br\/maquinadh\/wp-json\/wp\/v2\/pages\/446\/revisions\/484"}],"wp:attachment":[{"href":"https:\/\/projetos.ufpr.br\/maquinadh\/wp-json\/wp\/v2\/media?parent=446"}],"curies":[{"name":"wp","href":"https:\/\/api.w.org\/{rel}","templated":true}]}}

PERCURSO MEMÓRIA LGBTI+

<p class="wp-block-paragraph"></p>



<figure class="wp-block-gallery has-nested-images columns-default is-cropped wp-block-gallery-1 is-layout-flex wp-block-gallery-is-layout-flex">
<figure class="wp-block-image size-large"><img loading="lazy" decoding="async" width="1024" height="768" data-id="456" src="https://projetos.ufpr.br/maquinadh/wp-content/uploads/sites/157/2026/08/Itinerario-Percurso-LGBTI-1024x768-1.jpeg" alt="" class="wp-image-456" /></figure>



<figure class="wp-block-image size-large"><img loading="lazy" decoding="async" width="1024" height="858" data-id="454" src="https://projetos.ufpr.br/maquinadh/wp-content/uploads/sites/157/2026/08/Rua-XV-Percurso-LGBTI-e1702671819203-1024x858-2.jpeg" alt="" class="wp-image-454" /></figure>



<figure class="wp-block-image size-large"><img loading="lazy" decoding="async" width="1600" height="800" data-id="452" src="https://projetos.ufpr.br/maquinadh/wp-content/uploads/sites/157/2026/08/Percurso-LGBTI-de-Curitiba.-Foto-Reproducao-Instagram.jpg" alt="" class="wp-image-452" /></figure>



<figure class="wp-block-image size-large"><img loading="lazy" decoding="async" width="1024" height="768" data-id="448" src="https://projetos.ufpr.br/maquinadh/wp-content/uploads/sites/157/2026/08/Banheirao-Osorio-1024x768-1.jpeg" alt="" class="wp-image-448" /></figure>



<figure class="wp-block-image size-large"><img loading="lazy" decoding="async" width="1080" height="1080" data-id="410" src="https://projetos.ufpr.br/maquinadh/wp-content/uploads/sites/157/2026/07/percurso-lgbti.jpg" alt="" class="wp-image-410" /></figure>
</figure>



<p class="wp-block-paragraph">Esta ação em parceria com entidades e movimentos LGBTI + desenvolveu ações de memória e acervo sobre a presença, lugares eredes de sociabilidade LGBTI+ na cidade de Curitiba. Um dos resultados foi a criação de um percurso sobre da comunidade LGBTI+ em Curitiba, vivenciando a cidade através de olhares, identidades e narrativas pouco contadas, mas essenciais para a construção do espaço urbano. A caminhada ocorre durante o ano todo, usualmente aos sábados, e pode ser acessada por meio de inscrição na página do Memória LGBTI + Curitiba.</p>

<p>Esta ação em parceria com entidades e movimentos LGBTI + desenvolveu ações de memória e acervo sobre a presença, lugares eredes de sociabilidade LGBTI+ na cidade de Curitiba. Um dos resultados foi a criação de um percurso sobre da comunidade LGBTI+ em Curitiba, vivenciando a cidade através de olhares, identidades e narrativas pouco contadas, mas [&hellip;]</p>
