{"id":1882,"date":"2024-11-28T11:11:12","date_gmt":"2024-11-28T14:11:12","guid":{"rendered":"https:\/\/projetos.ufpr.br\/memoria\/?page_id=1882"},"modified":"2024-11-28T11:14:14","modified_gmt":"2024-11-28T14:14:14","slug":"mapa","status":"publish","type":"page","link":"https:\/\/projetos.ufpr.br\/memoria\/mapa\/","title":{"rendered":"MAPA DO SITE"},"content":{"rendered":"\n<h2 class=\"wp-block-heading\"><strong>Mapa do Site<\/strong><\/h2>\n\n\n\n<div style=\"height:35px\" aria-hidden=\"true\" class=\"wp-block-spacer\"><\/div>\n\n\n\n<p><a href=\"https:\/\/projetos.ufpr.br\/memoria\/acervo-digital\/\">Acervo Digital<\/a><\/p>\n\n\n\n<ul class=\"wp-block-list\">\n<li>Orienta o usu\u00e1rio a nevegar no reposit\u00f3rio Institucional da UFPR.<\/li>\n<\/ul>\n\n\n\n<p><a href=\"https:\/\/projetos.ufpr.br\/memoria\/apoio\/\">Apoio<\/a><\/p>\n\n\n\n<ul class=\"wp-block-list\">\n<li>Listagem das unidades que apoiaram de alguma forma no surgimento desta biblioteca.<\/li>\n<\/ul>\n\n\n\n<p><a href=\"https:\/\/projetos.ufpr.br\/memoria\/biografias-autobiografias-e-memorias\/\">Biografias, Autobiografias e Mem\u00f3rias (em ordem cronol\u00f3gica)<\/a><\/p>\n\n\n\n<ul class=\"wp-block-list\">\n<li>Lista de obras biogr\u00e1ficas, autobiogr\u00e1ficas e de mem\u00f3rias de personalidades da comunidade da UFPR.<\/li>\n<\/ul>\n\n\n\n<p><a href=\"https:\/\/projetos.ufpr.br\/memoria\/contato\/\">Contato<\/a><\/p>\n\n\n\n<ul class=\"wp-block-list\">\n<li>Lista de contatos \u00fateis sobre esta biblioteca.<\/li>\n<\/ul>\n\n\n\n<p><a href=\"https:\/\/projetos.ufpr.br\/memoria\/equipe\/\">Equipe<\/a><\/p>\n\n\n\n<ul class=\"wp-block-list\">\n<li>Lista das pessoas que participaram da constru\u00e7\u00e3o desta biblioteca.<\/li>\n<\/ul>\n\n\n\n<p><a href=\"https:\/\/projetos.ufpr.br\/memoria\/historia-do-projeto\/\">Hist\u00f3ria do Projeto<\/a><\/p>\n\n\n\n<ul class=\"wp-block-list\">\n<li>Relato de como desenvolveu-se o projeto que deu origem a esta biblioteca.<\/li>\n<\/ul>\n\n\n\n<p><a href=\"https:\/\/projetos.ufpr.br\/memoria\/historias-da-universidade\/\">Hist\u00f3rias da Universidade (em ordem cronol\u00f3gica)<\/a><\/p>\n\n\n\n<ul class=\"wp-block-list\">\n<li>Lista, em ordem cronol\u00f3gica de lan\u00e7amento, de obras que tenham a hist\u00f3ria da UFPR como tema.<\/li>\n<\/ul>\n\n\n\n<p><a href=\"https:\/\/projetos.ufpr.br\/memoria\/historias-das-unidades-da-ufpr\/\">Hist\u00f3rias das Unidades da UFPR (em ordem cronol\u00f3gica)<\/a><\/p>\n\n\n\n<ul class=\"wp-block-list\">\n<li>Lista, em ordem cronol\u00f3gica de lan\u00e7amento, de obras que tenham a hist\u00f3ria exclusivamente de alguma unidade da UFPR como tema.<\/li>\n<\/ul>\n\n\n\n<p><a href=\"https:\/\/projetos.ufpr.br\/memoria\/vida-estudantil\/\">Vida Estudantil (em ordem cronol\u00f3gica)<\/a><\/p>\n\n\n\n<ul class=\"wp-block-list\">\n<li>Lista, em ordem cronol\u00f3gica de lan\u00e7amento, de obras que tenham como tema a vida estudantil na UFPR.<\/li>\n<\/ul>\n\n\n\n<p><\/p>\n\n\n\n<p><\/p>\n","protected":false},"excerpt":{"rendered":"<p>Mapa do Site Acervo Digital Apoio Biografias, Autobiografias e Mem\u00f3rias (em ordem cronol\u00f3gica) Contato Equipe Hist\u00f3ria do Projeto Hist\u00f3rias da Universidade (em ordem cronol\u00f3gica) Hist\u00f3rias das Unidades da UFPR (em ordem cronol\u00f3gica) Vida Estudantil (em ordem cronol\u00f3gica)<\/p>\n","protected":false},"author":25,"featured_media":0,"parent":0,"menu_order":0,"comment_status":"closed","ping_status":"closed","template":"","meta":{"footnotes":""},"class_list":["post-1882","page","type-page","status-publish","hentry"],"_links":{"self":[{"href":"https:\/\/projetos.ufpr.br\/memoria\/wp-json\/wp\/v2\/pages\/1882","targetHints":{"allow":["GET"]}}],"collection":[{"href":"https:\/\/projetos.ufpr.br\/memoria\/wp-json\/wp\/v2\/pages"}],"about":[{"href":"https:\/\/projetos.ufpr.br\/memoria\/wp-json\/wp\/v2\/types\/page"}],"author":[{"embeddable":true,"href":"https:\/\/projetos.ufpr.br\/memoria\/wp-json\/wp\/v2\/users\/25"}],"replies":[{"embeddable":true,"href":"https:\/\/projetos.ufpr.br\/memoria\/wp-json\/wp\/v2\/comments?post=1882"}],"version-history":[{"count":6,"href":"https:\/\/projetos.ufpr.br\/memoria\/wp-json\/wp\/v2\/pages\/1882\/revisions"}],"predecessor-version":[{"id":1897,"href":"https:\/\/projetos.ufpr.br\/memoria\/wp-json\/wp\/v2\/pages\/1882\/revisions\/1897"}],"wp:attachment":[{"href":"https:\/\/projetos.ufpr.br\/memoria\/wp-json\/wp\/v2\/media?parent=1882"}],"curies":[{"name":"wp","href":"https:\/\/api.w.org\/{rel}","templated":true}]}}

<h2 class="wp-block-heading"><strong>Mapa do Site</strong></h2>



<div style="height:35px" aria-hidden="true" class="wp-block-spacer"></div>



<p><a href="https://projetos.ufpr.br/memoria/acervo-digital/">Acervo Digital</a></p>



<ul class="wp-block-list">
<li>Orienta o usuário a nevegar no repositório Institucional da UFPR.</li>
</ul>



<p><a href="https://projetos.ufpr.br/memoria/apoio/">Apoio</a></p>



<ul class="wp-block-list">
<li>Listagem das unidades que apoiaram de alguma forma no surgimento desta biblioteca.</li>
</ul>



<p><a href="https://projetos.ufpr.br/memoria/biografias-autobiografias-e-memorias/">Biografias, Autobiografias e Memórias (em ordem cronológica)</a></p>



<ul class="wp-block-list">
<li>Lista de obras biográficas, autobiográficas e de memórias de personalidades da comunidade da UFPR.</li>
</ul>



<p><a href="https://projetos.ufpr.br/memoria/contato/">Contato</a></p>



<ul class="wp-block-list">
<li>Lista de contatos úteis sobre esta biblioteca.</li>
</ul>



<p><a href="https://projetos.ufpr.br/memoria/equipe/">Equipe</a></p>



<ul class="wp-block-list">
<li>Lista das pessoas que participaram da construção desta biblioteca.</li>
</ul>



<p><a href="https://projetos.ufpr.br/memoria/historia-do-projeto/">História do Projeto</a></p>



<ul class="wp-block-list">
<li>Relato de como desenvolveu-se o projeto que deu origem a esta biblioteca.</li>
</ul>



<p><a href="https://projetos.ufpr.br/memoria/historias-da-universidade/">Histórias da Universidade (em ordem cronológica)</a></p>



<ul class="wp-block-list">
<li>Lista, em ordem cronológica de lançamento, de obras que tenham a história da UFPR como tema.</li>
</ul>



<p><a href="https://projetos.ufpr.br/memoria/historias-das-unidades-da-ufpr/">Histórias das Unidades da UFPR (em ordem cronológica)</a></p>



<ul class="wp-block-list">
<li>Lista, em ordem cronológica de lançamento, de obras que tenham a história exclusivamente de alguma unidade da UFPR como tema.</li>
</ul>



<p><a href="https://projetos.ufpr.br/memoria/vida-estudantil/">Vida Estudantil (em ordem cronológica)</a></p>



<ul class="wp-block-list">
<li>Lista, em ordem cronológica de lançamento, de obras que tenham como tema a vida estudantil na UFPR.</li>
</ul>



<p></p>



<p></p>

<p>Mapa do Site Acervo Digital Apoio Biografias, Autobiografias e Memórias (em ordem cronológica) Contato Equipe História do Projeto Histórias da Universidade (em ordem cronológica) Histórias das Unidades da UFPR (em ordem cronológica) Vida Estudantil (em ordem cronológica)</p>
