{"id":421,"date":"2026-04-28T16:48:23","date_gmt":"2026-04-28T19:48:23","guid":{"rendered":"https:\/\/projetos.ufpr.br\/omnibus\/?post_type=eventos&#038;p=421"},"modified":"2026-04-28T16:48:23","modified_gmt":"2026-04-28T19:48:23","slug":"ii-simposio-traducao-e-performance","status":"publish","type":"eventos","link":"https:\/\/projetos.ufpr.br\/omnibus\/eventos\/ii-simposio-traducao-e-performance\/","title":{"rendered":"II Simp\u00f3sio Tradu\u00e7\u00e3o e Performance"},"content":{"rendered":"\n<p><a href=\"http:\/\/instagram.com\/traducao.performance\">http:\/\/instagram.com\/traducao.performance<\/a> \/ <a href=\"mailto:step.ufpr@gmail.com\">step.ufpr@gmail.com<\/a><\/p>\n\n\n\n<figure class=\"wp-block-image size-full\"><img loading=\"lazy\" decoding=\"async\" width=\"1080\" height=\"1350\" src=\"https:\/\/projetos.ufpr.br\/omnibus\/wp-content\/uploads\/sites\/114\/2026\/04\/42cb0d98-d76a-4b62-9938-1d7a7cd3c1a2.jpg\" alt=\"\" class=\"wp-image-392\" \/><\/figure>\n\n\n\n<p>Realiza\u00e7\u00e3o: Universidade Federal do Paran\u00e1 (Programa de P\u00f3s-Gradua\u00e7\u00e3o em Letras,&nbsp; Departamento de Polon\u00eas, Alem\u00e3o e Letras Cl\u00e1ssicas e projeto Omnibus: Letras cl\u00e1ssicas para todo mundo<\/p>\n\n\n\n<p>Apoio: Programa Capes-Proex<\/p>\n\n\n\n<p>Local: Curitiba, Paran\u00e1 &#8211; Ed. D. Pedro I, Ria Gen. Carneiro, 460, Curitiba-PR <\/p>\n\n\n\n<p>Encerramento: Nina Bar (Rua Marechal Deodoro, 847)<\/p>\n\n\n\n<p><\/p>\n\n\n\n<p><\/p>\n\n\n\n<p><strong>Organiza\u00e7\u00e3o:<\/strong><\/p>\n\n\n\n<p>Ana Carolina Galv\u00e3o Appel<\/p>\n\n\n\n<p>Celso Henrique Siller Baptisti<\/p>\n\n\n\n<p>F\u00e1bio Paifer Cairolli<\/p>\n\n\n\n<p>Layla Gabriel de Oliveira&nbsp;<\/p>\n\n\n\n<p>Luna Madsen Barbosa de Matos<\/p>\n\n\n\n<p>Martim Ferreira Fernandes<\/p>\n\n\n\n<p>Rodrigo Francisco Barbosa<\/p>\n\n\n\n<p>Rodrigo Tadeu Gon\u00e7alves<\/p>\n\n\n\n<p><\/p>\n\n\n\n<p><strong>Programa\u00e7\u00e3o:<\/strong><\/p>\n\n\n\n<p><strong>Quarta-feira, 13 de Maio de 2026<\/strong><\/p>\n\n\n\n<p><strong>UFPR. Ed. D. Pedro I, 1\u00ba andar, Sala Homero de Barros<\/strong><\/p>\n\n\n\n<p>14h00: Mesa redonda 1: \u201cTradu\u00e7\u00e3o e literatura\u201d<\/p>\n\n\n\n<p>Paula Abramo (UNAM-M\u00e9xico), \u201cMundo de \u00e1guas brabas: desafios da tradu\u00e7\u00e3o de <em>Macuna\u00edma<\/em> e <em>O turista aprendiz <\/em>no M\u00e9xico\u201d<\/p>\n\n\n\n<p>Vitor Alevato do Amaral (UFF), \u201cJames Joyce, tradutor de ALP\u201d.<\/p>\n\n\n\n<p>Media\u00e7\u00e3o: Rodrigo Tadeu Gon\u00e7alves (UFPR).<\/p>\n\n\n\n<p>16h: Sess\u00e3o de comunica\u00e7\u00f5es 1:<\/p>\n\n\n\n<p>Victoria Toscani, \u201cMet\u00e1fora e g\u00eanero em Yoshida Kenko\u201d<br>Renata Mocelin Penachio, \u201cTraduzir o ch\u00e3o que traduz: ritmo, corpo e performance nas po\u00e9ticas camponesas\u201d<br>Luci Rivka Ramos Mendes, \u201cSonata de Ver\u00e3o: tradu\u00e7\u00e3o erotohistoriogr\u00e1fica de um poema de Celia Dropkin\u201d<br>Coordenadora: Ana Appel<\/p>\n\n\n\n<p><strong>Quinta-feira, 14 de Maio de 2026<\/strong><\/p>\n\n\n\n<p><strong>UFPR. Ed. D. Pedro I, Anfiteatro 100<\/strong><\/p>\n\n\n\n<p>14h00: Mesa redonda 2: \u201cA tradu\u00e7\u00e3o tridimensional: a triangula\u00e7\u00e3o da tradu\u00e7\u00e3o indireta\u201d<br>Layla Gabriel Oliveira (UFPR), \u201cAurora nasce, de floridos dedos: traduzindo Homero via Emily Wilson\u201d<\/p>\n\n\n\n<p>Ana Appel (UFPR), \u201cEspero pelo retorno da lua\u201d: tens\u00e3o e desestabiliza\u00e7\u00e3o de sentido em tradu\u00e7\u00f5es de narrativas ind\u00edgenas sul-africanas.<\/p>\n\n\n\n<p>Media\u00e7\u00e3o: Paula Abramo (UNAM-M\u00e9xico).<\/p>\n\n\n\n<p>16h00: Sess\u00e3o de comunica\u00e7\u00f5es 2:<br>Giovani Cazaroto. \u201c\u03b1\u1f30\u03cc\u03bb\u03bf\u03bd \u03c3\u03c4\u03cc\u03bc\u03b1: a linguagem entre o iridescente e o s\u00edsmico\u201d<br>Luiz Fernando Huf. \u201cCaminhos para a tradu\u00e7\u00e3o das baladas de Edgar Allan Poe\u201d<\/p>\n\n\n\n<p>Beatriz Ilek Rey. \u201cCresci entre Marcs, Serges e Yvans: fragilidade masculina e os sentimentos que n\u00e3o suportam ser nomeados em Art de Yasmina Reza\u201d<br>Coordenador: Rodrigo Barbosa<\/p>\n\n\n\n<p><strong>Sexta-Feira, 15 de Maio de 20026<\/strong><\/p>\n\n\n\n<p><strong>UFPR. Ed. D. Pedro I, Anfiteatro 100<\/strong><\/p>\n\n\n\n<p>14h00: Sess\u00e3o de Comunica\u00e7\u00f5es 3:<\/p>\n\n\n\n<p>Guilherme Delgado, \u201cSobre dar \u00e0 voz a um poeta: Corpo, Performance e Tradu\u00e7\u00e3o&nbsp; em \u201cApparuit\u201d, de Ezra Pound\u201d<\/p>\n\n\n\n<p>Celso Baptisti, \u201cPrud\u00eancio, o l\u00edrico: sobre pensar ritmo e performance no <em>Liber Peristephanon<\/em>\u201d<\/p>\n\n\n\n<p>Rodrigo Barbosa, \u201cNietzsche e a po\u00e9tica da forma do vir-a-ser\u201d<br>Coordenador: F\u00e1bio Cairolli<\/p>\n\n\n\n<p>16h30: Confer\u00eancia de encerramento:&nbsp;<\/p>\n\n\n\n<p>&#8220;Dinastias e Drag\u00f5es: o poema Beowulf como paneg\u00edrico din\u00e1stico na Inglaterra medieval&#8221;.<\/p>\n\n\n\n<p>Elton Medeiros (UFPR-PGHIS), modera\u00e7\u00e3o Anna Beatriz Paula (UFPR-PPGLetras)<\/p>\n\n\n\n<p>Coordenadora: Layla<\/p>\n\n\n\n<p>Performances po\u00e9tico-dram\u00e1ticas:<\/p>\n\n\n\n<p>13, 14 e 15, das 8h \u00e0s 13h, no p\u00e1tio da Reitoria<\/p>\n\n\n\n<p>Traduza um poema comigo, por Luna Madsen<\/p>\n\n\n\n<p><\/p>\n\n\n\n<p>Encerramento:<\/p>\n\n\n\n<p>19h00, Nina Bar (Rua Marechal Deodoro, 847): Encerramento com performances<\/p>\n\n\n\n<ul class=\"wp-block-list\">\n<li>Luiz Felipe Leprevost (Poeta e Diretor da Biblioteca P\u00fablica do Paran\u00e1)<\/li>\n\n\n\n<li>Luna Madsen (UFPR): \u201cTradu\u00e7\u00e3o-participativa de Fast Speaking Woman, de Anne Waldman\u201d<\/li>\n\n\n\n<li>Grupo de Tradu\u00e7\u00e3o de Teatro: 3 microdramas de Wolfgang Bauer: Romeu e Julieta, Cle\u00f3patra, Sigmund Freud (Alan Santiago Nor\u00f5es Queiroz, Helo\u00edsa Rodrigues Pahl. Ruth Bohunovsky, Walter Lima Torres Neto)&nbsp;<\/li>\n\n\n\n<li>Microfone aberto<\/li>\n<\/ul>\n\n\n\n<p><\/p>\n","protected":false},"excerpt":{"rendered":"<p>http:\/\/instagram.com\/traducao.performance \/ step.ufpr@gmail.com Realiza\u00e7\u00e3o: Universidade Federal do Paran\u00e1 (Programa de P\u00f3s-Gradua\u00e7\u00e3o em Letras,&nbsp; Departamento de Polon\u00eas, Alem\u00e3o e Letras Cl\u00e1ssicas e projeto Omnibus: Letras cl\u00e1ssicas para todo mundo Apoio: Programa Capes-Proex Local: Curitiba, Paran\u00e1 &#8211; Ed. D. Pedro I, Ria Gen. Carneiro, 460, Curitiba-PR Encerramento: Nina Bar (Rua Marechal Deodoro, 847) Organiza\u00e7\u00e3o: Ana Carolina Galv\u00e3o [&hellip;]<\/p>\n","protected":false},"author":138,"featured_media":0,"parent":0,"menu_order":0,"comment_status":"open","ping_status":"open","template":"","meta":{"footnotes":""},"categories":[],"tags":[],"class_list":["post-421","eventos","type-eventos","status-publish","hentry"],"_links":{"self":[{"href":"https:\/\/projetos.ufpr.br\/omnibus\/wp-json\/wp\/v2\/eventos\/421","targetHints":{"allow":["GET"]}}],"collection":[{"href":"https:\/\/projetos.ufpr.br\/omnibus\/wp-json\/wp\/v2\/eventos"}],"about":[{"href":"https:\/\/projetos.ufpr.br\/omnibus\/wp-json\/wp\/v2\/types\/eventos"}],"author":[{"embeddable":true,"href":"https:\/\/projetos.ufpr.br\/omnibus\/wp-json\/wp\/v2\/users\/138"}],"replies":[{"embeddable":true,"href":"https:\/\/projetos.ufpr.br\/omnibus\/wp-json\/wp\/v2\/comments?post=421"}],"version-history":[{"count":1,"href":"https:\/\/projetos.ufpr.br\/omnibus\/wp-json\/wp\/v2\/eventos\/421\/revisions"}],"predecessor-version":[{"id":423,"href":"https:\/\/projetos.ufpr.br\/omnibus\/wp-json\/wp\/v2\/eventos\/421\/revisions\/423"}],"wp:attachment":[{"href":"https:\/\/projetos.ufpr.br\/omnibus\/wp-json\/wp\/v2\/media?parent=421"}],"wp:term":[{"taxonomy":"category","embeddable":true,"href":"https:\/\/projetos.ufpr.br\/omnibus\/wp-json\/wp\/v2\/categories?post=421"},{"taxonomy":"post_tag","embeddable":true,"href":"https:\/\/projetos.ufpr.br\/omnibus\/wp-json\/wp\/v2\/tags?post=421"}],"curies":[{"name":"wp","href":"https:\/\/api.w.org\/{rel}","templated":true}]}}

II Simpósio Tradução e Performance

<p><a href="http://instagram.com/traducao.performance">http://instagram.com/traducao.performance</a> / <a href="mailto:step.ufpr@gmail.com">step.ufpr@gmail.com</a></p>



<figure class="wp-block-image size-full"><img loading="lazy" decoding="async" width="1080" height="1350" src="https://projetos.ufpr.br/omnibus/wp-content/uploads/sites/114/2026/04/42cb0d98-d76a-4b62-9938-1d7a7cd3c1a2.jpg" alt="" class="wp-image-392" /></figure>



<p>Realização: Universidade Federal do Paraná (Programa de Pós-Graduação em Letras,&nbsp; Departamento de Polonês, Alemão e Letras Clássicas e projeto Omnibus: Letras clássicas para todo mundo</p>



<p>Apoio: Programa Capes-Proex</p>



<p>Local: Curitiba, Paraná &#8211; Ed. D. Pedro I, Ria Gen. Carneiro, 460, Curitiba-PR </p>



<p>Encerramento: Nina Bar (Rua Marechal Deodoro, 847)</p>



<p></p>



<p></p>



<p><strong>Organização:</strong></p>



<p>Ana Carolina Galvão Appel</p>



<p>Celso Henrique Siller Baptisti</p>



<p>Fábio Paifer Cairolli</p>



<p>Layla Gabriel de Oliveira&nbsp;</p>



<p>Luna Madsen Barbosa de Matos</p>



<p>Martim Ferreira Fernandes</p>



<p>Rodrigo Francisco Barbosa</p>



<p>Rodrigo Tadeu Gonçalves</p>



<p></p>



<p><strong>Programação:</strong></p>



<p><strong>Quarta-feira, 13 de Maio de 2026</strong></p>



<p><strong>UFPR. Ed. D. Pedro I, 1º andar, Sala Homero de Barros</strong></p>



<p>14h00: Mesa redonda 1: “Tradução e literatura”</p>



<p>Paula Abramo (UNAM-México), “Mundo de águas brabas: desafios da tradução de <em>Macunaíma</em> e <em>O turista aprendiz </em>no México”</p>



<p>Vitor Alevato do Amaral (UFF), “James Joyce, tradutor de ALP”.</p>



<p>Mediação: Rodrigo Tadeu Gonçalves (UFPR).</p>



<p>16h: Sessão de comunicações 1:</p>



<p>Victoria Toscani, “Metáfora e gênero em Yoshida Kenko”<br>Renata Mocelin Penachio, “Traduzir o chão que traduz: ritmo, corpo e performance nas poéticas camponesas”<br>Luci Rivka Ramos Mendes, “Sonata de Verão: tradução erotohistoriográfica de um poema de Celia Dropkin”<br>Coordenadora: Ana Appel</p>



<p><strong>Quinta-feira, 14 de Maio de 2026</strong></p>



<p><strong>UFPR. Ed. D. Pedro I, Anfiteatro 100</strong></p>



<p>14h00: Mesa redonda 2: “A tradução tridimensional: a triangulação da tradução indireta”<br>Layla Gabriel Oliveira (UFPR), “Aurora nasce, de floridos dedos: traduzindo Homero via Emily Wilson”</p>



<p>Ana Appel (UFPR), “Espero pelo retorno da lua”: tensão e desestabilização de sentido em traduções de narrativas indígenas sul-africanas.</p>



<p>Mediação: Paula Abramo (UNAM-México).</p>



<p>16h00: Sessão de comunicações 2:<br>Giovani Cazaroto. “αἰόλον στόμα: a linguagem entre o iridescente e o sísmico”<br>Luiz Fernando Huf. “Caminhos para a tradução das baladas de Edgar Allan Poe”</p>



<p>Beatriz Ilek Rey. “Cresci entre Marcs, Serges e Yvans: fragilidade masculina e os sentimentos que não suportam ser nomeados em Art de Yasmina Reza”<br>Coordenador: Rodrigo Barbosa</p>



<p><strong>Sexta-Feira, 15 de Maio de 20026</strong></p>



<p><strong>UFPR. Ed. D. Pedro I, Anfiteatro 100</strong></p>



<p>14h00: Sessão de Comunicações 3:</p>



<p>Guilherme Delgado, “Sobre dar à voz a um poeta: Corpo, Performance e Tradução&nbsp; em “Apparuit”, de Ezra Pound”</p>



<p>Celso Baptisti, “Prudêncio, o lírico: sobre pensar ritmo e performance no <em>Liber Peristephanon</em>”</p>



<p>Rodrigo Barbosa, “Nietzsche e a poética da forma do vir-a-ser”<br>Coordenador: Fábio Cairolli</p>



<p>16h30: Conferência de encerramento:&nbsp;</p>



<p>&#8220;Dinastias e Dragões: o poema Beowulf como panegírico dinástico na Inglaterra medieval&#8221;.</p>



<p>Elton Medeiros (UFPR-PGHIS), moderação Anna Beatriz Paula (UFPR-PPGLetras)</p>



<p>Coordenadora: Layla</p>



<p>Performances poético-dramáticas:</p>



<p>13, 14 e 15, das 8h às 13h, no pátio da Reitoria</p>



<p>Traduza um poema comigo, por Luna Madsen</p>



<p></p>



<p>Encerramento:</p>



<p>19h00, Nina Bar (Rua Marechal Deodoro, 847): Encerramento com performances</p>



<ul class="wp-block-list">
<li>Luiz Felipe Leprevost (Poeta e Diretor da Biblioteca Pública do Paraná)</li>



<li>Luna Madsen (UFPR): “Tradução-participativa de Fast Speaking Woman, de Anne Waldman”</li>



<li>Grupo de Tradução de Teatro: 3 microdramas de Wolfgang Bauer: Romeu e Julieta, Cleópatra, Sigmund Freud (Alan Santiago Norões Queiroz, Heloísa Rodrigues Pahl. Ruth Bohunovsky, Walter Lima Torres Neto)&nbsp;</li>



<li>Microfone aberto</li>
</ul>



<p></p>

<p>http://instagram.com/traducao.performance / step.ufpr@gmail.com Realização: Universidade Federal do Paraná (Programa de Pós-Graduação em Letras,&nbsp; Departamento de Polonês, Alemão e Letras Clássicas e projeto Omnibus: Letras clássicas para todo mundo Apoio: Programa Capes-Proex Local: Curitiba, Paraná &#8211; Ed. D. Pedro I, Ria Gen. Carneiro, 460, Curitiba-PR Encerramento: Nina Bar (Rua Marechal Deodoro, 847) Organização: Ana Carolina Galvão [&hellip;]</p>
