{"id":289,"date":"2026-04-23T17:58:42","date_gmt":"2026-04-23T20:58:42","guid":{"rendered":"https:\/\/projetos.ufpr.br\/omnibus\/?page_id=289"},"modified":"2026-04-23T18:04:17","modified_gmt":"2026-04-23T21:04:17","slug":"cursos-e-eventos","status":"publish","type":"page","link":"https:\/\/projetos.ufpr.br\/omnibus\/cursos-e-eventos\/","title":{"rendered":"Cursos e eventos"},"content":{"rendered":"\n<p>Os cursos de 2026 ser\u00e3o divulgados em breve!<\/p>\n\n\n\n<p><\/p>\n\n\n\n<p><strong>Not\u00edcias de 2025:<\/strong><\/p>\n\n\n\n<p><strong>Evento de extens\u00e3o &#8220;Imers\u00e3o em grego antigo: uma introdu\u00e7\u00e3o ao grego antigo como l\u00edngua viva&#8221;<\/strong><\/p>\n\n\n\n<p><strong>Prof. Fernando de Morais<\/strong><\/p>\n\n\n\n<p>Professor substituto de l\u00edngua grega na Universidade Federal do Paran\u00e1 e mestre em Filologia Cl\u00e1ssica pelo Polis Institute. Professor de l\u00edngua grega no Paideia Institute e no Ancient Languages Institute.&nbsp;<\/p>\n\n\n\n<p><strong>Encontros: s\u00e1bados, 29\/11\/2025, 06\/12\/2025 e 13\/12\/2025, de 9h30 a 12h (a sala ser\u00e1 divulgada por e-mail aos inscritos)<\/strong><\/p>\n\n\n\n<p><strong>Inscri\u00e7\u00f5es gratuitas<\/strong><\/p>\n\n\n\n<p><strong>Vagas:&nbsp;<\/strong><strong>30<\/strong><strong>&nbsp;(por ordem de inscri\u00e7\u00e3o<\/strong><strong>)<\/strong><strong>&nbsp;&nbsp;<\/strong><\/p>\n\n\n\n<p><strong>Objetivo<\/strong><\/p>\n\n\n\n<p>Este curso oferece uma introdu\u00e7\u00e3o \u00e0 l\u00edngua grega pelo m\u00e9todo ativo e imersivo (M\u00e9todo P\u00f3lis), no qual o aluno aprende passo a passo, j\u00e1 desde a primeira aula, a compreender a l\u00edngua grega e a nela interagir sem recorrer \u00e0 tradu\u00e7\u00e3o.<\/p>\n\n\n\n<p><strong>A quem se destina<\/strong><\/p>\n\n\n\n<p>A alunos iniciantes, falsos iniciantes e a todos os que desejem conhecer uma alternativa prazerosa e eficaz ao chamado m\u00e9todo tradicional, baseado em gram\u00e1tica expositiva e tradu\u00e7\u00e3o.&nbsp;<\/p>\n\n\n\n<p><strong>Livro-texto<\/strong><\/p>\n\n\n\n<p>Speaking Ancient Greek as a Living Language \u2013 Level I<\/p>\n\n\n\n<p><strong>Programa<\/strong><\/p>\n\n\n\n<p>O alfabeto grego<\/p>\n\n\n\n<p>Pronomes pessoais<\/p>\n\n\n\n<p>Pronomes interrogativos<\/p>\n\n\n\n<p>Presente do indicativo ativo: verbo &#8220;\u03b5\u1f30\u03bc\u03af&#8221; e conjuga\u00e7\u00e3o tem\u00e1tica<\/p>\n\n\n\n<p>Numerais de 0 a 10<\/p>\n\n\n\n<p><\/p>\n\n\n\n<p><strong>Latim em latim<\/strong><\/p>\n\n\n\n<p>A partir de julho de 2025, o Omnibus vai ofertar cursos gratuitos de latim e grego com metodologia indutiva, com materiais inteiramente em latim e em grego antigo. A primeira turma acontecer\u00e1 de 7 a 25 de julho, de 10 a 12h, e ser\u00e1 ministrada pela bolsista Luiza Trotta.<\/p>\n\n\n\n<p>O que \u00e9 o curso: o curso abordar\u00e1 a l\u00edngua latina com o m\u00e9todo &#8220;Lingua latina per se illustrata&#8221;, todo escrito em latim, em aulas seguindo a metodologia indutiva, em que a l\u00edngua latina se explica com a pr\u00f3pria l\u00edngua latina.&nbsp;&nbsp;<\/p>\n\n\n\n<p>Quem pode fazer: qualquer pessoa interessada a partir de 18 anos de idade, estudante da UFPR ou n\u00e3o. S\u00e3o bem-vindos desde estudantes de latim que queiram revisar seus conhecimentos quanto aqueles que nunca estudaram a l\u00edngua.&nbsp;<\/p>\n\n\n\n<p>O curso \u00e9 gratuito as vagas s\u00e3o limitadas aos vinte primeiros inscritos.<\/p>\n\n\n\n<p><\/p>\n\n\n\n<p><strong>Latim em latim I &#8211; semestral 2025\/2<\/strong><\/p>\n\n\n\n<p>Nova turma semestral com in\u00edcio em 12\/08: aulas de 1h30 ter\u00e7as e quintas-feiras, das 14 \u00e0s 15h30. Sala a definir.<\/p>\n\n\n\n<p>Carga-hor\u00e1ria total com certifica\u00e7\u00e3o pela extens\u00e3o: 30h.<\/p>\n\n\n\n<p>Ministrante: Luiza Trotta<\/p>\n\n\n\n<p>Pr\u00e9-requisito: nenhum<\/p>\n\n\n\n<p>Inscri\u00e7\u00f5es&nbsp;<a href=\"https:\/\/forms.gle\/ZdfNNGNfGUgVZVEw8\" target=\"_blank\" rel=\"noreferrer noopener\">aqui<\/a>&nbsp;(ao encerrar o limite de 25 inscri\u00e7\u00f5es, o formul\u00e1rio ser\u00e1 fechado).&nbsp;<\/p>\n","protected":false},"excerpt":{"rendered":"<p>Os cursos de 2026 ser\u00e3o divulgados em breve! Not\u00edcias de 2025: Evento de extens\u00e3o &#8220;Imers\u00e3o em grego antigo: uma introdu\u00e7\u00e3o ao grego antigo como l\u00edngua viva&#8221; Prof. Fernando de Morais Professor substituto de l\u00edngua grega na Universidade Federal do Paran\u00e1 e mestre em Filologia Cl\u00e1ssica pelo Polis Institute. Professor de l\u00edngua grega no Paideia Institute [&hellip;]<\/p>\n","protected":false},"author":138,"featured_media":0,"parent":0,"menu_order":0,"comment_status":"closed","ping_status":"closed","template":"","meta":{"footnotes":""},"class_list":["post-289","page","type-page","status-publish","hentry"],"_links":{"self":[{"href":"https:\/\/projetos.ufpr.br\/omnibus\/wp-json\/wp\/v2\/pages\/289","targetHints":{"allow":["GET"]}}],"collection":[{"href":"https:\/\/projetos.ufpr.br\/omnibus\/wp-json\/wp\/v2\/pages"}],"about":[{"href":"https:\/\/projetos.ufpr.br\/omnibus\/wp-json\/wp\/v2\/types\/page"}],"author":[{"embeddable":true,"href":"https:\/\/projetos.ufpr.br\/omnibus\/wp-json\/wp\/v2\/users\/138"}],"replies":[{"embeddable":true,"href":"https:\/\/projetos.ufpr.br\/omnibus\/wp-json\/wp\/v2\/comments?post=289"}],"version-history":[{"count":3,"href":"https:\/\/projetos.ufpr.br\/omnibus\/wp-json\/wp\/v2\/pages\/289\/revisions"}],"predecessor-version":[{"id":358,"href":"https:\/\/projetos.ufpr.br\/omnibus\/wp-json\/wp\/v2\/pages\/289\/revisions\/358"}],"wp:attachment":[{"href":"https:\/\/projetos.ufpr.br\/omnibus\/wp-json\/wp\/v2\/media?parent=289"}],"curies":[{"name":"wp","href":"https:\/\/api.w.org\/{rel}","templated":true}]}}

<p>Os cursos de 2026 serão divulgados em breve!</p>



<p></p>



<p><strong>Notícias de 2025:</strong></p>



<p><strong>Evento de extensão &#8220;Imersão em grego antigo: uma introdução ao grego antigo como língua viva&#8221;</strong></p>



<p><strong>Prof. Fernando de Morais</strong></p>



<p>Professor substituto de língua grega na Universidade Federal do Paraná e mestre em Filologia Clássica pelo Polis Institute. Professor de língua grega no Paideia Institute e no Ancient Languages Institute.&nbsp;</p>



<p><strong>Encontros: sábados, 29/11/2025, 06/12/2025 e 13/12/2025, de 9h30 a 12h (a sala será divulgada por e-mail aos inscritos)</strong></p>



<p><strong>Inscrições gratuitas</strong></p>



<p><strong>Vagas:&nbsp;</strong><strong>30</strong><strong>&nbsp;(por ordem de inscrição</strong><strong>)</strong><strong>&nbsp;&nbsp;</strong></p>



<p><strong>Objetivo</strong></p>



<p>Este curso oferece uma introdução à língua grega pelo método ativo e imersivo (Método Pólis), no qual o aluno aprende passo a passo, já desde a primeira aula, a compreender a língua grega e a nela interagir sem recorrer à tradução.</p>



<p><strong>A quem se destina</strong></p>



<p>A alunos iniciantes, falsos iniciantes e a todos os que desejem conhecer uma alternativa prazerosa e eficaz ao chamado método tradicional, baseado em gramática expositiva e tradução.&nbsp;</p>



<p><strong>Livro-texto</strong></p>



<p>Speaking Ancient Greek as a Living Language – Level I</p>



<p><strong>Programa</strong></p>



<p>O alfabeto grego</p>



<p>Pronomes pessoais</p>



<p>Pronomes interrogativos</p>



<p>Presente do indicativo ativo: verbo &#8220;εἰμί&#8221; e conjugação temática</p>



<p>Numerais de 0 a 10</p>



<p></p>



<p><strong>Latim em latim</strong></p>



<p>A partir de julho de 2025, o Omnibus vai ofertar cursos gratuitos de latim e grego com metodologia indutiva, com materiais inteiramente em latim e em grego antigo. A primeira turma acontecerá de 7 a 25 de julho, de 10 a 12h, e será ministrada pela bolsista Luiza Trotta.</p>



<p>O que é o curso: o curso abordará a língua latina com o método &#8220;Lingua latina per se illustrata&#8221;, todo escrito em latim, em aulas seguindo a metodologia indutiva, em que a língua latina se explica com a própria língua latina.&nbsp;&nbsp;</p>



<p>Quem pode fazer: qualquer pessoa interessada a partir de 18 anos de idade, estudante da UFPR ou não. São bem-vindos desde estudantes de latim que queiram revisar seus conhecimentos quanto aqueles que nunca estudaram a língua.&nbsp;</p>



<p>O curso é gratuito as vagas são limitadas aos vinte primeiros inscritos.</p>



<p></p>



<p><strong>Latim em latim I &#8211; semestral 2025/2</strong></p>



<p>Nova turma semestral com início em 12/08: aulas de 1h30 terças e quintas-feiras, das 14 às 15h30. Sala a definir.</p>



<p>Carga-horária total com certificação pela extensão: 30h.</p>



<p>Ministrante: Luiza Trotta</p>



<p>Pré-requisito: nenhum</p>



<p>Inscrições&nbsp;<a href="https://forms.gle/ZdfNNGNfGUgVZVEw8" target="_blank" rel="noreferrer noopener">aqui</a>&nbsp;(ao encerrar o limite de 25 inscrições, o formulário será fechado).&nbsp;</p>

<p>Os cursos de 2026 serão divulgados em breve! Notícias de 2025: Evento de extensão &#8220;Imersão em grego antigo: uma introdução ao grego antigo como língua viva&#8221; Prof. Fernando de Morais Professor substituto de língua grega na Universidade Federal do Paraná e mestre em Filologia Clássica pelo Polis Institute. Professor de língua grega no Paideia Institute [&hellip;]</p>
