{"id":41,"date":"2026-03-09T15:19:09","date_gmt":"2026-03-09T18:19:09","guid":{"rendered":"https:\/\/projetos.ufpr.br\/omnibus\/contato\/"},"modified":"2026-04-28T16:45:05","modified_gmt":"2026-04-28T19:45:05","slug":"contato","status":"publish","type":"page","link":"https:\/\/projetos.ufpr.br\/omnibus\/contato\/","title":{"rendered":"Contato"},"content":{"rendered":"\n<p>O Omnibus em 2026 \u00e9:<\/p>\n\n\n\n<p>Rodrigo Tadeu Gon\u00e7alves (coordenador do projeto, membro do Pecora Loca): rodrigotg@ufpr.br<\/p>\n\n\n\n<p>Fabio Paifer Cairolli (vice-coordenador do projeto, membro do Pecora Loca): fabiocairolli@ufpr.br <\/p>\n\n\n\n<p>Rodrigo Francisco Barbosa (desenvolvimento, projeto gr\u00e1fico, organiza\u00e7\u00e3o): rodrigofrancisco@ufpr.br  <\/p>\n\n\n\n<p>Luiza Trotta (cursos de latim em 2025)<\/p>\n\n\n\n<p>Fernando de Morais (cursos de grego antigo): fernandomorais@ufpr.br  <\/p>\n\n\n\n<p>Nicolas Wolaniuk (diretor do Hapax)<\/p>\n\n\n\n<p>Guilherme Gontijo Flores (membro do Pecora Loca)<\/p>\n\n\n\n<p>Guilherme Bernardes (membro do Pecora Loca)<\/p>\n\n\n\n<p><\/p>\n\n\n\n<p><\/p>\n\n\n\n<p><\/p>\n\n\n\n<p>Links \u00fateis: <\/p>\n\n\n\n<p>Departamento de Polon\u00eas, Alem\u00e3o e Letras Cl\u00e1ssicas-UFPR: <a href=\"https:\/\/depac.ufpr.br\/\">https:\/\/depac.ufpr.br\/<\/a> <\/p>\n\n\n\n<p>Programa de P\u00f3s-Gradua\u00e7\u00e3o em Letras &#8211; UFPR: <a href=\"https:\/\/www.pgletras.ufpr.br\/\">https:\/\/www.pgletras.ufpr.br\/<\/a><\/p>\n\n\n\n<p>UFPR: <a href=\"https:\/\/ufpr.br\/\">www.ufpr.br <\/a><\/p>\n\n\n\n<p>Celin-UFPR: <a href=\"https:\/\/celin.ufpr.br\/\">https:\/\/celin.ufpr.br\/<\/a> <\/p>\n\n\n\n<p><\/p>\n\n\n\n<p><\/p>\n","protected":false},"excerpt":{"rendered":"<p>O Omnibus em 2026 \u00e9: Rodrigo Tadeu Gon\u00e7alves (coordenador do projeto, membro do Pecora Loca): rodrigotg@ufpr.br Fabio Paifer Cairolli (vice-coordenador do projeto, membro do Pecora Loca): fabiocairolli@ufpr.br Rodrigo Francisco Barbosa (desenvolvimento, projeto gr\u00e1fico, organiza\u00e7\u00e3o): rodrigofrancisco@ufpr.br Luiza Trotta (cursos de latim em 2025) Fernando de Morais (cursos de grego antigo): fernandomorais@ufpr.br Nicolas Wolaniuk (diretor do Hapax) [&hellip;]<\/p>\n","protected":false},"author":136,"featured_media":0,"parent":0,"menu_order":0,"comment_status":"closed","ping_status":"closed","template":"page.php","meta":{"footnotes":""},"class_list":["post-41","page","type-page","status-publish","hentry"],"_links":{"self":[{"href":"https:\/\/projetos.ufpr.br\/omnibus\/wp-json\/wp\/v2\/pages\/41","targetHints":{"allow":["GET"]}}],"collection":[{"href":"https:\/\/projetos.ufpr.br\/omnibus\/wp-json\/wp\/v2\/pages"}],"about":[{"href":"https:\/\/projetos.ufpr.br\/omnibus\/wp-json\/wp\/v2\/types\/page"}],"author":[{"embeddable":true,"href":"https:\/\/projetos.ufpr.br\/omnibus\/wp-json\/wp\/v2\/users\/136"}],"replies":[{"embeddable":true,"href":"https:\/\/projetos.ufpr.br\/omnibus\/wp-json\/wp\/v2\/comments?post=41"}],"version-history":[{"count":4,"href":"https:\/\/projetos.ufpr.br\/omnibus\/wp-json\/wp\/v2\/pages\/41\/revisions"}],"predecessor-version":[{"id":420,"href":"https:\/\/projetos.ufpr.br\/omnibus\/wp-json\/wp\/v2\/pages\/41\/revisions\/420"}],"wp:attachment":[{"href":"https:\/\/projetos.ufpr.br\/omnibus\/wp-json\/wp\/v2\/media?parent=41"}],"curies":[{"name":"wp","href":"https:\/\/api.w.org\/{rel}","templated":true}]}}