{"id":28,"date":"2025-08-07T10:57:53","date_gmt":"2025-08-07T13:57:53","guid":{"rendered":"https:\/\/projetos.ufpr.br\/pratodepolitica\/sobre-o-projeto\/"},"modified":"2026-02-02T11:35:47","modified_gmt":"2026-02-02T14:35:47","slug":"sobre-o-projeto","status":"publish","type":"page","link":"https:\/\/projetos.ufpr.br\/pratodepolitica\/sobre-o-projeto\/","title":{"rendered":"Sobre o Projeto"},"content":{"rendered":"\n<p class=\"wp-block-paragraph\">O Laborat\u00f3rio de Investiga\u00e7\u00f5es e Forma\u00e7\u00e3o em Pol\u00edticas P\u00fablicas em Alimenta\u00e7\u00e3o e Nutri\u00e7\u00e3o, apelidado como Prato de Pol\u00edtica, foi pensado como um espa\u00e7o de integra\u00e7\u00e3o entre atividades de extens\u00e3o universit\u00e1ria e pesquisa acad\u00eamica a fim de realizar diagn\u00f3sticos situacionais e an\u00e1lises e avalia\u00e7\u00f5es de pol\u00edticas p\u00fablicas no campo da alimenta\u00e7\u00e3o e nutri\u00e7\u00e3o, induzidos pela Administra\u00e7\u00e3o P\u00fablica ou pelo caminhar de nossas linhas de pesquisa. Al\u00e9m disso, a fim de impulsionar a qualifica\u00e7\u00e3o do campo, conduziremos atividades formativas direcionadas para gestores e demais p\u00fablicos interessados em aprimorar\/atualizar suas habilidades e compet\u00eancias ligadas \u00e0s etapas do ciclo de pol\u00edticas p\u00fablicas de alimenta\u00e7\u00e3o e nutri\u00e7\u00e3o no \u00e2mbito da sa\u00fade, educa\u00e7\u00e3o, desenvolvimento social e planejamento urbano.<\/p>\n\n\n\n<p class=\"has-small-font-size wp-block-paragraph\">O Laborat\u00f3rio est\u00e1 cadastrado como projeto de extens\u00e3o da UFPR sob o c\u00f3digo PEX-00033156 e tamb\u00e9m est\u00e1 cadastrado no <a href=\"http:\/\/dgp.cnpq.br\/dgp\/espelhogrupo\/8036925296791849\" data-type=\"link\" data-id=\"dgp.cnpq.br\/dgp\/espelhogrupo\/8036925296791849\" target=\"_blank\" rel=\"noreferrer noopener\">Diret\u00f3rio de Grupos de Pesquisa do CNPq<\/a>.<\/p>\n\n\n\n<p class=\"wp-block-paragraph\"><\/p>\n\n\n\n<p class=\"wp-block-paragraph\"><\/p>\n","protected":false},"excerpt":{"rendered":"<p>O Laborat\u00f3rio de Investiga\u00e7\u00f5es e Forma\u00e7\u00e3o em Pol\u00edticas P\u00fablicas em Alimenta\u00e7\u00e3o e Nutri\u00e7\u00e3o, apelidado como Prato de Pol\u00edtica, foi pensado como um espa\u00e7o de integra\u00e7\u00e3o entre atividades de extens\u00e3o universit\u00e1ria e pesquisa acad\u00eamica a fim de realizar diagn\u00f3sticos situacionais e an\u00e1lises e avalia\u00e7\u00f5es de pol\u00edticas p\u00fablicas no campo da alimenta\u00e7\u00e3o e nutri\u00e7\u00e3o, induzidos pela Administra\u00e7\u00e3o [&hellip;]<\/p>\n","protected":false},"author":12,"featured_media":0,"parent":0,"menu_order":0,"comment_status":"closed","ping_status":"closed","template":"page.php","meta":{"footnotes":""},"class_list":["post-28","page","type-page","status-publish","hentry"],"_links":{"self":[{"href":"https:\/\/projetos.ufpr.br\/pratodepolitica\/wp-json\/wp\/v2\/pages\/28","targetHints":{"allow":["GET"]}}],"collection":[{"href":"https:\/\/projetos.ufpr.br\/pratodepolitica\/wp-json\/wp\/v2\/pages"}],"about":[{"href":"https:\/\/projetos.ufpr.br\/pratodepolitica\/wp-json\/wp\/v2\/types\/page"}],"author":[{"embeddable":true,"href":"https:\/\/projetos.ufpr.br\/pratodepolitica\/wp-json\/wp\/v2\/users\/12"}],"replies":[{"embeddable":true,"href":"https:\/\/projetos.ufpr.br\/pratodepolitica\/wp-json\/wp\/v2\/comments?post=28"}],"version-history":[{"count":4,"href":"https:\/\/projetos.ufpr.br\/pratodepolitica\/wp-json\/wp\/v2\/pages\/28\/revisions"}],"predecessor-version":[{"id":356,"href":"https:\/\/projetos.ufpr.br\/pratodepolitica\/wp-json\/wp\/v2\/pages\/28\/revisions\/356"}],"wp:attachment":[{"href":"https:\/\/projetos.ufpr.br\/pratodepolitica\/wp-json\/wp\/v2\/media?parent=28"}],"curies":[{"name":"wp","href":"https:\/\/api.w.org\/{rel}","templated":true}]}}

<p class="wp-block-paragraph">O Laboratório de Investigações e Formação em Políticas Públicas em Alimentação e Nutrição, apelidado como Prato de Política, foi pensado como um espaço de integração entre atividades de extensão universitária e pesquisa acadêmica a fim de realizar diagnósticos situacionais e análises e avaliações de políticas públicas no campo da alimentação e nutrição, induzidos pela Administração Pública ou pelo caminhar de nossas linhas de pesquisa. Além disso, a fim de impulsionar a qualificação do campo, conduziremos atividades formativas direcionadas para gestores e demais públicos interessados em aprimorar/atualizar suas habilidades e competências ligadas às etapas do ciclo de políticas públicas de alimentação e nutrição no âmbito da saúde, educação, desenvolvimento social e planejamento urbano.</p>



<p class="has-small-font-size wp-block-paragraph">O Laboratório está cadastrado como projeto de extensão da UFPR sob o código PEX-00033156 e também está cadastrado no <a href="http://dgp.cnpq.br/dgp/espelhogrupo/8036925296791849" data-type="link" data-id="dgp.cnpq.br/dgp/espelhogrupo/8036925296791849" target="_blank" rel="noreferrer noopener">Diretório de Grupos de Pesquisa do CNPq</a>.</p>



<p class="wp-block-paragraph"></p>



<p class="wp-block-paragraph"></p>

<p>O Laboratório de Investigações e Formação em Políticas Públicas em Alimentação e Nutrição, apelidado como Prato de Política, foi pensado como um espaço de integração entre atividades de extensão universitária e pesquisa acadêmica a fim de realizar diagnósticos situacionais e análises e avaliações de políticas públicas no campo da alimentação e nutrição, induzidos pela Administração [&hellip;]</p>
