{"id":307,"date":"2025-08-07T15:31:16","date_gmt":"2025-08-07T18:31:16","guid":{"rendered":"https:\/\/projetos.ufpr.br\/pratodepolitica\/?page_id=307"},"modified":"2026-02-02T11:10:33","modified_gmt":"2026-02-02T14:10:33","slug":"calendario","status":"publish","type":"page","link":"https:\/\/projetos.ufpr.br\/pratodepolitica\/calendario\/","title":{"rendered":"Calend\u00e1rio"},"content":{"rendered":"\n<figure class=\"wp-block-table is-style-stripes\"><table class=\"has-fixed-layout\"><thead><tr><th>Calend\u00e1rio 2026<\/th><\/tr><\/thead><tbody><tr><td>Em breve divulgaremos o calend\u00e1rio de reuni\u00f5es 2026.<\/td><\/tr><tr><td><\/td><\/tr><tr><td><\/td><\/tr><tr><td><\/td><\/tr><tr><td><\/td><\/tr><tr><td><\/td><\/tr><tr><td><\/td><\/tr><tr><td><\/td><\/tr><tr><td><\/td><\/tr><tr><td><\/td><\/tr><\/tbody><\/table><\/figure>\n\n\n\n<figure class=\"wp-block-table is-style-stripes has-small-font-size\"><table><thead><tr><th>Calend\u00e1rio 2025<\/th><\/tr><\/thead><tbody><tr><td>15\/8<\/td><\/tr><tr><td>22\/8<\/td><\/tr><tr><td>29\/8<\/td><\/tr><tr><td>5\/9<\/td><\/tr><tr><td>12\/9<\/td><\/tr><tr><td>14\/9<\/td><\/tr><tr><td>26\/9<\/td><\/tr><tr><td>3\/10<\/td><\/tr><tr><td>10\/10<\/td><\/tr><tr><td>17\/10<\/td><\/tr><tr><td>24\/10<\/td><\/tr><tr><td>14\/11<\/td><\/tr><tr><td>12\/12<\/td><\/tr><\/tbody><\/table><\/figure>\n","protected":false},"excerpt":{"rendered":"<p>Calend\u00e1rio 2026 Em breve divulgaremos o calend\u00e1rio de reuni\u00f5es 2026. Calend\u00e1rio 2025 15\/8 22\/8 29\/8 5\/9 12\/9 14\/9 26\/9 3\/10 10\/10 17\/10 24\/10 14\/11 12\/12<\/p>\n","protected":false},"author":86,"featured_media":0,"parent":0,"menu_order":0,"comment_status":"closed","ping_status":"closed","template":"","meta":{"footnotes":""},"class_list":["post-307","page","type-page","status-publish","hentry"],"_links":{"self":[{"href":"https:\/\/projetos.ufpr.br\/pratodepolitica\/wp-json\/wp\/v2\/pages\/307","targetHints":{"allow":["GET"]}}],"collection":[{"href":"https:\/\/projetos.ufpr.br\/pratodepolitica\/wp-json\/wp\/v2\/pages"}],"about":[{"href":"https:\/\/projetos.ufpr.br\/pratodepolitica\/wp-json\/wp\/v2\/types\/page"}],"author":[{"embeddable":true,"href":"https:\/\/projetos.ufpr.br\/pratodepolitica\/wp-json\/wp\/v2\/users\/86"}],"replies":[{"embeddable":true,"href":"https:\/\/projetos.ufpr.br\/pratodepolitica\/wp-json\/wp\/v2\/comments?post=307"}],"version-history":[{"count":5,"href":"https:\/\/projetos.ufpr.br\/pratodepolitica\/wp-json\/wp\/v2\/pages\/307\/revisions"}],"predecessor-version":[{"id":332,"href":"https:\/\/projetos.ufpr.br\/pratodepolitica\/wp-json\/wp\/v2\/pages\/307\/revisions\/332"}],"wp:attachment":[{"href":"https:\/\/projetos.ufpr.br\/pratodepolitica\/wp-json\/wp\/v2\/media?parent=307"}],"curies":[{"name":"wp","href":"https:\/\/api.w.org\/{rel}","templated":true}]}}

Calendário

<figure class="wp-block-table is-style-stripes"><table class="has-fixed-layout"><thead><tr><th>Calendário 2026</th></tr></thead><tbody><tr><td>Em breve divulgaremos o calendário de reuniões 2026.</td></tr><tr><td></td></tr><tr><td></td></tr><tr><td></td></tr><tr><td></td></tr><tr><td></td></tr><tr><td></td></tr><tr><td></td></tr><tr><td></td></tr><tr><td></td></tr></tbody></table></figure>



<figure class="wp-block-table is-style-stripes has-small-font-size"><table><thead><tr><th>Calendário 2025</th></tr></thead><tbody><tr><td>15/8</td></tr><tr><td>22/8</td></tr><tr><td>29/8</td></tr><tr><td>5/9</td></tr><tr><td>12/9</td></tr><tr><td>14/9</td></tr><tr><td>26/9</td></tr><tr><td>3/10</td></tr><tr><td>10/10</td></tr><tr><td>17/10</td></tr><tr><td>24/10</td></tr><tr><td>14/11</td></tr><tr><td>12/12</td></tr></tbody></table></figure>

<p>Calendário 2026 Em breve divulgaremos o calendário de reuniões 2026. Calendário 2025 15/8 22/8 29/8 5/9 12/9 14/9 26/9 3/10 10/10 17/10 24/10 14/11 12/12</p>
