{"id":37,"date":"2025-08-07T10:57:54","date_gmt":"2025-08-07T13:57:54","guid":{"rendered":"https:\/\/projetos.ufpr.br\/pratodepolitica\/documentos-e-recursos\/"},"modified":"2026-02-02T11:22:29","modified_gmt":"2026-02-02T14:22:29","slug":"documentos-e-recursos","status":"publish","type":"page","link":"https:\/\/projetos.ufpr.br\/pratodepolitica\/documentos-e-recursos\/","title":{"rendered":"Produ\u00e7\u00e3o acad\u00eamica"},"content":{"rendered":"\n<p class=\"wp-block-paragraph\"><strong>Projeto: Avalia\u00e7\u00e3o de impacto e de implementa\u00e7\u00e3o da Estrat\u00e9gia Nacional de Aten\u00e7\u00e3o e Controle \u00e0 Obesidade Infantil (PROTEJA): uma abordagem a partir de m\u00e9todos mistos de pesquisa<\/strong><\/p>\n\n\n\n<figure class=\"wp-block-table is-style-stripes has-small-font-size\"><table class=\"has-fixed-layout\"><thead><tr><th>T\u00edtulo<\/th><th>Autores<\/th><th class=\"has-text-align-center\" data-align=\"center\">Tipo de publica\u00e7\u00e3o<\/th><th>Local de publica\u00e7\u00e3o \/ Ano \/ Link<\/th><\/tr><\/thead><tbody><tr><td>Avalia\u00e7\u00e3o da implementa\u00e7\u00e3o de uma estrat\u00e9gia nacional intersetorial de preven\u00e7\u00e3o \u00e0 obesidade infantil no Brasil<\/td><td>Charlise Frasson Pereira; Rubia Carla Formighieri Giordani; Vanessa Daufenback; Risia Cristina Egito de Menezes; Jonas Augusto Cardoso da Silveira<\/td><td class=\"has-text-align-center\" data-align=\"center\">Artigo cient\u00edfico<\/td><td>Cadernos de Sa\u00fade P\u00fablica, 2025<br><a href=\"https:\/\/www.scielo.br\/j\/csp\/a\/V5Sksh9RRtn6P3NY8TSYNvw\/?format=html&amp;lang=pt\">https:\/\/www.scielo.br\/j\/csp\/a\/V5Sksh9RRtn6P3NY8TSYNvw\/?format=html&amp;lang=pt<\/a><\/td><\/tr><tr><td><\/td><td><\/td><td class=\"has-text-align-center\" data-align=\"center\"><\/td><td><\/td><\/tr><\/tbody><\/table><\/figure>\n\n\n\n<p class=\"wp-block-paragraph\"><strong>Projeto: Modelagem dos ambientes alimentares nas capitais brasileiras e Distrito Federal: dos determinantes aos efeitos ecol\u00f3gicos sobre as condi\u00e7\u00f5es de sa\u00fade, alimenta\u00e7\u00e3o e nutri\u00e7\u00e3o da popula\u00e7\u00e3o<\/strong><\/p>\n\n\n\n<figure class=\"wp-block-table is-style-stripes has-small-font-size\"><table class=\"has-fixed-layout\"><thead><tr><th>T\u00edtulo do artigo<\/th><th>Autores<\/th><th>Tipo de p\u00fablica\u00e7\u00e3o<\/th><th>Local de publica\u00e7\u00e3o \/ Ano \/ Link<\/th><\/tr><\/thead><tbody><tr><td>Em andamento<\/td><td><\/td><td><\/td><td><\/td><\/tr><tr><td><\/td><td><\/td><td><\/td><td><\/td><\/tr><\/tbody><\/table><\/figure>\n\n\n\n<p class=\"wp-block-paragraph\"><\/p>\n","protected":false},"excerpt":{"rendered":"<p>Projeto: Avalia\u00e7\u00e3o de impacto e de implementa\u00e7\u00e3o da Estrat\u00e9gia Nacional de Aten\u00e7\u00e3o e Controle \u00e0 Obesidade Infantil (PROTEJA): uma abordagem a partir de m\u00e9todos mistos de pesquisa T\u00edtulo Autores Tipo de publica\u00e7\u00e3o Local de publica\u00e7\u00e3o \/ Ano \/ Link Avalia\u00e7\u00e3o da implementa\u00e7\u00e3o de uma estrat\u00e9gia nacional intersetorial de preven\u00e7\u00e3o \u00e0 obesidade infantil no Brasil Charlise [&hellip;]<\/p>\n","protected":false},"author":12,"featured_media":0,"parent":0,"menu_order":0,"comment_status":"closed","ping_status":"closed","template":"page.php","meta":{"footnotes":""},"class_list":["post-37","page","type-page","status-publish","hentry"],"_links":{"self":[{"href":"https:\/\/projetos.ufpr.br\/pratodepolitica\/wp-json\/wp\/v2\/pages\/37","targetHints":{"allow":["GET"]}}],"collection":[{"href":"https:\/\/projetos.ufpr.br\/pratodepolitica\/wp-json\/wp\/v2\/pages"}],"about":[{"href":"https:\/\/projetos.ufpr.br\/pratodepolitica\/wp-json\/wp\/v2\/types\/page"}],"author":[{"embeddable":true,"href":"https:\/\/projetos.ufpr.br\/pratodepolitica\/wp-json\/wp\/v2\/users\/12"}],"replies":[{"embeddable":true,"href":"https:\/\/projetos.ufpr.br\/pratodepolitica\/wp-json\/wp\/v2\/comments?post=37"}],"version-history":[{"count":6,"href":"https:\/\/projetos.ufpr.br\/pratodepolitica\/wp-json\/wp\/v2\/pages\/37\/revisions"}],"predecessor-version":[{"id":351,"href":"https:\/\/projetos.ufpr.br\/pratodepolitica\/wp-json\/wp\/v2\/pages\/37\/revisions\/351"}],"wp:attachment":[{"href":"https:\/\/projetos.ufpr.br\/pratodepolitica\/wp-json\/wp\/v2\/media?parent=37"}],"curies":[{"name":"wp","href":"https:\/\/api.w.org\/{rel}","templated":true}]}}

Produção acadêmica

<p class="wp-block-paragraph"><strong>Projeto: Avaliação de impacto e de implementação da Estratégia Nacional de Atenção e Controle à Obesidade Infantil (PROTEJA): uma abordagem a partir de métodos mistos de pesquisa</strong></p>



<figure class="wp-block-table is-style-stripes has-small-font-size"><table class="has-fixed-layout"><thead><tr><th>Título</th><th>Autores</th><th class="has-text-align-center" data-align="center">Tipo de publicação</th><th>Local de publicação / Ano / Link</th></tr></thead><tbody><tr><td>Avaliação da implementação de uma estratégia nacional intersetorial de prevenção à obesidade infantil no Brasil</td><td>Charlise Frasson Pereira; Rubia Carla Formighieri Giordani; Vanessa Daufenback; Risia Cristina Egito de Menezes; Jonas Augusto Cardoso da Silveira</td><td class="has-text-align-center" data-align="center">Artigo científico</td><td>Cadernos de Saúde Pública, 2025<br><a href="https://www.scielo.br/j/csp/a/V5Sksh9RRtn6P3NY8TSYNvw/?format=html&amp;lang=pt">https://www.scielo.br/j/csp/a/V5Sksh9RRtn6P3NY8TSYNvw/?format=html&amp;lang=pt</a></td></tr><tr><td></td><td></td><td class="has-text-align-center" data-align="center"></td><td></td></tr></tbody></table></figure>



<p class="wp-block-paragraph"><strong>Projeto: Modelagem dos ambientes alimentares nas capitais brasileiras e Distrito Federal: dos determinantes aos efeitos ecológicos sobre as condições de saúde, alimentação e nutrição da população</strong></p>



<figure class="wp-block-table is-style-stripes has-small-font-size"><table class="has-fixed-layout"><thead><tr><th>Título do artigo</th><th>Autores</th><th>Tipo de públicação</th><th>Local de publicação / Ano / Link</th></tr></thead><tbody><tr><td>Em andamento</td><td></td><td></td><td></td></tr><tr><td></td><td></td><td></td><td></td></tr></tbody></table></figure>



<p class="wp-block-paragraph"></p>

<p>Projeto: Avaliação de impacto e de implementação da Estratégia Nacional de Atenção e Controle à Obesidade Infantil (PROTEJA): uma abordagem a partir de métodos mistos de pesquisa Título Autores Tipo de publicação Local de publicação / Ano / Link Avaliação da implementação de uma estratégia nacional intersetorial de prevenção à obesidade infantil no Brasil Charlise [&hellip;]</p>
