{"id":290,"date":"2026-05-19T09:38:07","date_gmt":"2026-05-19T12:38:07","guid":{"rendered":"https:\/\/projetos.ufpr.br\/proap\/?page_id=290"},"modified":"2026-05-19T10:12:17","modified_gmt":"2026-05-19T13:12:17","slug":"projetos-em-andamento","status":"publish","type":"page","link":"https:\/\/projetos.ufpr.br\/proap\/projetos-em-andamento\/","title":{"rendered":"Projetos em Andamento"},"content":{"rendered":"\n<p class=\"has-medium-font-size wp-block-paragraph\">Avalia\u00e7\u00e3o de transtornos mentais e cogni\u00e7\u00e3o em crian\u00e7as expostas \u00e0 toxoplasmose na gesta\u00e7\u00e3o:<\/p>\n\n\n\n<p class=\"wp-block-paragraph\">Esse projeto sob execu\u00e7\u00e3o do m\u00e9dico psiquiatra Gabriel Henrique Oliveira Garcia e da psic\u00f3loga Jullye Gabrielly Oliveira Ponsoni tem como objetivo avaliar crian\u00e7as que foram expostas \u00e0 toxoplasmose na gesta\u00e7\u00e3o. Est\u00e3o sendo convidadas m\u00e3es e crian\u00e7as que foram diagnosticadas durante a gesta\u00e7\u00e3o com toxoplasmose para uma entrevista on line diagn\u00f3stica, al\u00e9m de uma bateria de testes neuropsicol\u00f3gicos.<\/p>\n\n\n\n<p class=\"wp-block-paragraph\"><br>O contato est\u00e1 sendo realizado por whatsapp, email ou telefone. Se houver d\u00favidas pode enviar um email para:<\/p>\n\n\n\n<p class=\"wp-block-paragraph\"><a href=\"mailto:pesquisa.proap@ufpr.br\">pesquisa.proap@ufpr.br<\/a> ou para <a href=\"mailto:rfmassuda@ufpr.br\">rfmassuda@ufpr.br<\/a><br><\/p>\n\n\n\n<p class=\"wp-block-paragraph\"><\/p>\n","protected":false},"excerpt":{"rendered":"<p>Avalia\u00e7\u00e3o de transtornos mentais e cogni\u00e7\u00e3o em crian\u00e7as expostas \u00e0 toxoplasmose na gesta\u00e7\u00e3o: Esse projeto sob execu\u00e7\u00e3o do m\u00e9dico psiquiatra Gabriel Henrique Oliveira Garcia e da psic\u00f3loga Jullye Gabrielly Oliveira Ponsoni tem como objetivo avaliar crian\u00e7as que foram expostas \u00e0 toxoplasmose na gesta\u00e7\u00e3o. Est\u00e3o sendo convidadas m\u00e3es e crian\u00e7as que foram diagnosticadas durante a gesta\u00e7\u00e3o [&hellip;]<\/p>\n","protected":false},"author":163,"featured_media":0,"parent":0,"menu_order":0,"comment_status":"closed","ping_status":"closed","template":"","meta":{"footnotes":""},"class_list":["post-290","page","type-page","status-publish","hentry"],"_links":{"self":[{"href":"https:\/\/projetos.ufpr.br\/proap\/wp-json\/wp\/v2\/pages\/290","targetHints":{"allow":["GET"]}}],"collection":[{"href":"https:\/\/projetos.ufpr.br\/proap\/wp-json\/wp\/v2\/pages"}],"about":[{"href":"https:\/\/projetos.ufpr.br\/proap\/wp-json\/wp\/v2\/types\/page"}],"author":[{"embeddable":true,"href":"https:\/\/projetos.ufpr.br\/proap\/wp-json\/wp\/v2\/users\/163"}],"replies":[{"embeddable":true,"href":"https:\/\/projetos.ufpr.br\/proap\/wp-json\/wp\/v2\/comments?post=290"}],"version-history":[{"count":3,"href":"https:\/\/projetos.ufpr.br\/proap\/wp-json\/wp\/v2\/pages\/290\/revisions"}],"predecessor-version":[{"id":302,"href":"https:\/\/projetos.ufpr.br\/proap\/wp-json\/wp\/v2\/pages\/290\/revisions\/302"}],"wp:attachment":[{"href":"https:\/\/projetos.ufpr.br\/proap\/wp-json\/wp\/v2\/media?parent=290"}],"curies":[{"name":"wp","href":"https:\/\/api.w.org\/{rel}","templated":true}]}}

<p class="has-medium-font-size wp-block-paragraph">Avaliação de transtornos mentais e cognição em crianças expostas à toxoplasmose na gestação:</p>



<p class="wp-block-paragraph">Esse projeto sob execução do médico psiquiatra Gabriel Henrique Oliveira Garcia e da psicóloga Jullye Gabrielly Oliveira Ponsoni tem como objetivo avaliar crianças que foram expostas à toxoplasmose na gestação. Estão sendo convidadas mães e crianças que foram diagnosticadas durante a gestação com toxoplasmose para uma entrevista on line diagnóstica, além de uma bateria de testes neuropsicológicos.</p>



<p class="wp-block-paragraph"><br>O contato está sendo realizado por whatsapp, email ou telefone. Se houver dúvidas pode enviar um email para:</p>



<p class="wp-block-paragraph"><a href="mailto:pesquisa.proap@ufpr.br">pesquisa.proap@ufpr.br</a> ou para <a href="mailto:rfmassuda@ufpr.br">rfmassuda@ufpr.br</a><br></p>



<p class="wp-block-paragraph"></p>

<p>Avaliação de transtornos mentais e cognição em crianças expostas à toxoplasmose na gestação: Esse projeto sob execução do médico psiquiatra Gabriel Henrique Oliveira Garcia e da psicóloga Jullye Gabrielly Oliveira Ponsoni tem como objetivo avaliar crianças que foram expostas à toxoplasmose na gestação. Estão sendo convidadas mães e crianças que foram diagnosticadas durante a gestação [&hellip;]</p>
