{"id":41,"date":"2026-04-23T16:06:04","date_gmt":"2026-04-23T19:06:04","guid":{"rendered":"https:\/\/projetos.ufpr.br\/proap\/contato\/"},"modified":"2026-07-07T16:46:16","modified_gmt":"2026-07-07T19:46:16","slug":"contato","status":"publish","type":"page","link":"https:\/\/projetos.ufpr.br\/proap\/contato\/","title":{"rendered":"Contato"},"content":{"rendered":"\n<p class=\"wp-block-paragraph\"><\/p>\n\n\n\n<p class=\"wp-block-paragraph\">Para informa\u00e7\u00f5es sobre atividades, pesquisas e projetos desenvolvidos pelo Programa de Aten\u00e7\u00e3o ao Paciente com Transtorno Psic\u00f3tico, entre em contato com nossa equipe.<\/p>\n\n\n\n<p class=\"wp-block-paragraph\"><br><strong>Telefone\/WhatsApp:<\/strong> 41 98479 2913<\/p>\n\n\n\n<p class=\"wp-block-paragraph\"><strong>E-mail:<\/strong> <a href=\"mailto:pesquisa.proap@ufpr.br\">pesquisa.proap@ufpr.br<\/a><\/p>\n","protected":false},"excerpt":{"rendered":"<p>Para informa\u00e7\u00f5es sobre atividades, pesquisas e projetos desenvolvidos pelo Programa de Aten\u00e7\u00e3o ao Paciente com Transtorno Psic\u00f3tico, entre em contato com nossa equipe. Telefone\/WhatsApp: 41 98479 2913 E-mail: pesquisa.proap@ufpr.br<\/p>\n","protected":false},"author":12,"featured_media":0,"parent":0,"menu_order":0,"comment_status":"closed","ping_status":"closed","template":"page.php","meta":{"footnotes":""},"class_list":["post-41","page","type-page","status-publish","hentry"],"_links":{"self":[{"href":"https:\/\/projetos.ufpr.br\/proap\/wp-json\/wp\/v2\/pages\/41","targetHints":{"allow":["GET"]}}],"collection":[{"href":"https:\/\/projetos.ufpr.br\/proap\/wp-json\/wp\/v2\/pages"}],"about":[{"href":"https:\/\/projetos.ufpr.br\/proap\/wp-json\/wp\/v2\/types\/page"}],"author":[{"embeddable":true,"href":"https:\/\/projetos.ufpr.br\/proap\/wp-json\/wp\/v2\/users\/12"}],"replies":[{"embeddable":true,"href":"https:\/\/projetos.ufpr.br\/proap\/wp-json\/wp\/v2\/comments?post=41"}],"version-history":[{"count":1,"href":"https:\/\/projetos.ufpr.br\/proap\/wp-json\/wp\/v2\/pages\/41\/revisions"}],"predecessor-version":[{"id":332,"href":"https:\/\/projetos.ufpr.br\/proap\/wp-json\/wp\/v2\/pages\/41\/revisions\/332"}],"wp:attachment":[{"href":"https:\/\/projetos.ufpr.br\/proap\/wp-json\/wp\/v2\/media?parent=41"}],"curies":[{"name":"wp","href":"https:\/\/api.w.org\/{rel}","templated":true}]}}

<p class="wp-block-paragraph"></p>



<p class="wp-block-paragraph">Para informações sobre atividades, pesquisas e projetos desenvolvidos pelo Programa de Atenção ao Paciente com Transtorno Psicótico, entre em contato com nossa equipe.</p>



<p class="wp-block-paragraph"><br><strong>Telefone/WhatsApp:</strong> 41 98479 2913</p>



<p class="wp-block-paragraph"><strong>E-mail:</strong> <a href="mailto:pesquisa.proap@ufpr.br">pesquisa.proap@ufpr.br</a></p>

<p>Para informações sobre atividades, pesquisas e projetos desenvolvidos pelo Programa de Atenção ao Paciente com Transtorno Psicótico, entre em contato com nossa equipe. Telefone/WhatsApp: 41 98479 2913 E-mail: pesquisa.proap@ufpr.br</p>
