{"id":37,"date":"2026-06-23T15:01:24","date_gmt":"2026-06-23T18:01:24","guid":{"rendered":"https:\/\/projetos.ufpr.br\/protecaoanimal\/contato\/"},"modified":"2026-08-18T18:13:17","modified_gmt":"2026-08-18T21:13:17","slug":"contato","status":"publish","type":"page","link":"https:\/\/projetos.ufpr.br\/protecaoanimal\/contato\/","title":{"rendered":"Contato"},"content":{"rendered":"\n<p class=\"wp-block-paragraph\">economiadaprotecaoanimal@gmail.com<\/p>\n\n\n\n<p class=\"wp-block-paragraph\"><\/p>\n\n\n\n<hr class=\"wp-block-separator has-alpha-channel-opacity\" \/>\n\n\n\n<p class=\"wp-block-paragraph\">\ud83d\udcf7 Instagram<\/p>\n\n\n\n<p class=\"wp-block-paragraph\">Acompanhe as atividades do projeto, feiras de ado\u00e7\u00e3o e divulga\u00e7\u00e3o dos nossos resultados.<\/p>\n\n\n\n<div class=\"wp-block-buttons is-layout-flex wp-block-buttons-is-layout-flex\">\n<div class=\"wp-block-button\"><a class=\"wp-block-button__link wp-element-button\" href=\"https:\/\/www.instagram.com\/epa.ufpr\/\">Siga @epa.ufpr<\/a><\/div>\n<\/div>\n\n\n\n<p class=\"wp-block-paragraph\"><\/p>\n","protected":false},"excerpt":{"rendered":"<p>economiadaprotecaoanimal@gmail.com \ud83d\udcf7 Instagram Acompanhe as atividades do projeto, feiras de ado\u00e7\u00e3o e divulga\u00e7\u00e3o dos nossos resultados.<\/p>\n","protected":false},"author":12,"featured_media":0,"parent":0,"menu_order":0,"comment_status":"closed","ping_status":"closed","template":"page.php","meta":{"footnotes":""},"class_list":["post-37","page","type-page","status-publish","hentry"],"_links":{"self":[{"href":"https:\/\/projetos.ufpr.br\/protecaoanimal\/wp-json\/wp\/v2\/pages\/37","targetHints":{"allow":["GET"]}}],"collection":[{"href":"https:\/\/projetos.ufpr.br\/protecaoanimal\/wp-json\/wp\/v2\/pages"}],"about":[{"href":"https:\/\/projetos.ufpr.br\/protecaoanimal\/wp-json\/wp\/v2\/types\/page"}],"author":[{"embeddable":true,"href":"https:\/\/projetos.ufpr.br\/protecaoanimal\/wp-json\/wp\/v2\/users\/12"}],"replies":[{"embeddable":true,"href":"https:\/\/projetos.ufpr.br\/protecaoanimal\/wp-json\/wp\/v2\/comments?post=37"}],"version-history":[{"count":6,"href":"https:\/\/projetos.ufpr.br\/protecaoanimal\/wp-json\/wp\/v2\/pages\/37\/revisions"}],"predecessor-version":[{"id":481,"href":"https:\/\/projetos.ufpr.br\/protecaoanimal\/wp-json\/wp\/v2\/pages\/37\/revisions\/481"}],"wp:attachment":[{"href":"https:\/\/projetos.ufpr.br\/protecaoanimal\/wp-json\/wp\/v2\/media?parent=37"}],"curies":[{"name":"wp","href":"https:\/\/api.w.org\/{rel}","templated":true}]}}

<p class="wp-block-paragraph">economiadaprotecaoanimal@gmail.com</p>



<p class="wp-block-paragraph"></p>



<hr class="wp-block-separator has-alpha-channel-opacity" />



<p class="wp-block-paragraph">📷 Instagram</p>



<p class="wp-block-paragraph">Acompanhe as atividades do projeto, feiras de adoção e divulgação dos nossos resultados.</p>



<div class="wp-block-buttons is-layout-flex wp-block-buttons-is-layout-flex">
<div class="wp-block-button"><a class="wp-block-button__link wp-element-button" href="https://www.instagram.com/epa.ufpr/">Siga @epa.ufpr</a></div>
</div>



<p class="wp-block-paragraph"></p>

<p>economiadaprotecaoanimal@gmail.com 📷 Instagram Acompanhe as atividades do projeto, feiras de adoção e divulgação dos nossos resultados.</p>
