{"id":840,"date":"2025-07-31T15:53:39","date_gmt":"2025-07-31T18:53:39","guid":{"rendered":"https:\/\/projetos.ufpr.br\/quilombos\/?page_id=840"},"modified":"2025-09-24T10:23:38","modified_gmt":"2025-09-24T13:23:38","slug":"apresentacao","status":"publish","type":"page","link":"https:\/\/projetos.ufpr.br\/quilombos\/sobre-o-projeto\/apresentacao\/","title":{"rendered":"Apresenta\u00e7\u00e3o"},"content":{"rendered":"\n<p class=\"wp-block-paragraph\">O Termo de Execu\u00e7\u00e3o Descentralizada, na sigla TED &#8211; Quilombos, \u00e9 uma parceria firmada entre a Universidade Federal do Paran\u00e1 (UFPR) e o Instituto Nacional de Coloniza\u00e7\u00e3o e Reforma Agr\u00e1ria (INCRA). O TED tem, entre suas fun\u00e7\u00f5es, a de produzir pe\u00e7as t\u00e9cnicas para integrar os Relat\u00f3rios T\u00e9cnicos de Identifica\u00e7\u00e3o e Delimita\u00e7\u00e3o (RTID).<\/p>\n\n\n\n<p class=\"wp-block-paragraph\">A parceria tem o compromisso de efetivar o reconhecimento dos direitos territoriais das comunidades quilombolas do Paran\u00e1. Nesse trabalho, profissionais pesquisadores e estudantes da UFPR est\u00e3o envolvidos com nove comunidades, a saber:<\/p>\n\n\n\n<p class=\"wp-block-paragraph\">a.&nbsp;Sete Barras, Porto Velho, Estreitinho e Tr\u00eas Canais \u2013 Munic\u00edpio de Adrian\u00f3polis<\/p>\n\n\n\n<p class=\"wp-block-paragraph\">b.&nbsp;Areia Branca \u2013 Bocaiuva do Sul<\/p>\n\n\n\n<p class=\"wp-block-paragraph\">c.&nbsp;Rio Verde e&nbsp;Batuva&nbsp;\u2013 Guaraque\u00e7aba<\/p>\n\n\n\n<p class=\"wp-block-paragraph\">d.&nbsp;Tobias Ferreira e Castorina Maria da Concei\u00e7\u00e3o \u2013 Palmas<\/p>\n\n\n\n<p class=\"wp-block-paragraph\">Os trabalhos t\u00e9cnicos ser\u00e3o nas \u00e1reas de: antropologia, territ\u00f3rios (ambientais e agron\u00f4micas) e cartogr\u00e1ficas. Tamb\u00e9m ser\u00e1 feita a identifica\u00e7\u00e3o da \u00e1rea com a defini\u00e7\u00e3o do per\u00edmetro e do memorial descritivo para os RTIDs processo que ser\u00e1 fundamental para a regulariza\u00e7\u00e3o das \u00e1reas dos quilombos<\/p>\n\n\n\n<p class=\"wp-block-paragraph\">O TED tem dura\u00e7\u00e3o prevista de abril de 2026<\/p>\n\n\n\n<figure class=\"wp-block-image size-large\"><img loading=\"lazy\" decoding=\"async\" width=\"1024\" height=\"608\" src=\"https:\/\/projetos.ufpr.br\/quilombos\/wp-content\/uploads\/sites\/2\/2025\/09\/Captura-de-Tela-2025-09-04-as-10.55.57-1024x608.png\" alt=\"\" class=\"wp-image-940\" srcset=\"https:\/\/projetos.ufpr.br\/quilombos\/wp-content\/uploads\/sites\/2\/2025\/09\/Captura-de-Tela-2025-09-04-as-10.55.57-1024x608.png 1024w, https:\/\/projetos.ufpr.br\/quilombos\/wp-content\/uploads\/sites\/2\/2025\/09\/Captura-de-Tela-2025-09-04-as-10.55.57-300x178.png 300w, https:\/\/projetos.ufpr.br\/quilombos\/wp-content\/uploads\/sites\/2\/2025\/09\/Captura-de-Tela-2025-09-04-as-10.55.57-768x456.png 768w, https:\/\/projetos.ufpr.br\/quilombos\/wp-content\/uploads\/sites\/2\/2025\/09\/Captura-de-Tela-2025-09-04-as-10.55.57-1536x911.png 1536w, https:\/\/projetos.ufpr.br\/quilombos\/wp-content\/uploads\/sites\/2\/2025\/09\/Captura-de-Tela-2025-09-04-as-10.55.57-165x98.png 165w, https:\/\/projetos.ufpr.br\/quilombos\/wp-content\/uploads\/sites\/2\/2025\/09\/Captura-de-Tela-2025-09-04-as-10.55.57-75x44.png 75w, https:\/\/projetos.ufpr.br\/quilombos\/wp-content\/uploads\/sites\/2\/2025\/09\/Captura-de-Tela-2025-09-04-as-10.55.57.png 1736w\" sizes=\"auto, (max-width: 1024px) 100vw, 1024px\" \/><\/figure>\n","protected":false},"excerpt":{"rendered":"<p>O Termo de Execu\u00e7\u00e3o Descentralizada, na sigla TED &#8211; Quilombos, \u00e9 uma parceria firmada entre a Universidade Federal do Paran\u00e1 (UFPR) e o Instituto Nacional de Coloniza\u00e7\u00e3o e Reforma Agr\u00e1ria (INCRA). O TED tem, entre suas fun\u00e7\u00f5es, a de produzir pe\u00e7as t\u00e9cnicas para integrar os Relat\u00f3rios T\u00e9cnicos de Identifica\u00e7\u00e3o e Delimita\u00e7\u00e3o (RTID). A parceria tem [&hellip;]<\/p>\n","protected":false},"author":53,"featured_media":0,"parent":65,"menu_order":0,"comment_status":"closed","ping_status":"closed","template":"","meta":{"footnotes":""},"class_list":["post-840","page","type-page","status-publish","hentry"],"_links":{"self":[{"href":"https:\/\/projetos.ufpr.br\/quilombos\/wp-json\/wp\/v2\/pages\/840","targetHints":{"allow":["GET"]}}],"collection":[{"href":"https:\/\/projetos.ufpr.br\/quilombos\/wp-json\/wp\/v2\/pages"}],"about":[{"href":"https:\/\/projetos.ufpr.br\/quilombos\/wp-json\/wp\/v2\/types\/page"}],"author":[{"embeddable":true,"href":"https:\/\/projetos.ufpr.br\/quilombos\/wp-json\/wp\/v2\/users\/53"}],"replies":[{"embeddable":true,"href":"https:\/\/projetos.ufpr.br\/quilombos\/wp-json\/wp\/v2\/comments?post=840"}],"version-history":[{"count":3,"href":"https:\/\/projetos.ufpr.br\/quilombos\/wp-json\/wp\/v2\/pages\/840\/revisions"}],"predecessor-version":[{"id":1053,"href":"https:\/\/projetos.ufpr.br\/quilombos\/wp-json\/wp\/v2\/pages\/840\/revisions\/1053"}],"up":[{"embeddable":true,"href":"https:\/\/projetos.ufpr.br\/quilombos\/wp-json\/wp\/v2\/pages\/65"}],"wp:attachment":[{"href":"https:\/\/projetos.ufpr.br\/quilombos\/wp-json\/wp\/v2\/media?parent=840"}],"curies":[{"name":"wp","href":"https:\/\/api.w.org\/{rel}","templated":true}]}}

Apresentação

<p class="wp-block-paragraph">O Termo de Execução Descentralizada, na sigla TED &#8211; Quilombos, é uma parceria firmada entre a Universidade Federal do Paraná (UFPR) e o Instituto Nacional de Colonização e Reforma Agrária (INCRA). O TED tem, entre suas funções, a de produzir peças técnicas para integrar os Relatórios Técnicos de Identificação e Delimitação (RTID).</p>



<p class="wp-block-paragraph">A parceria tem o compromisso de efetivar o reconhecimento dos direitos territoriais das comunidades quilombolas do Paraná. Nesse trabalho, profissionais pesquisadores e estudantes da UFPR estão envolvidos com nove comunidades, a saber:</p>



<p class="wp-block-paragraph">a.&nbsp;Sete Barras, Porto Velho, Estreitinho e Três Canais – Município de Adrianópolis</p>



<p class="wp-block-paragraph">b.&nbsp;Areia Branca – Bocaiuva do Sul</p>



<p class="wp-block-paragraph">c.&nbsp;Rio Verde e&nbsp;Batuva&nbsp;– Guaraqueçaba</p>



<p class="wp-block-paragraph">d.&nbsp;Tobias Ferreira e Castorina Maria da Conceição – Palmas</p>



<p class="wp-block-paragraph">Os trabalhos técnicos serão nas áreas de: antropologia, territórios (ambientais e agronômicas) e cartográficas. Também será feita a identificação da área com a definição do perímetro e do memorial descritivo para os RTIDs processo que será fundamental para a regularização das áreas dos quilombos</p>



<p class="wp-block-paragraph">O TED tem duração prevista de abril de 2026</p>



<figure class="wp-block-image size-large"><img loading="lazy" decoding="async" width="1024" height="608" src="https://projetos.ufpr.br/quilombos/wp-content/uploads/sites/2/2025/09/Captura-de-Tela-2025-09-04-as-10.55.57-1024x608.png" alt="" class="wp-image-940" srcset="https://projetos.ufpr.br/quilombos/wp-content/uploads/sites/2/2025/09/Captura-de-Tela-2025-09-04-as-10.55.57-1024x608.png 1024w, https://projetos.ufpr.br/quilombos/wp-content/uploads/sites/2/2025/09/Captura-de-Tela-2025-09-04-as-10.55.57-300x178.png 300w, https://projetos.ufpr.br/quilombos/wp-content/uploads/sites/2/2025/09/Captura-de-Tela-2025-09-04-as-10.55.57-768x456.png 768w, https://projetos.ufpr.br/quilombos/wp-content/uploads/sites/2/2025/09/Captura-de-Tela-2025-09-04-as-10.55.57-1536x911.png 1536w, https://projetos.ufpr.br/quilombos/wp-content/uploads/sites/2/2025/09/Captura-de-Tela-2025-09-04-as-10.55.57-165x98.png 165w, https://projetos.ufpr.br/quilombos/wp-content/uploads/sites/2/2025/09/Captura-de-Tela-2025-09-04-as-10.55.57-75x44.png 75w, https://projetos.ufpr.br/quilombos/wp-content/uploads/sites/2/2025/09/Captura-de-Tela-2025-09-04-as-10.55.57.png 1736w" sizes="auto, (max-width: 1024px) 100vw, 1024px" /></figure>

<p>O Termo de Execução Descentralizada, na sigla TED &#8211; Quilombos, é uma parceria firmada entre a Universidade Federal do Paraná (UFPR) e o Instituto Nacional de Colonização e Reforma Agrária (INCRA). O TED tem, entre suas funções, a de produzir peças técnicas para integrar os Relatórios Técnicos de Identificação e Delimitação (RTID). A parceria tem [&hellip;]</p>
