{"id":848,"date":"2025-07-31T15:54:03","date_gmt":"2025-07-31T18:54:03","guid":{"rendered":"https:\/\/projetos.ufpr.br\/quilombos\/?page_id=848"},"modified":"2025-09-24T10:00:01","modified_gmt":"2025-09-24T13:00:01","slug":"noticias-2","status":"publish","type":"page","link":"https:\/\/projetos.ufpr.br\/quilombos\/noticias-2\/","title":{"rendered":"Not\u00edcias"},"content":{"rendered":"\n<div class=\"wp-block-query is-layout-flow wp-block-query-is-layout-flow\"><ul class=\"wp-block-post-template is-layout-flow wp-block-post-template-is-layout-flow\"><li class=\"wp-block-post post-1305 post type-post status-publish format-standard has-post-thumbnail hentry category-noticias tag-incra-pr tag-ted-quilombos tag-titulacao-de-terras tag-ufpr\">\n<h2 class=\"wp-block-post-title\"><a href=\"https:\/\/projetos.ufpr.br\/quilombos\/2026\/07\/06\/ted-quilombos-faz-reuniao-de-dois-anos\/\" target=\"_self\" >TED Quilombos faz reuni\u00e3o de dois anos<\/a><\/h2>\n\n<figure class=\"alignwide wp-block-post-featured-image\"><a href=\"https:\/\/projetos.ufpr.br\/quilombos\/2026\/07\/06\/ted-quilombos-faz-reuniao-de-dois-anos\/\" target=\"_self\" ><img loading=\"lazy\" decoding=\"async\" width=\"4032\" height=\"3024\" src=\"https:\/\/projetos.ufpr.br\/quilombos\/wp-content\/uploads\/sites\/2\/2026\/07\/WhatsApp-Image-2026-07-03-at-13.17.04.jpeg\" class=\"attachment-post-thumbnail size-post-thumbnail wp-post-image\" alt=\"TED Quilombos faz reuni\u00e3o de dois anos\" style=\"object-fit:cover;\" \/><\/a><\/figure>\n\n<div class=\"wp-block-post-excerpt\"><p class=\"wp-block-post-excerpt__excerpt\">Projeto TED chega a reta final com a finaliza\u00e7\u00e3o dos estudos t\u00e9cnicos em nove comunidades do Paran\u00e1<\/p><p class=\"wp-block-post-excerpt__more-text\"><a class=\"wp-block-post-excerpt__more-link\" href=\"https:\/\/projetos.ufpr.br\/quilombos\/2026\/07\/06\/ted-quilombos-faz-reuniao-de-dois-anos\/\">Leias Mais<\/a><\/p><\/div>\n\n\n<hr class=\"wp-block-separator has-css-opacity\" \/>\n\n\n<div class=\"wp-block-post-date\"><time datetime=\"2026-07-06T13:20:00-03:00\">6 de julho de 2026<\/time><\/div>\n<\/li><li class=\"wp-block-post post-1290 post type-post status-publish format-standard has-post-thumbnail hentry category-noticias tag-ana-maria-da-cruz tag-incra-pr tag-quilombo-paiol-de-telha tag-ted-quilombos tag-titulacao-de-terras\">\n<h2 class=\"wp-block-post-title\"><a href=\"https:\/\/projetos.ufpr.br\/quilombos\/2026\/06\/01\/ana-maria-da-cruz-uma-trajetoria-de-luta-e-resistencia\/\" target=\"_self\" >Ana Maria da Cruz uma trajet\u00f3ria de luta e resist\u00eancia<\/a><\/h2>\n\n<figure class=\"alignwide wp-block-post-featured-image\"><a href=\"https:\/\/projetos.ufpr.br\/quilombos\/2026\/06\/01\/ana-maria-da-cruz-uma-trajetoria-de-luta-e-resistencia\/\" target=\"_self\" ><img loading=\"lazy\" decoding=\"async\" width=\"855\" height=\"899\" src=\"https:\/\/projetos.ufpr.br\/quilombos\/wp-content\/uploads\/sites\/2\/2026\/06\/WhatsApp-Image-2026-06-01-at-15.41.33.jpeg\" class=\"attachment-post-thumbnail size-post-thumbnail wp-post-image\" alt=\"Ana Maria da Cruz uma trajet\u00f3ria de luta e resist\u00eancia\" style=\"object-fit:cover;\" \/><\/a><\/figure>\n\n<div class=\"wp-block-post-excerpt\"><p class=\"wp-block-post-excerpt__excerpt\">Ana Maria da Cruz, lideran\u00e7a da comunidade quilombola Invernada Paiol de Telha, faleceu nesta segunda-feira (1). Ana Maria \u00e9 uma refer\u00eancia hist\u00f3ria na luta pelos direitos quilombolas no Paran\u00e1, em especial da sua comunidade localizada entre os munic\u00edpios de Guarapuava e Reserva do Igua\u00e7u. Ela foi coordenadora executiva da Coordena\u00e7\u00e3o Nacional de Articula\u00e7\u00e3o das Comunidades&hellip;<\/p><p class=\"wp-block-post-excerpt__more-text\"><a class=\"wp-block-post-excerpt__more-link\" href=\"https:\/\/projetos.ufpr.br\/quilombos\/2026\/06\/01\/ana-maria-da-cruz-uma-trajetoria-de-luta-e-resistencia\/\">Leias Mais<\/a><\/p><\/div>\n\n\n<hr class=\"wp-block-separator has-css-opacity\" \/>\n\n\n<div class=\"wp-block-post-date\"><time datetime=\"2026-06-01T16:59:21-03:00\">1 de junho de 2026<\/time><\/div>\n<\/li><li class=\"wp-block-post post-1274 post type-post status-publish format-standard has-post-thumbnail hentry category-noticias tag-adrianopolis tag-incra-pr tag-quilombo-joao-sura tag-quilombo-porto-velho tag-quilombo-sete-barras tag-ted-quilombos tag-titulacao-de-terras tag-ufpr\">\n<h2 class=\"wp-block-post-title\"><a href=\"https:\/\/projetos.ufpr.br\/quilombos\/2026\/04\/25\/reuniao-do-ted-quilombos-no-incra-pr-discute-processos-de-gestao-e-inovacao\/\" target=\"_self\" >Reuni\u00e3o do TED Quilombos no Incra-PR discute processos de gest\u00e3o e inova\u00e7\u00e3o<\/a><\/h2>\n\n<figure class=\"alignwide wp-block-post-featured-image\"><a href=\"https:\/\/projetos.ufpr.br\/quilombos\/2026\/04\/25\/reuniao-do-ted-quilombos-no-incra-pr-discute-processos-de-gestao-e-inovacao\/\" target=\"_self\" ><img loading=\"lazy\" decoding=\"async\" width=\"4080\" height=\"1884\" src=\"https:\/\/projetos.ufpr.br\/quilombos\/wp-content\/uploads\/sites\/2\/2026\/04\/35307.jpg\" class=\"attachment-post-thumbnail size-post-thumbnail wp-post-image\" alt=\"Reuni\u00e3o do TED Quilombos no Incra-PR discute processos de gest\u00e3o e inova\u00e7\u00e3o\" style=\"object-fit:cover;\" \/><\/a><\/figure>\n\n<div class=\"wp-block-post-excerpt\"><p class=\"wp-block-post-excerpt__excerpt\">Na \u00faltima quinta-feira (23) a equipe do TED* Quilombos da Universidade Fedral do Paran\u00e1 (UFPR) participou de uma reuni\u00e3o na sede do Instituto de Coloniza\u00e7\u00e3o e Reforma Agr\u00e1ria (Incra-PR) sobre os processos de gest\u00e3o e inova\u00e7\u00e3o do trabalho.Uma das discuss\u00f5es foi sobre como tornar os resultados do TED conhecidos e lev\u00e1-los para um n\u00edvel nacional&hellip;<\/p><p class=\"wp-block-post-excerpt__more-text\"><a class=\"wp-block-post-excerpt__more-link\" href=\"https:\/\/projetos.ufpr.br\/quilombos\/2026\/04\/25\/reuniao-do-ted-quilombos-no-incra-pr-discute-processos-de-gestao-e-inovacao\/\">Leias Mais<\/a><\/p><\/div>\n\n\n<hr class=\"wp-block-separator has-css-opacity\" \/>\n\n\n<div class=\"wp-block-post-date\"><time datetime=\"2026-04-25T15:45:00-03:00\">25 de abril de 2026<\/time><\/div>\n<\/li><\/ul><\/div>\n","protected":false},"excerpt":{"rendered":"","protected":false},"author":53,"featured_media":0,"parent":0,"menu_order":0,"comment_status":"closed","ping_status":"closed","template":"","meta":{"footnotes":""},"class_list":["post-848","page","type-page","status-publish","hentry"],"_links":{"self":[{"href":"https:\/\/projetos.ufpr.br\/quilombos\/wp-json\/wp\/v2\/pages\/848","targetHints":{"allow":["GET"]}}],"collection":[{"href":"https:\/\/projetos.ufpr.br\/quilombos\/wp-json\/wp\/v2\/pages"}],"about":[{"href":"https:\/\/projetos.ufpr.br\/quilombos\/wp-json\/wp\/v2\/types\/page"}],"author":[{"embeddable":true,"href":"https:\/\/projetos.ufpr.br\/quilombos\/wp-json\/wp\/v2\/users\/53"}],"replies":[{"embeddable":true,"href":"https:\/\/projetos.ufpr.br\/quilombos\/wp-json\/wp\/v2\/comments?post=848"}],"version-history":[{"count":4,"href":"https:\/\/projetos.ufpr.br\/quilombos\/wp-json\/wp\/v2\/pages\/848\/revisions"}],"predecessor-version":[{"id":1045,"href":"https:\/\/projetos.ufpr.br\/quilombos\/wp-json\/wp\/v2\/pages\/848\/revisions\/1045"}],"wp:attachment":[{"href":"https:\/\/projetos.ufpr.br\/quilombos\/wp-json\/wp\/v2\/media?parent=848"}],"curies":[{"name":"wp","href":"https:\/\/api.w.org\/{rel}","templated":true}]}}

Notícias

<div class="wp-block-query is-layout-flow wp-block-query-is-layout-flow"><ul class="wp-block-post-template is-layout-flow wp-block-post-template-is-layout-flow"><li class="wp-block-post post-1305 post type-post status-publish format-standard has-post-thumbnail hentry category-noticias tag-incra-pr tag-ted-quilombos tag-titulacao-de-terras tag-ufpr">
<h2 class="wp-block-post-title"><a href="https://projetos.ufpr.br/quilombos/2026/07/06/ted-quilombos-faz-reuniao-de-dois-anos/" target="_self" >TED Quilombos faz reunião de dois anos</a></h2>

<figure class="alignwide wp-block-post-featured-image"><a href="https://projetos.ufpr.br/quilombos/2026/07/06/ted-quilombos-faz-reuniao-de-dois-anos/" target="_self" ><img loading="lazy" decoding="async" width="4032" height="3024" src="https://projetos.ufpr.br/quilombos/wp-content/uploads/sites/2/2026/07/WhatsApp-Image-2026-07-03-at-13.17.04.jpeg" class="attachment-post-thumbnail size-post-thumbnail wp-post-image" alt="TED Quilombos faz reunião de dois anos" style="object-fit:cover;" /></a></figure>

<div class="wp-block-post-excerpt"><p class="wp-block-post-excerpt__excerpt">Projeto TED chega a reta final com a finalização dos estudos técnicos em nove comunidades do Paraná</p><p class="wp-block-post-excerpt__more-text"><a class="wp-block-post-excerpt__more-link" href="https://projetos.ufpr.br/quilombos/2026/07/06/ted-quilombos-faz-reuniao-de-dois-anos/">Leias Mais</a></p></div>


<hr class="wp-block-separator has-css-opacity" />


<div class="wp-block-post-date"><time datetime="2026-07-06T13:20:00-03:00">6 de julho de 2026</time></div>
</li><li class="wp-block-post post-1290 post type-post status-publish format-standard has-post-thumbnail hentry category-noticias tag-ana-maria-da-cruz tag-incra-pr tag-quilombo-paiol-de-telha tag-ted-quilombos tag-titulacao-de-terras">
<h2 class="wp-block-post-title"><a href="https://projetos.ufpr.br/quilombos/2026/06/01/ana-maria-da-cruz-uma-trajetoria-de-luta-e-resistencia/" target="_self" >Ana Maria da Cruz uma trajetória de luta e resistência</a></h2>

<figure class="alignwide wp-block-post-featured-image"><a href="https://projetos.ufpr.br/quilombos/2026/06/01/ana-maria-da-cruz-uma-trajetoria-de-luta-e-resistencia/" target="_self" ><img loading="lazy" decoding="async" width="855" height="899" src="https://projetos.ufpr.br/quilombos/wp-content/uploads/sites/2/2026/06/WhatsApp-Image-2026-06-01-at-15.41.33.jpeg" class="attachment-post-thumbnail size-post-thumbnail wp-post-image" alt="Ana Maria da Cruz uma trajetória de luta e resistência" style="object-fit:cover;" /></a></figure>

<div class="wp-block-post-excerpt"><p class="wp-block-post-excerpt__excerpt">Ana Maria da Cruz, liderança da comunidade quilombola Invernada Paiol de Telha, faleceu nesta segunda-feira (1). Ana Maria é uma referência história na luta pelos direitos quilombolas no Paraná, em especial da sua comunidade localizada entre os municípios de Guarapuava e Reserva do Iguaçu. Ela foi coordenadora executiva da Coordenação Nacional de Articulação das Comunidades&hellip;</p><p class="wp-block-post-excerpt__more-text"><a class="wp-block-post-excerpt__more-link" href="https://projetos.ufpr.br/quilombos/2026/06/01/ana-maria-da-cruz-uma-trajetoria-de-luta-e-resistencia/">Leias Mais</a></p></div>


<hr class="wp-block-separator has-css-opacity" />


<div class="wp-block-post-date"><time datetime="2026-06-01T16:59:21-03:00">1 de junho de 2026</time></div>
</li><li class="wp-block-post post-1274 post type-post status-publish format-standard has-post-thumbnail hentry category-noticias tag-adrianopolis tag-incra-pr tag-quilombo-joao-sura tag-quilombo-porto-velho tag-quilombo-sete-barras tag-ted-quilombos tag-titulacao-de-terras tag-ufpr">
<h2 class="wp-block-post-title"><a href="https://projetos.ufpr.br/quilombos/2026/04/25/reuniao-do-ted-quilombos-no-incra-pr-discute-processos-de-gestao-e-inovacao/" target="_self" >Reunião do TED Quilombos no Incra-PR discute processos de gestão e inovação</a></h2>

<figure class="alignwide wp-block-post-featured-image"><a href="https://projetos.ufpr.br/quilombos/2026/04/25/reuniao-do-ted-quilombos-no-incra-pr-discute-processos-de-gestao-e-inovacao/" target="_self" ><img loading="lazy" decoding="async" width="4080" height="1884" src="https://projetos.ufpr.br/quilombos/wp-content/uploads/sites/2/2026/04/35307.jpg" class="attachment-post-thumbnail size-post-thumbnail wp-post-image" alt="Reunião do TED Quilombos no Incra-PR discute processos de gestão e inovação" style="object-fit:cover;" /></a></figure>

<div class="wp-block-post-excerpt"><p class="wp-block-post-excerpt__excerpt">Na última quinta-feira (23) a equipe do TED* Quilombos da Universidade Fedral do Paraná (UFPR) participou de uma reunião na sede do Instituto de Colonização e Reforma Agrária (Incra-PR) sobre os processos de gestão e inovação do trabalho.Uma das discussões foi sobre como tornar os resultados do TED conhecidos e levá-los para um nível nacional&hellip;</p><p class="wp-block-post-excerpt__more-text"><a class="wp-block-post-excerpt__more-link" href="https://projetos.ufpr.br/quilombos/2026/04/25/reuniao-do-ted-quilombos-no-incra-pr-discute-processos-de-gestao-e-inovacao/">Leias Mais</a></p></div>


<hr class="wp-block-separator has-css-opacity" />


<div class="wp-block-post-date"><time datetime="2026-04-25T15:45:00-03:00">25 de abril de 2026</time></div>
</li></ul></div>
