{"id":855,"date":"2025-07-31T15:54:42","date_gmt":"2025-07-31T18:54:42","guid":{"rendered":"https:\/\/projetos.ufpr.br\/quilombos\/?page_id=855"},"modified":"2025-09-05T11:30:35","modified_gmt":"2025-09-05T14:30:35","slug":"geral-comunidades","status":"publish","type":"page","link":"https:\/\/projetos.ufpr.br\/quilombos\/comunidades\/geral-comunidades\/","title":{"rendered":"Comunidades TED Quilombo"},"content":{"rendered":"\n<p class=\"wp-block-paragraph\">O projeto TED Quilombo acontece no estado do Paran\u00e1 e abrange quatro territ\u00f3rios: Adrian\u00f3polis; Adrian\u00f3polis e Bocai\u00fava; Guaraque\u00e7aba e Palmas. Nos quais est\u00e3o presentes nove comunidades quilombolas:<br><br>ADRIAN\u00d3POLIS: Comunidades Sete Barras e Porto Velho<br>ADRIAN\u00d3POLIS E BOCAI\u00daVA: Comunidades Tr\u00eas Canais; Estreitinho e Areia Branca<br>GUARAQUE\u00c7ABA: Rio Verde e Batuva<br>PALMAS: Castorina Maria da Concei\u00e7\u00e3o e Tobias Ferreira<br><\/p>\n\n\n\n<figure class=\"wp-block-image size-large\"><img loading=\"lazy\" decoding=\"async\" width=\"1024\" height=\"608\" src=\"https:\/\/projetos.ufpr.br\/quilombos\/wp-content\/uploads\/sites\/2\/2025\/09\/Captura-de-Tela-2025-09-04-as-10.55.57-1024x608.png\" alt=\"\" class=\"wp-image-940\" srcset=\"https:\/\/projetos.ufpr.br\/quilombos\/wp-content\/uploads\/sites\/2\/2025\/09\/Captura-de-Tela-2025-09-04-as-10.55.57-1024x608.png 1024w, https:\/\/projetos.ufpr.br\/quilombos\/wp-content\/uploads\/sites\/2\/2025\/09\/Captura-de-Tela-2025-09-04-as-10.55.57-300x178.png 300w, https:\/\/projetos.ufpr.br\/quilombos\/wp-content\/uploads\/sites\/2\/2025\/09\/Captura-de-Tela-2025-09-04-as-10.55.57-768x456.png 768w, https:\/\/projetos.ufpr.br\/quilombos\/wp-content\/uploads\/sites\/2\/2025\/09\/Captura-de-Tela-2025-09-04-as-10.55.57-1536x911.png 1536w, https:\/\/projetos.ufpr.br\/quilombos\/wp-content\/uploads\/sites\/2\/2025\/09\/Captura-de-Tela-2025-09-04-as-10.55.57-165x98.png 165w, https:\/\/projetos.ufpr.br\/quilombos\/wp-content\/uploads\/sites\/2\/2025\/09\/Captura-de-Tela-2025-09-04-as-10.55.57-75x44.png 75w, https:\/\/projetos.ufpr.br\/quilombos\/wp-content\/uploads\/sites\/2\/2025\/09\/Captura-de-Tela-2025-09-04-as-10.55.57.png 1736w\" sizes=\"auto, (max-width: 1024px) 100vw, 1024px\" \/><\/figure>\n","protected":false},"excerpt":{"rendered":"<p>O projeto TED Quilombo acontece no estado do Paran\u00e1 e abrange quatro territ\u00f3rios: Adrian\u00f3polis; Adrian\u00f3polis e Bocai\u00fava; Guaraque\u00e7aba e Palmas. Nos quais est\u00e3o presentes nove comunidades quilombolas: ADRIAN\u00d3POLIS: Comunidades Sete Barras e Porto VelhoADRIAN\u00d3POLIS E BOCAI\u00daVA: Comunidades Tr\u00eas Canais; Estreitinho e Areia BrancaGUARAQUE\u00c7ABA: Rio Verde e BatuvaPALMAS: Castorina Maria da Concei\u00e7\u00e3o e Tobias Ferreira<\/p>\n","protected":false},"author":53,"featured_media":0,"parent":784,"menu_order":0,"comment_status":"closed","ping_status":"closed","template":"","meta":{"footnotes":""},"class_list":["post-855","page","type-page","status-publish","hentry"],"_links":{"self":[{"href":"https:\/\/projetos.ufpr.br\/quilombos\/wp-json\/wp\/v2\/pages\/855","targetHints":{"allow":["GET"]}}],"collection":[{"href":"https:\/\/projetos.ufpr.br\/quilombos\/wp-json\/wp\/v2\/pages"}],"about":[{"href":"https:\/\/projetos.ufpr.br\/quilombos\/wp-json\/wp\/v2\/types\/page"}],"author":[{"embeddable":true,"href":"https:\/\/projetos.ufpr.br\/quilombos\/wp-json\/wp\/v2\/users\/53"}],"replies":[{"embeddable":true,"href":"https:\/\/projetos.ufpr.br\/quilombos\/wp-json\/wp\/v2\/comments?post=855"}],"version-history":[{"count":2,"href":"https:\/\/projetos.ufpr.br\/quilombos\/wp-json\/wp\/v2\/pages\/855\/revisions"}],"predecessor-version":[{"id":941,"href":"https:\/\/projetos.ufpr.br\/quilombos\/wp-json\/wp\/v2\/pages\/855\/revisions\/941"}],"up":[{"embeddable":true,"href":"https:\/\/projetos.ufpr.br\/quilombos\/wp-json\/wp\/v2\/pages\/784"}],"wp:attachment":[{"href":"https:\/\/projetos.ufpr.br\/quilombos\/wp-json\/wp\/v2\/media?parent=855"}],"curies":[{"name":"wp","href":"https:\/\/api.w.org\/{rel}","templated":true}]}}

<p class="wp-block-paragraph">O projeto TED Quilombo acontece no estado do Paraná e abrange quatro territórios: Adrianópolis; Adrianópolis e Bocaiúva; Guaraqueçaba e Palmas. Nos quais estão presentes nove comunidades quilombolas:<br><br>ADRIANÓPOLIS: Comunidades Sete Barras e Porto Velho<br>ADRIANÓPOLIS E BOCAIÚVA: Comunidades Três Canais; Estreitinho e Areia Branca<br>GUARAQUEÇABA: Rio Verde e Batuva<br>PALMAS: Castorina Maria da Conceição e Tobias Ferreira<br></p>



<figure class="wp-block-image size-large"><img loading="lazy" decoding="async" width="1024" height="608" src="https://projetos.ufpr.br/quilombos/wp-content/uploads/sites/2/2025/09/Captura-de-Tela-2025-09-04-as-10.55.57-1024x608.png" alt="" class="wp-image-940" srcset="https://projetos.ufpr.br/quilombos/wp-content/uploads/sites/2/2025/09/Captura-de-Tela-2025-09-04-as-10.55.57-1024x608.png 1024w, https://projetos.ufpr.br/quilombos/wp-content/uploads/sites/2/2025/09/Captura-de-Tela-2025-09-04-as-10.55.57-300x178.png 300w, https://projetos.ufpr.br/quilombos/wp-content/uploads/sites/2/2025/09/Captura-de-Tela-2025-09-04-as-10.55.57-768x456.png 768w, https://projetos.ufpr.br/quilombos/wp-content/uploads/sites/2/2025/09/Captura-de-Tela-2025-09-04-as-10.55.57-1536x911.png 1536w, https://projetos.ufpr.br/quilombos/wp-content/uploads/sites/2/2025/09/Captura-de-Tela-2025-09-04-as-10.55.57-165x98.png 165w, https://projetos.ufpr.br/quilombos/wp-content/uploads/sites/2/2025/09/Captura-de-Tela-2025-09-04-as-10.55.57-75x44.png 75w, https://projetos.ufpr.br/quilombos/wp-content/uploads/sites/2/2025/09/Captura-de-Tela-2025-09-04-as-10.55.57.png 1736w" sizes="auto, (max-width: 1024px) 100vw, 1024px" /></figure>

<p>O projeto TED Quilombo acontece no estado do Paraná e abrange quatro territórios: Adrianópolis; Adrianópolis e Bocaiúva; Guaraqueçaba e Palmas. Nos quais estão presentes nove comunidades quilombolas: ADRIANÓPOLIS: Comunidades Sete Barras e Porto VelhoADRIANÓPOLIS E BOCAIÚVA: Comunidades Três Canais; Estreitinho e Areia BrancaGUARAQUEÇABA: Rio Verde e BatuvaPALMAS: Castorina Maria da Conceição e Tobias Ferreira</p>
