{"id":31,"date":"2024-11-01T15:14:25","date_gmt":"2024-11-01T18:14:25","guid":{"rendered":"https:\/\/projetos.ufpr.br\/trajetorias\/equipe\/"},"modified":"2024-12-10T15:13:41","modified_gmt":"2024-12-10T18:13:41","slug":"expediente","status":"publish","type":"page","link":"https:\/\/projetos.ufpr.br\/trajetorias\/expediente\/","title":{"rendered":"Expediente"},"content":{"rendered":"\n<p style=\"font-size:30px\"><strong>Projeto Trajet\u00f3rias em Constru\u00e7\u00e3o: 50 anos da Extens\u00e3o na UFPR<\/strong>\u00a0<\/p>\n\n\n\n<div style=\"height:30px\" aria-hidden=\"true\" class=\"wp-block-spacer\"><\/div>\n\n\n\n<p><strong>Idealiza\u00e7\u00e3o<\/strong>&nbsp;<br>Prof\u00aa. Dr\u00aa. Mayara Elita Braz Carneiro&nbsp;<\/p>\n\n\n\n<p><strong>Pesquisa&nbsp;<\/strong>&nbsp;<br>Daniela Caetano Bianchini de Quadros&nbsp;<br>Isabelle Lucas Ramos&nbsp;&nbsp;<br>Ivanise Rocio Dzieciol&nbsp;<br>J\u00e9ssica Furtado dos Santos&nbsp;&nbsp;<br>Jo\u00e3o Cubas Martins&nbsp;<br>Jo\u00e3o Vitor de Oliveira&nbsp;<br>Juliana Caroline Levandowski&nbsp;<br>Maria Fl\u00e1via Pereira Ferreira&nbsp;<br>N\u00e1thaly de Melo Rodrigues&nbsp;<\/p>\n\n\n\n<p><strong>Organiza\u00e7\u00e3o do acervo da PROEC<\/strong>&nbsp;<br>Camila Cristina dos Santos&nbsp;<br>Gabriela Beduschi Guadagnin&nbsp;<\/p>\n\n\n\n<p><strong>Reda\u00e7\u00e3o&nbsp;<\/strong>&nbsp;<br>Isabelle Lucas Ramos&nbsp;&nbsp;<br>Jo\u00e3o Cubas Martins&nbsp;<br>Jo\u00e3o Vitor de Oliveira&nbsp;<br>Juliana Caroline Levandowski&nbsp;<br>N\u00e1thaly de Melo Rodrigues&nbsp;<\/p>\n\n\n\n<p><strong>Redes sociais<\/strong>&nbsp;<br>J\u00e9ssica Furtado dos Santos&nbsp;<br>Maria Fl\u00e1via Pereira Ferreira&nbsp;<\/p>\n\n\n\n<p><strong>Revis\u00e3o textual<\/strong>&nbsp;<br>Daniela Caetano Bianchini de Quadros&nbsp;&nbsp;<br>Jo\u00e3o Cubas Martins&nbsp;<\/p>\n\n\n\n<p><strong>Projeto gr\u00e1fico e diagrama\u00e7\u00e3o<\/strong>&nbsp;<br>UNIGRAF\/PROEC &#8211; Wilson M. Voitena&nbsp;<\/p>\n\n\n\n<p><strong>Audiovisual<\/strong>&nbsp;<br>\u00cdtalo de Holanda Padilha Vieira&nbsp;<\/p>\n\n\n\n<p><strong>Pr\u00f3-Reitoria de Extens\u00e3o e Cultura da UFPR (Gest\u00e3o 2023-2024)<\/strong>&nbsp;<\/p>\n\n\n\n<p><strong>Pr\u00f3-Reitora<\/strong>&nbsp;<br>Prof\u00aa. Dr\u00aa. Mayara Elita Braz Carneiro&nbsp;<\/p>\n\n\n\n<p><strong>Coordenadora de Extens\u00e3o<\/strong>&nbsp;<br>Prof\u00aa. Dr\u00aa. Mabel Karina Arantes Alves&nbsp;<\/p>\n\n\n\n<p><strong>Se\u00e7\u00e3o de Planejamento e Gest\u00e3o<\/strong>&nbsp;<br>Ana Maria Kahan&nbsp;<br>Aline Arag\u00e3o Barbosa&nbsp;<br>Edilson Rafael Rodrigues&nbsp;<br>Raphael Zdebsky&nbsp;<br>Renata Pletsch Reis Forbeci&nbsp;<br>Vanessa Regina Sanchez Silio&nbsp;<\/p>\n\n\n\n<p><strong>Se\u00e7\u00e3o de Articula\u00e7\u00e3o e Comunica\u00e7\u00e3o<\/strong>&nbsp;<br>Daniela Caetano Bianchini de Quadros&nbsp;<br>Ivanise Rocio Dzieciol&nbsp;<br>Jo\u00e3o Cubas Martins&nbsp;<br>Rafael Policeno de Souza&nbsp;<br>Vitor Hugo Gonzales Silva&nbsp;<\/p>\n\n\n\n<p><strong>Unidade de Credita\u00e7\u00e3o da Extens\u00e3o<\/strong>&nbsp;<br>Ellen Daiane Catarino Avanzi&nbsp;<br>Livia Priori Gon\u00e7alves&nbsp;<br>Patr\u00edcia Haendel de Oliveira Mota&nbsp;<\/p>\n\n\n\n<p><strong>Estagi\u00e1rios<\/strong>&nbsp;<br>Jo\u00e3o Vitor de Oliveira&nbsp;<br>J\u00e9ssica Furtado dos Santos&nbsp;<\/p>\n\n\n\n<p><strong>Bolsistas<\/strong>&nbsp;<br>Camila Cristina dos Santos&nbsp;<br>Gabriela Beduschi Guadagnin&nbsp;&nbsp;<br>Isabelle Lucas Ramos&nbsp;<br>Juliana Caroline Levandowski&nbsp;<br>Maria Fl\u00e1via Pereira Ferreira&nbsp;<br>N\u00e1thaly de Melo Rodrigues&nbsp;<\/p>\n\n\n\n<p><\/p>\n","protected":false},"excerpt":{"rendered":"<p>Projeto Trajet\u00f3rias em Constru\u00e7\u00e3o: 50 anos da Extens\u00e3o na UFPR\u00a0 Idealiza\u00e7\u00e3o&nbsp;Prof\u00aa. Dr\u00aa. Mayara Elita Braz Carneiro&nbsp; Pesquisa&nbsp;&nbsp;Daniela Caetano Bianchini de Quadros&nbsp;Isabelle Lucas Ramos&nbsp;&nbsp;Ivanise Rocio Dzieciol&nbsp;J\u00e9ssica Furtado dos Santos&nbsp;&nbsp;Jo\u00e3o Cubas Martins&nbsp;Jo\u00e3o Vitor de Oliveira&nbsp;Juliana Caroline Levandowski&nbsp;Maria Fl\u00e1via Pereira Ferreira&nbsp;N\u00e1thaly de Melo Rodrigues&nbsp; Organiza\u00e7\u00e3o do acervo da PROEC&nbsp;Camila Cristina dos Santos&nbsp;Gabriela Beduschi Guadagnin&nbsp; Reda\u00e7\u00e3o&nbsp;&nbsp;Isabelle Lucas Ramos&nbsp;&nbsp;Jo\u00e3o Cubas [&hellip;]<\/p>\n","protected":false},"author":8,"featured_media":0,"parent":0,"menu_order":0,"comment_status":"closed","ping_status":"closed","template":"page.php","meta":{"footnotes":""},"class_list":["post-31","page","type-page","status-publish","hentry"],"_links":{"self":[{"href":"https:\/\/projetos.ufpr.br\/trajetorias\/wp-json\/wp\/v2\/pages\/31","targetHints":{"allow":["GET"]}}],"collection":[{"href":"https:\/\/projetos.ufpr.br\/trajetorias\/wp-json\/wp\/v2\/pages"}],"about":[{"href":"https:\/\/projetos.ufpr.br\/trajetorias\/wp-json\/wp\/v2\/types\/page"}],"author":[{"embeddable":true,"href":"https:\/\/projetos.ufpr.br\/trajetorias\/wp-json\/wp\/v2\/users\/8"}],"replies":[{"embeddable":true,"href":"https:\/\/projetos.ufpr.br\/trajetorias\/wp-json\/wp\/v2\/comments?post=31"}],"version-history":[{"count":9,"href":"https:\/\/projetos.ufpr.br\/trajetorias\/wp-json\/wp\/v2\/pages\/31\/revisions"}],"predecessor-version":[{"id":889,"href":"https:\/\/projetos.ufpr.br\/trajetorias\/wp-json\/wp\/v2\/pages\/31\/revisions\/889"}],"wp:attachment":[{"href":"https:\/\/projetos.ufpr.br\/trajetorias\/wp-json\/wp\/v2\/media?parent=31"}],"curies":[{"name":"wp","href":"https:\/\/api.w.org\/{rel}","templated":true}]}}

<p style="font-size:30px"><strong>Projeto Trajetórias em Construção: 50 anos da Extensão na UFPR</strong> </p>



<div style="height:30px" aria-hidden="true" class="wp-block-spacer"></div>



<p><strong>Idealização</strong>&nbsp;<br>Profª. Drª. Mayara Elita Braz Carneiro&nbsp;</p>



<p><strong>Pesquisa&nbsp;</strong>&nbsp;<br>Daniela Caetano Bianchini de Quadros&nbsp;<br>Isabelle Lucas Ramos&nbsp;&nbsp;<br>Ivanise Rocio Dzieciol&nbsp;<br>Jéssica Furtado dos Santos&nbsp;&nbsp;<br>João Cubas Martins&nbsp;<br>João Vitor de Oliveira&nbsp;<br>Juliana Caroline Levandowski&nbsp;<br>Maria Flávia Pereira Ferreira&nbsp;<br>Náthaly de Melo Rodrigues&nbsp;</p>



<p><strong>Organização do acervo da PROEC</strong>&nbsp;<br>Camila Cristina dos Santos&nbsp;<br>Gabriela Beduschi Guadagnin&nbsp;</p>



<p><strong>Redação&nbsp;</strong>&nbsp;<br>Isabelle Lucas Ramos&nbsp;&nbsp;<br>João Cubas Martins&nbsp;<br>João Vitor de Oliveira&nbsp;<br>Juliana Caroline Levandowski&nbsp;<br>Náthaly de Melo Rodrigues&nbsp;</p>



<p><strong>Redes sociais</strong>&nbsp;<br>Jéssica Furtado dos Santos&nbsp;<br>Maria Flávia Pereira Ferreira&nbsp;</p>



<p><strong>Revisão textual</strong>&nbsp;<br>Daniela Caetano Bianchini de Quadros&nbsp;&nbsp;<br>João Cubas Martins&nbsp;</p>



<p><strong>Projeto gráfico e diagramação</strong>&nbsp;<br>UNIGRAF/PROEC &#8211; Wilson M. Voitena&nbsp;</p>



<p><strong>Audiovisual</strong>&nbsp;<br>Ítalo de Holanda Padilha Vieira&nbsp;</p>



<p><strong>Pró-Reitoria de Extensão e Cultura da UFPR (Gestão 2023-2024)</strong>&nbsp;</p>



<p><strong>Pró-Reitora</strong>&nbsp;<br>Profª. Drª. Mayara Elita Braz Carneiro&nbsp;</p>



<p><strong>Coordenadora de Extensão</strong>&nbsp;<br>Profª. Drª. Mabel Karina Arantes Alves&nbsp;</p>



<p><strong>Seção de Planejamento e Gestão</strong>&nbsp;<br>Ana Maria Kahan&nbsp;<br>Aline Aragão Barbosa&nbsp;<br>Edilson Rafael Rodrigues&nbsp;<br>Raphael Zdebsky&nbsp;<br>Renata Pletsch Reis Forbeci&nbsp;<br>Vanessa Regina Sanchez Silio&nbsp;</p>



<p><strong>Seção de Articulação e Comunicação</strong>&nbsp;<br>Daniela Caetano Bianchini de Quadros&nbsp;<br>Ivanise Rocio Dzieciol&nbsp;<br>João Cubas Martins&nbsp;<br>Rafael Policeno de Souza&nbsp;<br>Vitor Hugo Gonzales Silva&nbsp;</p>



<p><strong>Unidade de Creditação da Extensão</strong>&nbsp;<br>Ellen Daiane Catarino Avanzi&nbsp;<br>Livia Priori Gonçalves&nbsp;<br>Patrícia Haendel de Oliveira Mota&nbsp;</p>



<p><strong>Estagiários</strong>&nbsp;<br>João Vitor de Oliveira&nbsp;<br>Jéssica Furtado dos Santos&nbsp;</p>



<p><strong>Bolsistas</strong>&nbsp;<br>Camila Cristina dos Santos&nbsp;<br>Gabriela Beduschi Guadagnin&nbsp;&nbsp;<br>Isabelle Lucas Ramos&nbsp;<br>Juliana Caroline Levandowski&nbsp;<br>Maria Flávia Pereira Ferreira&nbsp;<br>Náthaly de Melo Rodrigues&nbsp;</p>



<p></p>

<p>Projeto Trajetórias em Construção: 50 anos da Extensão na UFPR  Idealização&nbsp;Profª. Drª. Mayara Elita Braz Carneiro&nbsp; Pesquisa&nbsp;&nbsp;Daniela Caetano Bianchini de Quadros&nbsp;Isabelle Lucas Ramos&nbsp;&nbsp;Ivanise Rocio Dzieciol&nbsp;Jéssica Furtado dos Santos&nbsp;&nbsp;João Cubas Martins&nbsp;João Vitor de Oliveira&nbsp;Juliana Caroline Levandowski&nbsp;Maria Flávia Pereira Ferreira&nbsp;Náthaly de Melo Rodrigues&nbsp; Organização do acervo da PROEC&nbsp;Camila Cristina dos Santos&nbsp;Gabriela Beduschi Guadagnin&nbsp; Redação&nbsp;&nbsp;Isabelle Lucas Ramos&nbsp;&nbsp;João Cubas [&hellip;]</p>
